000
CDUS43 KLSX 062232
CLISTL


CLIMATE REPORT
NATIONAL WEATHER SERVICE ST LOUIS MO
531 PM CDT SUN APR 6 2014


...................................

...THE ST. LOUIS CLIMATE SUMMARY FOR APRIL 6 2014...
VALID TODAY AS OF 0500 PM LOCAL TIME.

CLIMATE NORMAL PERIOD 1981 TO 2010
CLIMATE RECORD PERIOD 1874 TO 2014


WEATHER ITEM   OBSERVED TIME   RECORD YEAR NORMAL DEPARTURE LAST
                VALUE   (LST)  VALUE       VALUE  FROM      YEAR
                                                  NORMAL
..................................................................
TEMPERATURE (F)
 TODAY
  MAXIMUM         60    234 PM  87    2010  64     -4       76
                                      1972
  MINIMUM         39    622 AM  23    1982  44     -5       54
  AVERAGE         50                        54     -4       65

PRECIPITATION (IN)
  TODAY            0.00          1.16 1918   0.12  -0.12     0.00
  MONTH TO DATE    4.83                      0.72   4.11      T
  SINCE MAR 1      6.38                      4.04   2.34     4.95
  SINCE JAN 1      9.53                      8.68   0.85    11.34

SNOWFALL (IN)
  TODAY            0.0           4.8  1971   0.1   -0.1      0.0
  MONTH TO DATE    T                         0.2   -0.2       T
  SINCE MAR 1      1.6                       2.5   -0.9     14.3
  SINCE JUL 1     28.8                      17.5   11.3     27.9
  SNOW DEPTH       0

DEGREE DAYS
 HEATING
  TODAY           15                        12      3        0
  MONTH TO DATE   79                        77      2       97
  SINCE MAR 1    769                       665    104      850
  SINCE JUL 1   4806                      4263    543     4167

 COOLING
  TODAY            0                         1     -1        0
  MONTH TO DATE    0                         6     -6        0
  SINCE MAR 1      0                        13    -13        0
  SINCE JAN 1      0                        13    -13        0
..................................................................


WIND (MPH)
  HIGHEST WIND SPEED    18   HIGHEST WIND DIRECTION     E (100)
  HIGHEST GUST SPEED    28   HIGHEST GUST DIRECTION     E (90)
  AVERAGE WIND SPEED     5.8


SKY COVER
  AVERAGE SKY COVER 0.6



RELATIVE HUMIDITY (PERCENT)
 HIGHEST    76           700 AM
 LOWEST     33           300 PM
 AVERAGE    55

..........................................................


THE ST. LOUIS CLIMATE NORMALS FOR TOMORROW
                         NORMAL    RECORD    YEAR
 MAXIMUM TEMPERATURE (F)   65        88      1948
                                             1893
 MINIMUM TEMPERATURE (F)   44        23      2007


SUNRISE AND SUNSET
APRIL  6 2014.........SUNRISE   639 AM CDT   SUNSET   730 PM CDT
APRIL  7 2014.........SUNRISE   637 AM CDT   SUNSET   731 PM CDT


-  INDICATES NEGATIVE NUMBERS.
R  INDICATES RECORD WAS SET OR TIED.
MM INDICATES DATA IS MISSING.
T  INDICATES TRACE AMOUNT.




$$
