000
CDUS43 KLSX 160728
CLISTL


CLIMATE REPORT
NATIONAL WEATHER SERVICE ST LOUIS MO
227 AM CDT WED JUL 16 2014


...................................

...THE ST. LOUIS CLIMATE SUMMARY FOR JULY 15 2014...

CLIMATE NORMAL PERIOD 1981 TO 2010
CLIMATE RECORD PERIOD 1874 TO 2014


WEATHER ITEM   OBSERVED TIME   RECORD YEAR NORMAL DEPARTURE LAST
                VALUE   (LST)  VALUE       VALUE  FROM      YEAR
                                                  NORMAL
..................................................................
TEMPERATURE (F)
 YESTERDAY
  MAXIMUM         76    357 PM 107    1980  89    -13       91
  MINIMUM         59    511 AM  52    1930  71    -12       74
  AVERAGE         68                        80    -12       83

PRECIPITATION (IN)
  YESTERDAY        0.00          1.15 1904   0.14  -0.14      T
  MONTH TO DATE    1.57                      2.02  -0.45     1.44
  SINCE JUN 1      6.83                      6.30   0.53     7.37
  SINCE JAN 1     23.89                     22.67   1.22    31.51

SNOWFALL (IN)
  YESTERDAY        0.0           0.0  2013   0.0    0.0      0.0
  MONTH TO DATE    0.0                       0.0    0.0      0.0
  SINCE JUN 1      0.0                       0.0    0.0      0.0
  SINCE JUL 1      0.0                       0.0    0.0      0.0
  SNOW DEPTH       0

DEGREE DAYS
 HEATING
  YESTERDAY        0                         0      0        0
  MONTH TO DATE    0                         0      0        0
  SINCE JUN 1      0                         5     -5        1
  SINCE JUL 1      0                         0      0        0

 COOLING
  YESTERDAY        3                        15    -12       18
  MONTH TO DATE  190                       225    -35      192
  SINCE JUN 1    588                       559     29      529
  SINCE JAN 1    850                       733    117      740
..................................................................


WIND (MPH)
  HIGHEST WIND SPEED    18   HIGHEST WIND DIRECTION    NW (330)
  HIGHEST GUST SPEED    24   HIGHEST GUST DIRECTION    NW (320)
  AVERAGE WIND SPEED     8.1


SKY COVER
  AVERAGE SKY COVER 0.3


WEATHER CONDITIONS
 THE FOLLOWING WEATHER WAS RECORDED YESTERDAY.
  NO SIGNIFICANT WEATHER WAS OBSERVED.


RELATIVE HUMIDITY (PERCENT)
 HIGHEST    78          1100 PM
 LOWEST     43           400 PM
 AVERAGE    61

..........................................................


THE ST. LOUIS CLIMATE NORMALS FOR TODAY
                         NORMAL    RECORD    YEAR
 MAXIMUM TEMPERATURE (F)   89       103      1936
 MINIMUM TEMPERATURE (F)   71        53      1930


SUNRISE AND SUNSET
JULY 16 2014..........SUNRISE   550 AM CDT   SUNSET   825 PM CDT
JULY 17 2014..........SUNRISE   550 AM CDT   SUNSET   825 PM CDT


-  INDICATES NEGATIVE NUMBERS.
R  INDICATES RECORD WAS SET OR TIED.
MM INDICATES DATA IS MISSING.
T  INDICATES TRACE AMOUNT.




$$
