641
CDUS43 KLSX 020731
CLISTL


CLIMATE REPORT
NATIONAL WEATHER SERVICE ST LOUIS MO
131 AM CST TUE FEB 2 2016


...................................

...THE ST. LOUIS CLIMATE SUMMARY FOR FEBRUARY 1 2016...

CLIMATE NORMAL PERIOD 1981 TO 2010
CLIMATE RECORD PERIOD 1874 TO 2016


WEATHER ITEM   OBSERVED TIME   RECORD YEAR NORMAL DEPARTURE LAST
                VALUE   (LST)  VALUE       VALUE  FROM      YEAR
                                                  NORMAL
..................................................................
TEMPERATURE (F)
 YESTERDAY
  MAXIMUM         54    354 PM  84    1911  41     13       42
  MINIMUM         39    620 AM  -6    1951  25     14       22
  AVERAGE         47                        33     14       32

PRECIPITATION (IN)
  YESTERDAY        0.00          1.30 1986   0.08  -0.08     0.66
  MONTH TO DATE    0.00                      0.08  -0.08     0.66
  SINCE DEC 1     12.54                      5.32   7.22     4.59
  SINCE JAN 1      0.80                      2.48  -1.68     1.87

SNOWFALL (IN)
  YESTERDAY        0.0           6.5  1966   0.2   -0.2      0.2
  MONTH TO DATE    0.0                       0.2   -0.2      0.2
  SINCE DEC 1      3.3                      10.2   -6.9      0.7
  SINCE JUL 1      3.3                      10.9   -7.6      4.5
  SNOW DEPTH       0

DEGREE DAYS
 HEATING
  YESTERDAY       18                        32    -14       33
  MONTH TO DATE   18                        32    -14       33
  SINCE DEC 1   1574                      2000   -426     1815
  SINCE JUL 1   2136                      2826   -690     2772

 COOLING
  YESTERDAY        0                         0      0        0
  MONTH TO DATE    0                         0      0        0
  SINCE DEC 1      0                         0      0        0
  SINCE JAN 1      0                         0      0        0
..................................................................


WIND (MPH)
  HIGHEST WIND SPEED    15   HIGHEST WIND DIRECTION     E (90)
  HIGHEST GUST SPEED    20   HIGHEST GUST DIRECTION     E (100)
  AVERAGE WIND SPEED     6.0


SKY COVER
  AVERAGE SKY COVER 0.6


WEATHER CONDITIONS
 THE FOLLOWING WEATHER WAS RECORDED YESTERDAY.
  NO SIGNIFICANT WEATHER WAS OBSERVED.


RELATIVE HUMIDITY (PERCENT)
 HIGHEST    85           700 AM
 LOWEST     38           400 PM
 AVERAGE    62

..........................................................


THE ST. LOUIS CLIMATE NORMALS FOR TODAY
                         NORMAL    RECORD    YEAR
 MAXIMUM TEMPERATURE (F)   42        65      2012
                                             2003
                                             1924
 MINIMUM TEMPERATURE (F)   25       -10      1917
                                             1905


SUNRISE AND SUNSET
FEBRUARY  2 2016......SUNRISE   707 AM CST   SUNSET   524 PM CST
FEBRUARY  3 2016......SUNRISE   706 AM CST   SUNSET   525 PM CST


-  INDICATES NEGATIVE NUMBERS.
R  INDICATES RECORD WAS SET OR TIED.
MM INDICATES DATA IS MISSING.
T  INDICATES TRACE AMOUNT.




$$
