000
CDUS43 KLSX 082132
CLISTL


CLIMATE REPORT
NATIONAL WEATHER SERVICE ST LOUIS MO
431 PM CDT MON SEP 8 2014


...................................

...THE ST. LOUIS CLIMATE SUMMARY FOR SEPTEMBER 8 2014...
VALID TODAY AS OF 0400 PM LOCAL TIME.

CLIMATE NORMAL PERIOD 1981 TO 2010
CLIMATE RECORD PERIOD 1874 TO 2014


WEATHER ITEM   OBSERVED TIME   RECORD YEAR NORMAL DEPARTURE LAST
                VALUE   (LST)  VALUE       VALUE  FROM      YEAR
                                                  NORMAL
..................................................................
TEMPERATURE (F)
 TODAY
  MAXIMUM         83    256 PM 101    1947  83      0       85
  MINIMUM         58    602 AM  42    1986  64     -6       73
  AVERAGE         71                        74     -3       79

PRECIPITATION (IN)
  TODAY            0.00          2.87 1920   0.10  -0.10     0.41
  MONTH TO DATE    2.39                      0.83   1.56     2.22
  SINCE SEP 1      2.39                      0.83   1.56     2.22
  SINCE JAN 1     31.36                     28.58   2.78    36.83

SNOWFALL (IN)
  TODAY            0.0           0.0  2013   0.0    0.0      0.0
  MONTH TO DATE    0.0                       0.0    0.0      0.0
  SINCE SEP 1      0.0                       0.0    0.0      0.0
  SINCE JUL 1      0.0                       0.0    0.0      0.0
  SNOW DEPTH       0

DEGREE DAYS
 HEATING
  TODAY            0                         0      0        0
  MONTH TO DATE    0                         0      0        0
  SINCE SEP 1      0                         0      0        0
  SINCE JUL 1      0                         1     -1        0

 COOLING
  TODAY            6                         9     -3       14
  MONTH TO DATE   89                        81      8      104
  SINCE SEP 1     89                        81      8      104
  SINCE JAN 1   1594                      1480    114     1490
..................................................................


WIND (MPH)
  HIGHEST WIND SPEED    12   HIGHEST WIND DIRECTION    SE (140)
  HIGHEST GUST SPEED    17   HIGHEST GUST DIRECTION    SE (130)
  AVERAGE WIND SPEED     3.7


SKY COVER
  AVERAGE SKY COVER 0.1



RELATIVE HUMIDITY (PERCENT)
 HIGHEST    84           200 AM
 LOWEST     43           200 PM
 AVERAGE    64

..........................................................


THE ST. LOUIS CLIMATE NORMALS FOR TOMORROW
                         NORMAL    RECORD    YEAR
 MAXIMUM TEMPERATURE (F)   83       101      1925
 MINIMUM TEMPERATURE (F)   64        43      1883


SUNRISE AND SUNSET
SEPTEMBER  8 2014.....SUNRISE   637 AM CDT   SUNSET   721 PM CDT
SEPTEMBER  9 2014.....SUNRISE   638 AM CDT   SUNSET   719 PM CDT


-  INDICATES NEGATIVE NUMBERS.
R  INDICATES RECORD WAS SET OR TIED.
MM INDICATES DATA IS MISSING.
T  INDICATES TRACE AMOUNT.




$$
