000
CDUS43 KLSX 162227
CLISTL


CLIMATE REPORT
NATIONAL WEATHER SERVICE ST LOUIS MO
526 PM CDT SAT JUL 16 2016


...................................

...THE ST. LOUIS CLIMATE SUMMARY FOR JULY 16 2016...
VALID TODAY AS OF 0500 PM LOCAL TIME.

CLIMATE NORMAL PERIOD 1981 TO 2010
CLIMATE RECORD PERIOD 1874 TO 2016


WEATHER ITEM   OBSERVED TIME   RECORD YEAR NORMAL DEPARTURE LAST
                VALUE   (LST)  VALUE       VALUE  FROM      YEAR
                                                  NORMAL
..................................................................
TEMPERATURE (F)
 TODAY
  MAXIMUM         87    359 PM 103    1936  89     -2       92
  MINIMUM         70    517 AM  53    1930  71     -1       75
  AVERAGE         79                        80     -1       84

PRECIPITATION (IN)
  TODAY            0.00          2.22 1952   0.14  -0.14     0.00
  MONTH TO DATE    5.05                      2.16   2.89     2.88
  SINCE JUN 1      6.34                      6.44  -0.10    16.02
  SINCE JAN 1     19.39                     22.81  -3.42    31.01

SNOWFALL (IN)
  TODAY            0.0           0.0  2015   0.0    0.0      0.0
  MONTH TO DATE    0.0                       0.0    0.0      0.0
  SINCE JUN 1      0.0                       0.0    0.0      0.0
  SINCE JUL 1      0.0                       0.0    0.0      0.0
  SNOW DEPTH       0

DEGREE DAYS
 HEATING
  TODAY            0                         0      0        0
  MONTH TO DATE    0                         0      0        0
  SINCE JUN 1      0                         5     -5        3
  SINCE JUL 1      0                         0      0        0

 COOLING
  TODAY           14                        15     -1       19
  MONTH TO DATE  229                       240    -11      221
  SINCE JUN 1    724                       574    150      611
  SINCE JAN 1    918                       748    170      835
..................................................................


WIND (MPH)
  HIGHEST WIND SPEED    15   HIGHEST WIND DIRECTION     E (90)
  HIGHEST GUST SPEED    18   HIGHEST GUST DIRECTION    SE (120)
  AVERAGE WIND SPEED     7.2


SKY COVER
  AVERAGE SKY COVER 0.5



RELATIVE HUMIDITY (PERCENT)
 HIGHEST    73          1200 AM
 LOWEST     50           400 PM
 AVERAGE    62

..........................................................


THE ST. LOUIS CLIMATE NORMALS FOR TOMORROW
                         NORMAL    RECORD    YEAR
 MAXIMUM TEMPERATURE (F)   89       103      2012
 MINIMUM TEMPERATURE (F)   71        57      1976


SUNRISE AND SUNSET
JULY 16 2016..........SUNRISE   550 AM CDT   SUNSET   825 PM CDT
JULY 17 2016..........SUNRISE   551 AM CDT   SUNSET   824 PM CDT


-  INDICATES NEGATIVE NUMBERS.
R  INDICATES RECORD WAS SET OR TIED.
MM INDICATES DATA IS MISSING.
T  INDICATES TRACE AMOUNT.




$$
