000
CDUS43 KLSX 160731
CLISTL


CLIMATE REPORT
NATIONAL WEATHER SERVICE ST LOUIS MO
230 AM CDT THU OCT 16 2014


...................................

...THE ST. LOUIS CLIMATE SUMMARY FOR OCTOBER 15 2014...

CLIMATE NORMAL PERIOD 1981 TO 2010
CLIMATE RECORD PERIOD 1874 TO 2014


WEATHER ITEM   OBSERVED TIME   RECORD YEAR NORMAL DEPARTURE LAST
                VALUE   (LST)  VALUE       VALUE  FROM      YEAR
                                                  NORMAL
..................................................................
TEMPERATURE (F)
 YESTERDAY
  MAXIMUM         58    718 PM  90    1897  69    -11       69
  MINIMUM         51   1128 PM  30    1937  49      2       55
  AVERAGE         55                        59     -4       62

PRECIPITATION (IN)
  YESTERDAY        0.04          1.29 1914   0.11  -0.07     0.48
  MONTH TO DATE    4.59                      1.61   2.98     1.05
  SINCE SEP 1      8.79                      4.74   4.05     3.79
  SINCE JAN 1     37.76                     32.49   5.27    38.40

SNOWFALL (IN)
  YESTERDAY        0.0           T    1954   0.0    0.0      0.0
  MONTH TO DATE    0.0                       0.0    0.0      0.0
  SINCE SEP 1      0.0                       0.0    0.0      0.0
  SINCE JUL 1      0.0                       0.0    0.0      0.0
  SNOW DEPTH       0

DEGREE DAYS
 HEATING
  YESTERDAY       10                         7      3        3
  MONTH TO DATE   78                        83     -5       33
  SINCE SEP 1    117                       123     -6       36
  SINCE JUL 1    117                       124     -7       36

 COOLING
  YESTERDAY        0                         1     -1        0
  MONTH TO DATE   20                        29     -9       63
  SINCE SEP 1    213                       231    -18      342
  SINCE JAN 1   1718                      1630     88     1728
..................................................................


WIND (MPH)
  HIGHEST WIND SPEED    17   HIGHEST WIND DIRECTION     W (290)
  HIGHEST GUST SPEED    22   HIGHEST GUST DIRECTION     W (290)
  AVERAGE WIND SPEED     8.5


SKY COVER
  AVERAGE SKY COVER 0.9


WEATHER CONDITIONS
 THE FOLLOWING WEATHER WAS RECORDED YESTERDAY.
  LIGHT RAIN
  FOG


RELATIVE HUMIDITY (PERCENT)
 HIGHEST    93          1200 AM
 LOWEST     72          1200 PM
 AVERAGE    83

..........................................................


THE ST. LOUIS CLIMATE NORMALS FOR TODAY
                         NORMAL    RECORD    YEAR
 MAXIMUM TEMPERATURE (F)   69        89      1950
 MINIMUM TEMPERATURE (F)   49        32      1943


SUNRISE AND SUNSET
OCTOBER 16 2014.......SUNRISE   712 AM CDT   SUNSET   622 PM CDT
OCTOBER 17 2014.......SUNRISE   713 AM CDT   SUNSET   620 PM CDT


-  INDICATES NEGATIVE NUMBERS.
R  INDICATES RECORD WAS SET OR TIED.
MM INDICATES DATA IS MISSING.
T  INDICATES TRACE AMOUNT.




$$
