000
CDUS43 KLSX 120734
CLISTL


CLIMATE REPORT
NATIONAL WEATHER SERVICE ST LOUIS MO
233 AM CDT MON SEP 12 2016


...................................

...THE ST. LOUIS CLIMATE SUMMARY FOR SEPTEMBER 11 2016...

CLIMATE NORMAL PERIOD 1981 TO 2010
CLIMATE RECORD PERIOD 1874 TO 2016


WEATHER ITEM   OBSERVED TIME   RECORD YEAR NORMAL DEPARTURE LAST
                VALUE   (LST)  VALUE       VALUE  FROM      YEAR
                                                  NORMAL
..................................................................
TEMPERATURE (F)
 YESTERDAY
  MAXIMUM         80    410 PM  98    2013  82     -2       77
  MINIMUM         58    549 AM  42    1940  63     -5       59
  AVERAGE         69                        73     -4       68

PRECIPITATION (IN)
  YESTERDAY        0.00          1.28 1944   0.10  -0.10     0.30
  MONTH TO DATE    3.36                      1.13   2.23     2.08
  SINCE SEP 1      3.36                      1.13   2.23     2.08
  SINCE JAN 1     31.84                     28.88   2.96    41.01

SNOWFALL (IN)
  YESTERDAY        0.0           0.0  2015   0.0    0.0      0.0
  MONTH TO DATE    0.0                       0.0    0.0      0.0
  SINCE SEP 1      0.0                       0.0    0.0      0.0
  SINCE JUL 1      0.0                       0.0    0.0      0.0
  SNOW DEPTH       0

DEGREE DAYS
 HEATING
  YESTERDAY        0                         0      0        0
  MONTH TO DATE    0                         0      0        0
  SINCE SEP 1      0                         0      0        0
  SINCE JUL 1      0                         1     -1        0

 COOLING
  YESTERDAY        4                         8     -4        3
  MONTH TO DATE  134                       106     28      186
  SINCE SEP 1    134                       106     28      186
  SINCE JAN 1   1839                      1505    334     1693
..................................................................


WIND (MPH)
  HIGHEST WIND SPEED    10   HIGHEST WIND DIRECTION    SE (120)
  HIGHEST GUST SPEED    14   HIGHEST GUST DIRECTION    SE (150)
  AVERAGE WIND SPEED     4.8


SKY COVER
  AVERAGE SKY COVER 0.0


WEATHER CONDITIONS
 THE FOLLOWING WEATHER WAS RECORDED YESTERDAY.
  NO SIGNIFICANT WEATHER WAS OBSERVED.


RELATIVE HUMIDITY (PERCENT)
 HIGHEST    84           200 AM
 LOWEST     32           100 PM
 AVERAGE    58

..........................................................


THE ST. LOUIS CLIMATE NORMALS FOR TODAY
                         NORMAL    RECORD    YEAR
 MAXIMUM TEMPERATURE (F)   82        98      1956
                                             1936
                                             1897
 MINIMUM TEMPERATURE (F)   62        44      1940


SUNRISE AND SUNSET
SEPTEMBER 12 2016.....SUNRISE   641 AM CDT   SUNSET   714 PM CDT
SEPTEMBER 13 2016.....SUNRISE   642 AM CDT   SUNSET   712 PM CDT


-  INDICATES NEGATIVE NUMBERS.
R  INDICATES RECORD WAS SET OR TIED.
MM INDICATES DATA IS MISSING.
T  INDICATES TRACE AMOUNT.




$$
