000
CDUS43 KLSX 280736
CLISTL


CLIMATE REPORT
NATIONAL WEATHER SERVICE ST LOUIS MO
135 AM CST TUE NOV 28 2017


...................................

...THE ST. LOUIS CLIMATE SUMMARY FOR NOVEMBER 27 2017...

CLIMATE NORMAL PERIOD 1981 TO 2010
CLIMATE RECORD PERIOD 1874 TO 2017


WEATHER ITEM   OBSERVED TIME   RECORD YEAR NORMAL DEPARTURE LAST
                VALUE   (LST)  VALUE       VALUE  FROM      YEAR
                                                  NORMAL
..................................................................
TEMPERATURE (F)
 YESTERDAY
  MAXIMUM         72    238 PM  76    1989  49     23       51
  MINIMUM         43   1202 AM  12    1898  33     10       37
  AVERAGE         58                        41     17       44

PRECIPITATION (IN)
  YESTERDAY        0.00          1.94 1983   0.13  -0.13     0.11
  MONTH TO DATE    1.46                      3.52  -2.06     3.45
  SINCE SEP 1      5.44                      9.98  -4.54    11.55
  SINCE JAN 1     35.74                     37.73  -1.99    40.03

SNOWFALL (IN)
  YESTERDAY        0.0           5.7  1980   0.0    0.0      0.0
  MONTH TO DATE    T                         0.5   -0.5      0.0
  SINCE SEP 1      T                         0.5   -0.5      0.0
  SINCE JUL 1      T                         0.5   -0.5      0.0
  SNOW DEPTH       0

DEGREE DAYS
 HEATING
  YESTERDAY        7                        24    -17       21
  MONTH TO DATE  466                       475     -9      349
  SINCE SEP 1    668                       750    -82      440
  SINCE JUL 1    668                       751    -83      440

 COOLING
  YESTERDAY        0                         0      0        0
  MONTH TO DATE    0                         0      0       23
  SINCE SEP 1    357                       243    114      457
  SINCE JAN 1   1959                      1642    317     2162
..................................................................


WIND (MPH)
  HIGHEST WIND SPEED    21   HIGHEST WIND DIRECTION     S (180)
  HIGHEST GUST SPEED    28   HIGHEST GUST DIRECTION     S (170)
  AVERAGE WIND SPEED    10.5


SKY COVER
  AVERAGE SKY COVER 0.4


WEATHER CONDITIONS
 THE FOLLOWING WEATHER WAS RECORDED YESTERDAY.
  NO SIGNIFICANT WEATHER WAS OBSERVED.


RELATIVE HUMIDITY (PERCENT)
 HIGHEST    58          1200 AM
 LOWEST     22           500 PM
 AVERAGE    40

..........................................................


THE ST. LOUIS CLIMATE NORMALS FOR TODAY
                         NORMAL    RECORD    YEAR
 MAXIMUM TEMPERATURE (F)   49        77      1905
 MINIMUM TEMPERATURE (F)   33        10      1887


SUNRISE AND SUNSET
NOVEMBER 28 2017......SUNRISE   658 AM CST   SUNSET   441 PM CST
NOVEMBER 29 2017......SUNRISE   659 AM CST   SUNSET   441 PM CST


-  INDICATES NEGATIVE NUMBERS.
R  INDICATES RECORD WAS SET OR TIED.
MM INDICATES DATA IS MISSING.
T  INDICATES TRACE AMOUNT.




$$
