000
CDUS43 KLSX 242133
CLISTL


CLIMATE REPORT
NATIONAL WEATHER SERVICE ST LOUIS MO
431 PM CDT WED JUN 24 2015


...................................

...THE ST. LOUIS CLIMATE SUMMARY FOR JUNE 24 2015...
VALID TODAY AS OF 0400 PM LOCAL TIME.

CLIMATE NORMAL PERIOD 1981 TO 2010
CLIMATE RECORD PERIOD 1874 TO 2015


WEATHER ITEM   OBSERVED TIME   RECORD YEAR NORMAL DEPARTURE LAST
                VALUE   (LST)  VALUE       VALUE  FROM      YEAR
                                                  NORMAL
..................................................................
TEMPERATURE (F)
 TODAY
  MAXIMUM         86    259 PM 102    1988  88     -2       88
  MINIMUM         69    425 AM  48    1974  69      0       72
  AVERAGE         78                        78      0       80

PRECIPITATION (IN)
  TODAY            0.00          2.94 2000   0.14  -0.14     0.51
  MONTH TO DATE    9.42                      3.53   5.89     4.31
  SINCE JUN 1      9.42                      3.53   5.89     4.31
  SINCE JAN 1     24.41                     19.90   4.51    21.37

SNOWFALL (IN)
  TODAY            0.0           0.0  2013   0.0    0.0      0.0
  MONTH TO DATE    0.0                       0.0    0.0      0.0
  SINCE JUN 1      0.0                       0.0    0.0      0.0
  SINCE JUL 1     16.8                      17.7   -0.9     28.8
  SNOW DEPTH       0

DEGREE DAYS
 HEATING
  TODAY            0                         0      0        0
  MONTH TO DATE    3                         3      0        0
  SINCE JUN 1      3                         3      0        0
  SINCE JUL 1   4585                      4533     52     5027

 COOLING
  TODAY           13                        13      0       15
  MONTH TO DATE  314                       248     66      297
  SINCE JUN 1    314                       248     66      297
  SINCE JAN 1    538                       422    116      559
..................................................................


WIND (MPH)
  HIGHEST WIND SPEED    18   HIGHEST WIND DIRECTION    SE (130)
  HIGHEST GUST SPEED    22   HIGHEST GUST DIRECTION     S (160)
  AVERAGE WIND SPEED     6.5


SKY COVER
  AVERAGE SKY COVER 0.7



RELATIVE HUMIDITY (PERCENT)
 HIGHEST    79           600 AM
 LOWEST     45           300 PM
 AVERAGE    62

..........................................................


THE ST. LOUIS CLIMATE NORMALS FOR TOMORROW
                         NORMAL    RECORD    YEAR
 MAXIMUM TEMPERATURE (F)   88       102      1954
 MINIMUM TEMPERATURE (F)   70        50      1974


SUNRISE AND SUNSET
JUNE 24 2015..........SUNRISE   538 AM CDT   SUNSET   830 PM CDT
JUNE 25 2015..........SUNRISE   538 AM CDT   SUNSET   830 PM CDT


-  INDICATES NEGATIVE NUMBERS.
R  INDICATES RECORD WAS SET OR TIED.
MM INDICATES DATA IS MISSING.
T  INDICATES TRACE AMOUNT.




$$
