100
CDUS43 KLSX 032235
CLISTL


CLIMATE REPORT
NATIONAL WEATHER SERVICE ST LOUIS MO
434 PM CST WED FEB 3 2016


...................................

...THE ST. LOUIS CLIMATE SUMMARY FOR FEBRUARY 3 2016...
VALID TODAY AS OF 0400 PM LOCAL TIME.

CLIMATE NORMAL PERIOD 1981 TO 2010
CLIMATE RECORD PERIOD 1874 TO 2016


WEATHER ITEM   OBSERVED TIME   RECORD YEAR NORMAL DEPARTURE LAST
                VALUE   (LST)  VALUE       VALUE  FROM      YEAR
                                                  NORMAL
..................................................................
TEMPERATURE (F)
 TODAY
  MAXIMUM         50   1211 AM  75    1890  42      8       50
  MINIMUM         36    259 PM -12    1996  25     11       23
  AVERAGE         43                        33     10       37

PRECIPITATION (IN)
  TODAY            T             1.57 1986   0.08  -0.08     0.00
  MONTH TO DATE    0.15                      0.23  -0.08     0.66
  SINCE DEC 1     12.69                      5.47   7.22     4.59
  SINCE JAN 1      0.95                      2.63  -1.68     1.87

SNOWFALL (IN)
  TODAY            T             5.5  1912   0.1   -0.1      0.0
  MONTH TO DATE    T                         0.5   -0.5      0.2
  SINCE DEC 1      3.3                      10.5   -7.2      0.7
  SINCE JUL 1      3.3                      11.2   -7.9      4.5
  SNOW DEPTH       0

DEGREE DAYS
 HEATING
  TODAY           22                        32    -10       28
  MONTH TO DATE   51                        96    -45      102
  SINCE DEC 1   1607                      2064   -457     1884
  SINCE JUL 1   2169                      2890   -721     2841

 COOLING
  TODAY            0                         0      0        0
  MONTH TO DATE    0                         0      0        0
  SINCE DEC 1      0                         0      0        0
  SINCE JAN 1      0                         0      0        0
..................................................................


WIND (MPH)
  HIGHEST WIND SPEED    28   HIGHEST WIND DIRECTION     W (260)
  HIGHEST GUST SPEED    36   HIGHEST GUST DIRECTION    SW (240)
  AVERAGE WIND SPEED    19.3


SKY COVER
  AVERAGE SKY COVER 0.7



RELATIVE HUMIDITY (PERCENT)
 HIGHEST    70          1200 PM
 LOWEST     42          1200 AM
 AVERAGE    56

..........................................................


THE ST. LOUIS CLIMATE NORMALS FOR TOMORROW
                         NORMAL    RECORD    YEAR
 MAXIMUM TEMPERATURE (F)   42        78      1962
 MINIMUM TEMPERATURE (F)   25        -7      1996
                                             1912
                                             1895


SUNRISE AND SUNSET
FEBRUARY  3 2016......SUNRISE   706 AM CST   SUNSET   525 PM CST
FEBRUARY  4 2016......SUNRISE   705 AM CST   SUNSET   526 PM CST


-  INDICATES NEGATIVE NUMBERS.
R  INDICATES RECORD WAS SET OR TIED.
MM INDICATES DATA IS MISSING.
T  INDICATES TRACE AMOUNT.




$$
