000
CDUS43 KLSX 122242
CLISTL


CLIMATE REPORT
NATIONAL WEATHER SERVICE ST LOUIS MO
442 PM CST WED NOV 12 2014


...................................

...THE ST. LOUIS CLIMATE SUMMARY FOR NOVEMBER 12 2014...
VALID TODAY AS OF 0400 PM LOCAL TIME.

CLIMATE NORMAL PERIOD 1981 TO 2010
CLIMATE RECORD PERIOD 1874 TO 2014


WEATHER ITEM   OBSERVED TIME   RECORD YEAR NORMAL DEPARTURE LAST
                VALUE   (LST)  VALUE       VALUE  FROM      YEAR
                                                  NORMAL
..................................................................
TEMPERATURE (F)
 TODAY
  MAXIMUM         35    218 PM  79    1971  58    -23       37
  MINIMUM         29    913 AM  12    1911  40    -11       24
  AVERAGE         32                        49    -17       31

PRECIPITATION (IN)
  TODAY            0.00          1.22 1909   0.13  -0.13      T
  MONTH TO DATE    0.58                      1.48  -0.90     0.50
  SINCE SEP 1      9.86                      7.94   1.92     5.59
  SINCE JAN 1     38.83                     35.69   3.14    40.20

SNOWFALL (IN)
  TODAY            0.0           0.1  1907   0.0    0.0       T
  MONTH TO DATE    0.0                       0.1   -0.1       T
  SINCE SEP 1      0.0                       0.1   -0.1       T
  SINCE JUL 1      0.0                       0.1   -0.1       T
  SNOW DEPTH       0

DEGREE DAYS
 HEATING
  TODAY           33                        17     16       34
  MONTH TO DATE  205                       171     34      190
  SINCE SEP 1    441                       446     -5      433
  SINCE JUL 1    441                       447     -6      433

 COOLING
  TODAY            0                         0      0        0
  MONTH TO DATE    0                         0      0        0
  SINCE SEP 1    227                       243    -16      342
  SINCE JAN 1   1732                      1642     90     1728
..................................................................


WIND (MPH)
  HIGHEST WIND SPEED    17   HIGHEST WIND DIRECTION    NW (310)
  HIGHEST GUST SPEED    25   HIGHEST GUST DIRECTION    SW (230)
  AVERAGE WIND SPEED    11.0


SKY COVER
  AVERAGE SKY COVER 0.9



RELATIVE HUMIDITY (PERCENT)
 HIGHEST    69           400 AM
 LOWEST     47           200 PM
 AVERAGE    58

..........................................................


THE ST. LOUIS CLIMATE NORMALS FOR TOMORROW
                         NORMAL    RECORD    YEAR
 MAXIMUM TEMPERATURE (F)   57        82      1999
                                             1955
                                             1879
 MINIMUM TEMPERATURE (F)   39        10      1986


SUNRISE AND SUNSET
NOVEMBER 12 2014......SUNRISE   641 AM CST   SUNSET   450 PM CST
NOVEMBER 13 2014......SUNRISE   642 AM CST   SUNSET   450 PM CST


-  INDICATES NEGATIVE NUMBERS.
R  INDICATES RECORD WAS SET OR TIED.
MM INDICATES DATA IS MISSING.
T  INDICATES TRACE AMOUNT.




$$
