000
CDUS43 KLSX 290745
CLISTL


CLIMATE REPORT
NATIONAL WEATHER SERVICE ST LOUIS MO
145 AM CST WED NOV 29 2017


...................................

...THE ST. LOUIS CLIMATE SUMMARY FOR NOVEMBER 28 2017...

CLIMATE NORMAL PERIOD 1981 TO 2010
CLIMATE RECORD PERIOD 1874 TO 2017


WEATHER ITEM   OBSERVED TIME   RECORD YEAR NORMAL DEPARTURE LAST
                VALUE   (LST)  VALUE       VALUE  FROM      YEAR
                                                  NORMAL
..................................................................
TEMPERATURE (F)
 YESTERDAY
  MAXIMUM         74    247 PM  77    1905  49     25       54
  MINIMUM         52    508 AM  10    1887  33     19       46
  AVERAGE         63                        41     22       50

PRECIPITATION (IN)
  YESTERDAY        0.00          1.56 1968   0.14  -0.14     0.28
  MONTH TO DATE    1.46                      3.66  -2.20     3.73
  SINCE SEP 1      5.44                     10.12  -4.68    11.83
  SINCE JAN 1     35.74                     37.87  -2.13    40.31

SNOWFALL (IN)
  YESTERDAY        0.0           6.5  1929   0.1   -0.1      0.0
  MONTH TO DATE    T                         0.6   -0.6      0.0
  SINCE SEP 1      T                         0.6   -0.6      0.0
  SINCE JUL 1      T                         0.6   -0.6      0.0
  SNOW DEPTH       0

DEGREE DAYS
 HEATING
  YESTERDAY        2                        24    -22       15
  MONTH TO DATE  468                       499    -31      364
  SINCE SEP 1    670                       774   -104      455
  SINCE JUL 1    670                       775   -105      455

 COOLING
  YESTERDAY        0                         0      0        0
  MONTH TO DATE    0                         0      0       23
  SINCE SEP 1    357                       243    114      457
  SINCE JAN 1   1959                      1642    317     2162
..................................................................


WIND (MPH)
  HIGHEST WIND SPEED    20   HIGHEST WIND DIRECTION     S (190)
  HIGHEST GUST SPEED    26   HIGHEST GUST DIRECTION     S (190)
  AVERAGE WIND SPEED    11.2


SKY COVER
  AVERAGE SKY COVER 0.4


WEATHER CONDITIONS
 THE FOLLOWING WEATHER WAS RECORDED YESTERDAY.
  NO SIGNIFICANT WEATHER WAS OBSERVED.


RELATIVE HUMIDITY (PERCENT)
 HIGHEST    57          1000 PM
 LOWEST     28          1000 AM
 AVERAGE    43

..........................................................


THE ST. LOUIS CLIMATE NORMALS FOR TODAY
                         NORMAL    RECORD    YEAR
 MAXIMUM TEMPERATURE (F)   48        75      1933
 MINIMUM TEMPERATURE (F)   32         8      1976
                                             1929


SUNRISE AND SUNSET
NOVEMBER 29 2017......SUNRISE   659 AM CST   SUNSET   441 PM CST
NOVEMBER 30 2017......SUNRISE   700 AM CST   SUNSET   440 PM CST


-  INDICATES NEGATIVE NUMBERS.
R  INDICATES RECORD WAS SET OR TIED.
MM INDICATES DATA IS MISSING.
T  INDICATES TRACE AMOUNT.




$$
