000
CDUS43 KLSX 260736
CLISTL


CLIMATE REPORT
NATIONAL WEATHER SERVICE ST LOUIS MO
135 AM CST SAT NOV 26 2016


...................................

...THE ST. LOUIS CLIMATE SUMMARY FOR NOVEMBER 25 2016...

CLIMATE NORMAL PERIOD 1981 TO 2010
CLIMATE RECORD PERIOD 1874 TO 2016


WEATHER ITEM   OBSERVED TIME   RECORD YEAR NORMAL DEPARTURE LAST
                VALUE   (LST)  VALUE       VALUE  FROM      YEAR
                                                  NORMAL
..................................................................
TEMPERATURE (F)
 YESTERDAY
  MAXIMUM         47        MM  74    1990  51     -4       60
  MINIMUM         36        MM   4    1950  34      2       41
  AVERAGE         42                        42      0       51

PRECIPITATION (IN)
  YESTERDAY        0.00          1.06 1996   0.13  -0.13     0.01
  MONTH TO DATE    3.34                      3.26   0.08     5.02
  SINCE SEP 1     11.44                      9.72   1.72     9.11
  SINCE JAN 1     39.92                     37.47   2.45    48.04

SNOWFALL (IN)
  YESTERDAY        0.0           1.5  1903   0.1   -0.1      0.0
  MONTH TO DATE    0.0                       0.5   -0.5       T
  SINCE SEP 1      0.0                       0.5   -0.5       T
  SINCE JUL 1      0.0                       0.5   -0.5       T
  SNOW DEPTH       0

DEGREE DAYS
 HEATING
  YESTERDAY       23                        23      0       14
  MONTH TO DATE  306                       428   -122      310
  SINCE SEP 1    397                       703   -306      479
  SINCE JUL 1    397                       704   -307      479

 COOLING
  YESTERDAY        0                         0      0        0
  MONTH TO DATE   23                         0     23        0
  SINCE SEP 1    457                       243    214      365
  SINCE JAN 1   2162                      1642    520     1872
..................................................................


WIND (MPH)
  HIGHEST WIND SPEED    13   HIGHEST WIND DIRECTION     W (290)
  HIGHEST GUST SPEED    MM   HIGHEST GUST DIRECTION    MM
  AVERAGE WIND SPEED     4.6


SKY COVER
  AVERAGE SKY COVER 0.8


WEATHER CONDITIONS
 THE FOLLOWING WEATHER WAS RECORDED YESTERDAY.
  FOG
  HAZE


RELATIVE HUMIDITY (PERCENT)
 HIGHEST    85           100 AM
 LOWEST     60           100 PM
 AVERAGE    73

..........................................................


THE ST. LOUIS CLIMATE NORMALS FOR TODAY
                         NORMAL    RECORD    YEAR
 MAXIMUM TEMPERATURE (F)   50        76      1965
 MINIMUM TEMPERATURE (F)   34         7      1977


SUNRISE AND SUNSET
NOVEMBER 26 2016......SUNRISE   656 AM CST   SUNSET   442 PM CST
NOVEMBER 27 2016......SUNRISE   657 AM CST   SUNSET   441 PM CST


-  INDICATES NEGATIVE NUMBERS.
R  INDICATES RECORD WAS SET OR TIED.
MM INDICATES DATA IS MISSING.
T  INDICATES TRACE AMOUNT.




$$
