703
CDUS43 KLSX 312236
CLISTL


CLIMATE REPORT
NATIONAL WEATHER SERVICE ST LOUIS MO
434 PM CST SUN JAN 31 2016


...................................

...THE ST. LOUIS CLIMATE SUMMARY FOR JANUARY 31 2016...
VALID TODAY AS OF 0400 PM LOCAL TIME.

CLIMATE NORMAL PERIOD 1981 TO 2010
CLIMATE RECORD PERIOD 1874 TO 2016


WEATHER ITEM   OBSERVED TIME   RECORD YEAR NORMAL DEPARTURE LAST
                VALUE   (LST)  VALUE       VALUE  FROM      YEAR
                                                  NORMAL
..................................................................
TEMPERATURE (F)
 TODAY
  MAXIMUM         68    208 PM  74    1989  41     27       47
  MINIMUM         54    607 AM  -9    1936  25     29       32
  AVERAGE         61                        33     28       40

PRECIPITATION (IN)
  TODAY            0.00          1.62 1988   0.08  -0.08      T
  MONTH TO DATE    0.80                      2.40  -1.60     1.21
  SINCE DEC 1     12.54                      5.24   7.30     3.93
  SINCE JAN 1      0.80                      2.40  -1.60     1.21

SNOWFALL (IN)
  TODAY            0.0          11.2  1958   0.2   -0.2      0.0
  MONTH TO DATE    3.3                       5.6   -2.3      0.3
  SINCE DEC 1      3.3                      10.0   -6.7      0.5
  SINCE JUL 1      3.3                      10.7   -7.4      4.3
  SNOW DEPTH       0

DEGREE DAYS
 HEATING
  TODAY            4                        32    -28       25
  MONTH TO DATE  954                      1028    -74      978
  SINCE DEC 1   1551                      1968   -417     1782
  SINCE JUL 1   2113                      2794   -681     2739

 COOLING
  TODAY            0                         0      0        0
  MONTH TO DATE    0                         0      0        0
  SINCE DEC 1      0                         0      0        0
  SINCE JAN 1      0                         0      0        0
..................................................................


WIND (MPH)
  HIGHEST WIND SPEED    24   HIGHEST WIND DIRECTION     W (250)
  HIGHEST GUST SPEED    30   HIGHEST GUST DIRECTION     W (260)
  AVERAGE WIND SPEED    12.0


SKY COVER
  AVERAGE SKY COVER 0.5



RELATIVE HUMIDITY (PERCENT)
 HIGHEST    83           600 AM
 LOWEST     45           200 PM
 AVERAGE    64

..........................................................


THE ST. LOUIS CLIMATE NORMALS FOR TOMORROW
                         NORMAL    RECORD    YEAR
 MAXIMUM TEMPERATURE (F)   41        84      1911
 MINIMUM TEMPERATURE (F)   25        -6      1951


SUNRISE AND SUNSET
JANUARY 31 2016.......SUNRISE   709 AM CST   SUNSET   522 PM CST
FEBRUARY  1 2016......SUNRISE   708 AM CST   SUNSET   523 PM CST


-  INDICATES NEGATIVE NUMBERS.
R  INDICATES RECORD WAS SET OR TIED.
MM INDICATES DATA IS MISSING.
T  INDICATES TRACE AMOUNT.




$$
