000
CDUS43 KLSX 200745
CLISTL


CLIMATE REPORT
NATIONAL WEATHER SERVICE ST LOUIS MO
145 AM CST TUE JAN 20 2015


...................................

...THE ST. LOUIS CLIMATE SUMMARY FOR JANUARY 19 2015...

CLIMATE NORMAL PERIOD 1981 TO 2010
CLIMATE RECORD PERIOD 1874 TO 2015


WEATHER ITEM   OBSERVED TIME   RECORD YEAR NORMAL DEPARTURE LAST
                VALUE   (LST)  VALUE       VALUE  FROM      YEAR
                                                  NORMAL
..................................................................
TEMPERATURE (F)
 YESTERDAY
  MAXIMUM         56    341 PM  75    1952  40     16       53
  MINIMUM         30    718 AM -14    1940  24      6       23
  AVERAGE         43                        32     11       38

PRECIPITATION (IN)
  YESTERDAY        0.00          1.36 1988   0.07  -0.07     0.00
  MONTH TO DATE    1.02                      1.51  -0.49     1.58
  SINCE DEC 1      3.74                      4.35  -0.61     3.54
  SINCE JAN 1      1.02                      1.51  -0.49     1.58

SNOWFALL (IN)
  YESTERDAY        0.0           6.9  1987   0.2   -0.2      0.0
  MONTH TO DATE    0.3                       3.4   -3.1     15.3
  SINCE DEC 1      0.5                       7.8   -7.3     20.9
  SINCE JUL 1      4.3                       8.5   -4.2     20.9
  SNOW DEPTH       0

DEGREE DAYS
 HEATING
  YESTERDAY       22                        33    -11       27
  MONTH TO DATE  661                       635     26      690
  SINCE DEC 1   1465                      1574   -109     1660
  SINCE JUL 1   2422                      2400     22     2530

 COOLING
  YESTERDAY        0                         0      0        0
  MONTH TO DATE    0                         0      0        0
  SINCE DEC 1      0                         0      0        0
  SINCE JAN 1      0                         0      0        0
..................................................................


WIND (MPH)
  HIGHEST WIND SPEED    12   HIGHEST WIND DIRECTION     E (110)
  HIGHEST GUST SPEED    14   HIGHEST GUST DIRECTION     E (110)
  AVERAGE WIND SPEED     3.6


SKY COVER
  AVERAGE SKY COVER 0.2


WEATHER CONDITIONS
 THE FOLLOWING WEATHER WAS RECORDED YESTERDAY.
  NO SIGNIFICANT WEATHER WAS OBSERVED.


RELATIVE HUMIDITY (PERCENT)
 HIGHEST    75          1100 PM
 LOWEST     35           200 PM
 AVERAGE    55

..........................................................


THE ST. LOUIS CLIMATE NORMALS FOR TODAY
                         NORMAL    RECORD    YEAR
 MAXIMUM TEMPERATURE (F)   40        72      1906
 MINIMUM TEMPERATURE (F)   24       -18      1985


SUNRISE AND SUNSET
JANUARY 20 2015.......SUNRISE   716 AM CST   SUNSET   509 PM CST
JANUARY 21 2015.......SUNRISE   716 AM CST   SUNSET   510 PM CST


-  INDICATES NEGATIVE NUMBERS.
R  INDICATES RECORD WAS SET OR TIED.
MM INDICATES DATA IS MISSING.
T  INDICATES TRACE AMOUNT.




$$
