000
CDUS43 KLSX 132237
CLISTL


CLIMATE REPORT
NATIONAL WEATHER SERVICE ST LOUIS MO
535 PM CDT MON OCT 13 2014


...................................

...THE ST. LOUIS CLIMATE SUMMARY FOR OCTOBER 13 2014...
VALID TODAY AS OF 0500 PM LOCAL TIME.

CLIMATE NORMAL PERIOD 1981 TO 2010
CLIMATE RECORD PERIOD 1874 TO 2014


WEATHER ITEM   OBSERVED TIME   RECORD YEAR NORMAL DEPARTURE LAST
                VALUE   (LST)  VALUE       VALUE  FROM      YEAR
                                                  NORMAL
..................................................................
TEMPERATURE (F)
 TODAY
  MAXIMUM         71   1249 PM  90    1899  70      1       74
  MINIMUM         61    155 AM  33    1979  50     11       48
                                      1977
                                      1917
  AVERAGE         66                        60      6       61

PRECIPITATION (IN)
  TODAY            0.84R         0.82 1885   0.11   0.73     0.00
  MONTH TO DATE    4.36                      1.39   2.97     0.57
  SINCE SEP 1      8.56                      4.52   4.04     3.31
  SINCE JAN 1     37.53                     32.27   5.26    37.92

SNOWFALL (IN)
  TODAY            0.0           0.0  2013   0.0    0.0      0.0
  MONTH TO DATE    0.0                       0.0    0.0      0.0
  SINCE SEP 1      0.0                       0.0    0.0      0.0
  SINCE JUL 1      0.0                       0.0    0.0      0.0
  SNOW DEPTH       0

DEGREE DAYS
 HEATING
  TODAY            0                         7     -7        4
  MONTH TO DATE   62                        69     -7       23
  SINCE SEP 1    101                       109     -8       26
  SINCE JUL 1    101                       110     -9       26

 COOLING
  TODAY            1                         1      0        0
  MONTH TO DATE   20                        27     -7       63
  SINCE SEP 1    213                       229    -16      342
  SINCE JAN 1   1718                      1628     90     1728
..................................................................


WIND (MPH)
  HIGHEST WIND SPEED    25   HIGHEST WIND DIRECTION    SE (140)
  HIGHEST GUST SPEED    31   HIGHEST GUST DIRECTION    SE (130)
  AVERAGE WIND SPEED     7.5


SKY COVER
  AVERAGE SKY COVER 0.9



RELATIVE HUMIDITY (PERCENT)
 HIGHEST    97          1200 AM
 LOWEST     87           800 AM
 AVERAGE    92

..........................................................


THE ST. LOUIS CLIMATE NORMALS FOR TOMORROW
                         NORMAL    RECORD    YEAR
 MAXIMUM TEMPERATURE (F)   69        90      1899
 MINIMUM TEMPERATURE (F)   50        30      1937


SUNRISE AND SUNSET
OCTOBER 13 2014.......SUNRISE   709 AM CDT   SUNSET   626 PM CDT
OCTOBER 14 2014.......SUNRISE   710 AM CDT   SUNSET   625 PM CDT


-  INDICATES NEGATIVE NUMBERS.
R  INDICATES RECORD WAS SET OR TIED.
MM INDICATES DATA IS MISSING.
T  INDICATES TRACE AMOUNT.




$$
