982
CDUS43 KLSX 302243
CLISTL


CLIMATE REPORT
NATIONAL WEATHER SERVICE ST LOUIS MO
441 PM CST SAT JAN 30 2016


...................................

...THE ST. LOUIS CLIMATE SUMMARY FOR JANUARY 30 2016...
VALID TODAY AS OF 0400 PM LOCAL TIME.

CLIMATE NORMAL PERIOD 1981 TO 2010
CLIMATE RECORD PERIOD 1874 TO 2016


WEATHER ITEM   OBSERVED TIME   RECORD YEAR NORMAL DEPARTURE LAST
                VALUE   (LST)  VALUE       VALUE  FROM      YEAR
                                                  NORMAL
..................................................................
TEMPERATURE (F)
 TODAY
  MAXIMUM         66   1245 PM  67    2012  41     25       41
                                      1884
  MINIMUM         40    759 AM  -9    1936  24     16       28
  AVERAGE         53                        33     20       35

PRECIPITATION (IN)
  TODAY            0.00          2.47 1916   0.07  -0.07     0.00
  MONTH TO DATE    0.80                      2.32  -1.52     1.21
  SINCE DEC 1     12.54                      5.16   7.38     3.93
  SINCE JAN 1      0.80                      2.32  -1.52     1.21

SNOWFALL (IN)
  TODAY            0.0           5.0  1982   0.2   -0.2      0.0
  MONTH TO DATE    3.3                       5.4   -2.1      0.3
  SINCE DEC 1      3.3                       9.8   -6.5      0.5
  SINCE JUL 1      3.3                      10.5   -7.2      4.3
  SNOW DEPTH       0

DEGREE DAYS
 HEATING
  TODAY           12                        32    -20       30
  MONTH TO DATE  950                       996    -46      953
  SINCE DEC 1   1547                      1935   -388     1757
  SINCE JUL 1   2109                      2761   -652     2714

 COOLING
  TODAY            0                         0      0        0
  MONTH TO DATE    0                         0      0        0
  SINCE DEC 1      0                         0      0        0
  SINCE JAN 1      0                         0      0        0
..................................................................


WIND (MPH)
  HIGHEST WIND SPEED    14   HIGHEST WIND DIRECTION    SW (240)
  HIGHEST GUST SPEED    16   HIGHEST GUST DIRECTION    SW (230)
  AVERAGE WIND SPEED     5.9


SKY COVER
  AVERAGE SKY COVER 0.4



RELATIVE HUMIDITY (PERCENT)
 HIGHEST    73           800 AM
 LOWEST     34          1200 PM
 AVERAGE    54

..........................................................


THE ST. LOUIS CLIMATE NORMALS FOR TOMORROW
                         NORMAL    RECORD    YEAR
 MAXIMUM TEMPERATURE (F)   41        74      1989
 MINIMUM TEMPERATURE (F)   25        -9      1936


SUNRISE AND SUNSET
JANUARY 30 2016.......SUNRISE   710 AM CST   SUNSET   520 PM CST
JANUARY 31 2016.......SUNRISE   709 AM CST   SUNSET   522 PM CST


-  INDICATES NEGATIVE NUMBERS.
R  INDICATES RECORD WAS SET OR TIED.
MM INDICATES DATA IS MISSING.
T  INDICATES TRACE AMOUNT.




$$
