000
CDUS43 KLSX 150731
CLISTL


CLIMATE REPORT
NATIONAL WEATHER SERVICE ST LOUIS MO
229 AM CDT THU JUN 15 2017


...................................

...THE ST. LOUIS CLIMATE SUMMARY FOR JUNE 14 2017...

CLIMATE NORMAL PERIOD 1981 TO 2010
CLIMATE RECORD PERIOD 1874 TO 2017


WEATHER ITEM   OBSERVED TIME   RECORD YEAR NORMAL DEPARTURE LAST
                VALUE   (LST)  VALUE       VALUE  FROM      YEAR
                                                  NORMAL
..................................................................
TEMPERATURE (F)
 YESTERDAY
  MAXIMUM         93    458 PM  97    1987  85      8       94
  MINIMUM         67   1141 AM  48    1942  67      0       76
  AVERAGE         80                        76      4       85

PRECIPITATION (IN)
  YESTERDAY        0.63          3.95 1957   0.14   0.49     0.00
  MONTH TO DATE    0.88                      2.12  -1.24     0.45
  SINCE JUN 1      0.88                      2.12  -1.24     0.45
  SINCE JAN 1     23.78                     18.49   5.29    13.50

SNOWFALL (IN)
  YESTERDAY        0.0           0.0  2015   0.0    0.0      0.0
  MONTH TO DATE    0.0                       0.0    0.0      0.0
  SINCE JUN 1      0.0                       0.0    0.0      0.0
  SINCE JUL 1      3.2                      17.7  -14.5     10.9
  SNOW DEPTH       0

DEGREE DAYS
 HEATING
  YESTERDAY        0                         0      0        0
  MONTH TO DATE    0                         3     -3        0
  SINCE JUN 1      0                         3     -3        0
  SINCE JUL 1   3397                      4533  -1136     3484

 COOLING
  YESTERDAY       15                        11      4       20
  MONTH TO DATE  193                       126     67      197
  SINCE JUN 1    193                       126     67      197
  SINCE JAN 1    445                       300    145      391
..................................................................


WIND (MPH)
  HIGHEST WIND SPEED    60   HIGHEST WIND DIRECTION     W (260)
  HIGHEST GUST SPEED    71   HIGHEST GUST DIRECTION     W (250)
  AVERAGE WIND SPEED     9.1


SKY COVER
  AVERAGE SKY COVER 0.6


WEATHER CONDITIONS
 THE FOLLOWING WEATHER WAS RECORDED YESTERDAY.
  THUNDERSTORM
  HEAVY RAIN
  RAIN
  LIGHT RAIN


RELATIVE HUMIDITY (PERCENT)
 HIGHEST    74           400 AM
 LOWEST     49           500 PM
 AVERAGE    62

..........................................................


THE ST. LOUIS CLIMATE NORMALS FOR TODAY
                         NORMAL    RECORD    YEAR
 MAXIMUM TEMPERATURE (F)   85       101      1952
 MINIMUM TEMPERATURE (F)   67        49      1961


SUNRISE AND SUNSET
JUNE 15 2017..........SUNRISE   536 AM CDT   SUNSET   828 PM CDT
JUNE 16 2017..........SUNRISE   536 AM CDT   SUNSET   829 PM CDT


-  INDICATES NEGATIVE NUMBERS.
R  INDICATES RECORD WAS SET OR TIED.
MM INDICATES DATA IS MISSING.
T  INDICATES TRACE AMOUNT.




$$
