000
CDUS43 KLSX 230730
CLISTL


CLIMATE REPORT
NATIONAL WEATHER SERVICE ST LOUIS MO
130 AM CST WED NOV 23 2016


...................................

...THE ST. LOUIS CLIMATE SUMMARY FOR NOVEMBER 22 2016...

CLIMATE NORMAL PERIOD 1981 TO 2010
CLIMATE RECORD PERIOD 1874 TO 2016


WEATHER ITEM   OBSERVED TIME   RECORD YEAR NORMAL DEPARTURE LAST
                VALUE   (LST)  VALUE       VALUE  FROM      YEAR
                                                  NORMAL
..................................................................
TEMPERATURE (F)
 YESTERDAY
  MAXIMUM         51    612 PM  77    1900  52     -1       43
  MINIMUM         37    558 AM  10    1880  35      2       23
  AVERAGE         44                        44      0       33

PRECIPITATION (IN)
  YESTERDAY        0.09          2.28 1963   0.14  -0.05     0.00
  MONTH TO DATE    3.19                      2.86   0.33     5.01
  SINCE SEP 1     11.29                      9.32   1.97     9.10
  SINCE JAN 1     39.77                     37.07   2.70    48.03

SNOWFALL (IN)
  YESTERDAY        0.0           2.3  1941   0.1   -0.1      0.0
  MONTH TO DATE    0.0                       0.4   -0.4       T
  SINCE SEP 1      0.0                       0.4   -0.4       T
  SINCE JUL 1      0.0                       0.4   -0.4       T
  SNOW DEPTH       0

DEGREE DAYS
 HEATING
  YESTERDAY       21                        21      0       32
  MONTH TO DATE  246                       361   -115      264
  SINCE SEP 1    337                       636   -299      433
  SINCE JUL 1    337                       637   -300      433

 COOLING
  YESTERDAY        0                         0      0        0
  MONTH TO DATE   23                         0     23        0
  SINCE SEP 1    457                       243    214      365
  SINCE JAN 1   2162                      1642    520     1872
..................................................................


WIND (MPH)
  HIGHEST WIND SPEED    26   HIGHEST WIND DIRECTION    SE (120)
  HIGHEST GUST SPEED    33   HIGHEST GUST DIRECTION    SE (130)
  AVERAGE WIND SPEED    14.2


SKY COVER
  AVERAGE SKY COVER 0.9


WEATHER CONDITIONS
 THE FOLLOWING WEATHER WAS RECORDED YESTERDAY.
  RAIN
  LIGHT RAIN


RELATIVE HUMIDITY (PERCENT)
 HIGHEST    71           900 PM
 LOWEST     36           300 PM
 AVERAGE    54

..........................................................


THE ST. LOUIS CLIMATE NORMALS FOR TODAY
                         NORMAL    RECORD    YEAR
 MAXIMUM TEMPERATURE (F)   52        75      1931
 MINIMUM TEMPERATURE (F)   35         8      1950


SUNRISE AND SUNSET
NOVEMBER 23 2016......SUNRISE   653 AM CST   SUNSET   443 PM CST
NOVEMBER 24 2016......SUNRISE   654 AM CST   SUNSET   442 PM CST


-  INDICATES NEGATIVE NUMBERS.
R  INDICATES RECORD WAS SET OR TIED.
MM INDICATES DATA IS MISSING.
T  INDICATES TRACE AMOUNT.




$$
