000
CDUS43 KLSX 221135 CCA
CLISTL

CLIMATE REPORT
NATIONAL WEATHER SERVICE ST LOUIS MO
133 AM CST SUN FEB 22 2015


...................................

...THE ST. LOUIS CLIMATE SUMMARY FOR FEBRUARY 21 2015...

CLIMATE NORMAL PERIOD 1981 TO 2010
CLIMATE RECORD PERIOD 1874 TO 2015


WEATHER ITEM   OBSERVED TIME   RECORD YEAR NORMAL DEPARTURE LAST
                VALUE   (LST)  VALUE       VALUE  FROM      YEAR
                                                  NORMAL
..................................................................
TEMPERATURE (F)
 YESTERDAY
  MAXIMUM         41    337 PM  79    1935  47     -6       57
  MINIMUM         28    715 AM  -1    1885  29     -1       34
  AVERAGE         35                        38     -3       46

PRECIPITATION (IN)
  YESTERDAY        0.09          1.68 1974   0.08   0.01     0.00
  MONTH TO DATE    1.38                      1.67  -0.29     1.48
  SINCE DEC 1      5.31                      6.91  -1.60     5.11
  SINCE JAN 1      2.59                      4.07  -1.48     3.15

SNOWFALL (IN)
  YESTERDAY        1.0           6.1  1912   0.1    0.9      0.0
  MONTH TO DATE    7.3                       3.3    4.0      5.8
  SINCE DEC 1      7.8                      13.3   -5.5     27.2
  SINCE JUL 1     11.6                      14.0   -2.4     27.2
  SNOW DEPTH       3

DEGREE DAYS
 HEATING
  YESTERDAY       30                        27      3       19
  MONTH TO DATE  760                       625    135      803
  SINCE DEC 1   2542                      2593    -51     2927
  SINCE JUL 1   3499                      3419     80     3797

 COOLING
  YESTERDAY        0                         0      0        0
  MONTH TO DATE    0                         0      0        0
  SINCE DEC 1      0                         0      0        0
  SINCE JAN 1      0                         0      0        0
..................................................................


WIND (MPH)
  HIGHEST WIND SPEED    13   HIGHEST WIND DIRECTION     N (350)
  HIGHEST GUST SPEED    17   HIGHEST GUST DIRECTION     N (360)
  AVERAGE WIND SPEED     4.4


SKY COVER
  AVERAGE SKY COVER 0.8


WEATHER CONDITIONS
 THE FOLLOWING WEATHER WAS RECORDED YESTERDAY.
  LT FREEZING RAIN
  SNOW
  LIGHT SNOW
  SLEET
  FOG
  HAZE


RELATIVE HUMIDITY (PERCENT)
 HIGHEST    85           300 AM
 LOWEST     64           200 PM
 AVERAGE    75

..........................................................


THE ST. LOUIS CLIMATE NORMALS FOR TODAY
                         NORMAL    RECORD    YEAR
 MAXIMUM TEMPERATURE (F)   47        78      1995
 MINIMUM TEMPERATURE (F)   30         3      1963


SUNRISE AND SUNSET
FEBRUARY 22 2015......SUNRISE   644 AM CST   SUNSET   547 PM CST
FEBRUARY 23 2015......SUNRISE   642 AM CST   SUNSET   548 PM CST


-  INDICATES NEGATIVE NUMBERS.
R  INDICATES RECORD WAS SET OR TIED.
MM INDICATES DATA IS MISSING.
T  INDICATES TRACE AMOUNT.




$$
