000
CDUS43 KLSX 210732
CLISTL


CLIMATE REPORT
NATIONAL WEATHER SERVICE ST LOUIS MO
231 AM CDT MON JUL 21 2014


...................................

...THE ST. LOUIS CLIMATE SUMMARY FOR JULY 20 2014...

CLIMATE NORMAL PERIOD 1981 TO 2010
CLIMATE RECORD PERIOD 1874 TO 2014


WEATHER ITEM   OBSERVED TIME   RECORD YEAR NORMAL DEPARTURE LAST
                VALUE   (LST)  VALUE       VALUE  FROM      YEAR
                                                  NORMAL
..................................................................
TEMPERATURE (F)
 YESTERDAY
  MAXIMUM         87        MM 110    1934  89     -2       93
  MINIMUM         65        MM  58    1929  71     -6       77
  AVERAGE         76                        80     -4       85

PRECIPITATION (IN)
  YESTERDAY        0.00          3.70 1949   0.13  -0.13     0.00
  MONTH TO DATE    1.57                      2.70  -1.13     1.77
  SINCE JUN 1      6.83                      6.98  -0.15     7.70
  SINCE JAN 1     23.89                     23.35   0.54    31.84

SNOWFALL (IN)
  YESTERDAY        0.0           0.0  2013   0.0    0.0      0.0
  MONTH TO DATE    0.0                       0.0    0.0      0.0
  SINCE JUN 1      0.0                       0.0    0.0      0.0
  SINCE JUL 1      0.0                       0.0    0.0      0.0
  SNOW DEPTH       0

DEGREE DAYS
 HEATING
  YESTERDAY        0                         0      0        0
  MONTH TO DATE    0                         0      0        0
  SINCE JUN 1      0                         5     -5        1
  SINCE JUL 1      0                         0      0        0

 COOLING
  YESTERDAY       11                        15     -4       20
  MONTH TO DATE  229                       300    -71      297
  SINCE JUN 1    627                       634     -7      634
  SINCE JAN 1    889                       808     81      845
..................................................................


WIND (MPH)
  HIGHEST WIND SPEED    10   HIGHEST WIND DIRECTION    SE (150)
  HIGHEST GUST SPEED    MM   HIGHEST GUST DIRECTION    MM
  AVERAGE WIND SPEED     4.2


SKY COVER
  AVERAGE SKY COVER 0.6


WEATHER CONDITIONS
 THE FOLLOWING WEATHER WAS RECORDED YESTERDAY.
  NO SIGNIFICANT WEATHER WAS OBSERVED.


RELATIVE HUMIDITY (PERCENT)
 HIGHEST    78           300 AM
 LOWEST     44           200 PM
 AVERAGE    61

..........................................................


THE ST. LOUIS CLIMATE NORMALS FOR TODAY
                         NORMAL    RECORD    YEAR
 MAXIMUM TEMPERATURE (F)   89       106      1901
 MINIMUM TEMPERATURE (F)   71        54      1970
                                             1944


SUNRISE AND SUNSET
JULY 21 2014..........SUNRISE   554 AM CDT   SUNSET   822 PM CDT
JULY 22 2014..........SUNRISE   554 AM CDT   SUNSET   821 PM CDT


-  INDICATES NEGATIVE NUMBERS.
R  INDICATES RECORD WAS SET OR TIED.
MM INDICATES DATA IS MISSING.
T  INDICATES TRACE AMOUNT.




$$
