000
CDUS43 KLSX 300727
CLISTL


CLIMATE REPORT
NATIONAL WEATHER SERVICE ST LOUIS MO
126 AM CST WED NOV 30 2016


...................................

...THE ST. LOUIS CLIMATE SUMMARY FOR NOVEMBER 29 2016...

CLIMATE NORMAL PERIOD 1981 TO 2010
CLIMATE RECORD PERIOD 1874 TO 2016


WEATHER ITEM   OBSERVED TIME   RECORD YEAR NORMAL DEPARTURE LAST
                VALUE   (LST)  VALUE       VALUE  FROM      YEAR
                                                  NORMAL
..................................................................
TEMPERATURE (F)
 YESTERDAY
  MAXIMUM         63    228 PM  75    1933  48     15       42
  MINIMUM         44   1159 PM   8    1976  32     12       39
                                      1929
  AVERAGE         54                        40     14       41

PRECIPITATION (IN)
  YESTERDAY        0.00          0.73 1967   0.12  -0.12     0.09
  MONTH TO DATE    3.73                      3.78  -0.05     6.36
  SINCE SEP 1     11.83                     10.24   1.59    10.45
  SINCE JAN 1     40.31                     37.99   2.32    49.38

SNOWFALL (IN)
  YESTERDAY        0.0           1.7  1964   0.0    0.0      0.0
  MONTH TO DATE    0.0                       0.6   -0.6       T
  SINCE SEP 1      0.0                       0.6   -0.6       T
  SINCE JUL 1      0.0                       0.6   -0.6       T
  SNOW DEPTH       0

DEGREE DAYS
 HEATING
  YESTERDAY       11                        25    -14       24
  MONTH TO DATE  375                       524   -149      372
  SINCE SEP 1    466                       799   -333      541
  SINCE JUL 1    466                       800   -334      541

 COOLING
  YESTERDAY        0                         0      0        0
  MONTH TO DATE   23                         0     23        1
  SINCE SEP 1    457                       243    214      366
  SINCE JAN 1   2162                      1642    520     1873
..................................................................


WIND (MPH)
  HIGHEST WIND SPEED    21   HIGHEST WIND DIRECTION    SW (210)
  HIGHEST GUST SPEED    24   HIGHEST GUST DIRECTION    SW (210)
  AVERAGE WIND SPEED    10.1


SKY COVER
  AVERAGE SKY COVER 0.5


WEATHER CONDITIONS
 THE FOLLOWING WEATHER WAS RECORDED YESTERDAY.
  NO SIGNIFICANT WEATHER WAS OBSERVED.


RELATIVE HUMIDITY (PERCENT)
 HIGHEST    80           800 AM
 LOWEST     48           300 PM
 AVERAGE    64

..........................................................


THE ST. LOUIS CLIMATE NORMALS FOR TODAY
                         NORMAL    RECORD    YEAR
 MAXIMUM TEMPERATURE (F)   48        72      2014
 MINIMUM TEMPERATURE (F)   32         1      1964


SUNRISE AND SUNSET
NOVEMBER 30 2016......SUNRISE   700 AM CST   SUNSET   440 PM CST
DECEMBER  1 2016......SUNRISE   701 AM CST   SUNSET   440 PM CST


-  INDICATES NEGATIVE NUMBERS.
R  INDICATES RECORD WAS SET OR TIED.
MM INDICATES DATA IS MISSING.
T  INDICATES TRACE AMOUNT.




$$
