477
CDUS43 KLSX 030730
CLISTL


CLIMATE REPORT
NATIONAL WEATHER SERVICE ST LOUIS MO
130 AM CST WED FEB 3 2016


...................................

...THE ST. LOUIS CLIMATE SUMMARY FOR FEBRUARY 2 2016...

CLIMATE NORMAL PERIOD 1981 TO 2010
CLIMATE RECORD PERIOD 1874 TO 2016


WEATHER ITEM   OBSERVED TIME   RECORD YEAR NORMAL DEPARTURE LAST
                VALUE   (LST)  VALUE       VALUE  FROM      YEAR
                                                  NORMAL
..................................................................
TEMPERATURE (F)
 YESTERDAY
  MAXIMUM         66R   251 PM  65    2012  42     24       29
                                      2003
                                      1924
  MINIMUM         42   1222 AM -10    1917  25     17       18
                                      1905
  AVERAGE         54                        33     21       24

PRECIPITATION (IN)
  YESTERDAY        0.15          1.18 1883   0.07   0.08      T
  MONTH TO DATE    0.15                      0.15   0.00     0.66
  SINCE DEC 1     12.69                      5.39   7.30     4.59
  SINCE JAN 1      0.95                      2.55  -1.60     1.87

SNOWFALL (IN)
  YESTERDAY        0.0           7.8  1961   0.2   -0.2       T
  MONTH TO DATE    0.0                       0.4   -0.4      0.2
  SINCE DEC 1      3.3                      10.4   -7.1      0.7
  SINCE JUL 1      3.3                      11.1   -7.8      4.5
  SNOW DEPTH       0

DEGREE DAYS
 HEATING
  YESTERDAY       11                        32    -21       41
  MONTH TO DATE   29                        64    -35       74
  SINCE DEC 1   1585                      2032   -447     1856
  SINCE JUL 1   2147                      2858   -711     2813

 COOLING
  YESTERDAY        0                         0      0        0
  MONTH TO DATE    0                         0      0        0
  SINCE DEC 1      0                         0      0        0
  SINCE JAN 1      0                         0      0        0
..................................................................


WIND (MPH)
  HIGHEST WIND SPEED    28   HIGHEST WIND DIRECTION    SE (120)
  HIGHEST GUST SPEED    32   HIGHEST GUST DIRECTION    SE (120)
  AVERAGE WIND SPEED    12.7


SKY COVER
  AVERAGE SKY COVER 0.7


WEATHER CONDITIONS
 THE FOLLOWING WEATHER WAS RECORDED YESTERDAY.
  RAIN
  LIGHT RAIN
  FOG
  HAZE


RELATIVE HUMIDITY (PERCENT)
 HIGHEST    96          1100 AM
 LOWEST     41          1100 PM
 AVERAGE    69

..........................................................


THE ST. LOUIS CLIMATE NORMALS FOR TODAY
                         NORMAL    RECORD    YEAR
 MAXIMUM TEMPERATURE (F)   42        75      1890
 MINIMUM TEMPERATURE (F)   25       -12      1996


SUNRISE AND SUNSET
FEBRUARY  3 2016......SUNRISE   706 AM CST   SUNSET   525 PM CST
FEBRUARY  4 2016......SUNRISE   705 AM CST   SUNSET   526 PM CST


-  INDICATES NEGATIVE NUMBERS.
R  INDICATES RECORD WAS SET OR TIED.
MM INDICATES DATA IS MISSING.
T  INDICATES TRACE AMOUNT.




$$
