000
CDUS43 KLSX 042228
CLISTL


CLIMATE REPORT
NATIONAL WEATHER SERVICE ST LOUIS MO
528 PM CDT FRI JUL 4 2014


...................................

...THE ST. LOUIS CLIMATE SUMMARY FOR JULY 4 2014...
VALID TODAY AS OF 0500 PM LOCAL TIME.

CLIMATE NORMAL PERIOD 1981 TO 2010
CLIMATE RECORD PERIOD 1874 TO 2014


WEATHER ITEM   OBSERVED TIME   RECORD YEAR NORMAL DEPARTURE LAST
                VALUE   (LST)  VALUE       VALUE  FROM      YEAR
                                                  NORMAL
..................................................................
TEMPERATURE (F)
 TODAY
  MAXIMUM         84    242 PM 105    2012  89     -5       84
  MINIMUM         63    416 AM  52    1940  71     -8       64
  AVERAGE         74                        80     -6       74

PRECIPITATION (IN)
  TODAY            0.00          3.03 1982   0.13  -0.13     0.00
  MONTH TO DATE    0.02                      0.51  -0.49     0.54
  SINCE JUN 1      5.28                      4.79   0.49     6.47
  SINCE JAN 1     22.34                     21.16   1.18    30.61

SNOWFALL (IN)
  TODAY            0.0           0.0  2013   0.0    0.0      0.0
  MONTH TO DATE    0.0                       0.0    0.0      0.0
  SINCE JUN 1      0.0                       0.0    0.0      0.0
  SINCE JUL 1      0.0                       0.0    0.0      0.0
  SNOW DEPTH       0

DEGREE DAYS
 HEATING
  TODAY            0                         0      0        0
  MONTH TO DATE    0                         0      0        0
  SINCE JUN 1      0                         5     -5        1
  SINCE JUL 1      0                         0      0        0

 COOLING
  TODAY            9                        15     -6        9
  MONTH TO DATE   36                        60    -24       27
  SINCE JUN 1    434                       394     40      364
  SINCE JAN 1    696                       568    128      575
..................................................................


WIND (MPH)
  HIGHEST WIND SPEED    12   HIGHEST WIND DIRECTION     E (90)
  HIGHEST GUST SPEED    16   HIGHEST GUST DIRECTION     E (70)
  AVERAGE WIND SPEED     3.1


SKY COVER
  AVERAGE SKY COVER 0.5



RELATIVE HUMIDITY (PERCENT)
 HIGHEST    87           600 AM
 LOWEST     37           300 PM
 AVERAGE    62

..........................................................


THE ST. LOUIS CLIMATE NORMALS FOR TOMORROW
                         NORMAL    RECORD    YEAR
 MAXIMUM TEMPERATURE (F)   89       105      2012
 MINIMUM TEMPERATURE (F)   71        53      1972


SUNRISE AND SUNSET
JULY  4 2014..........SUNRISE   542 AM CDT   SUNSET   830 PM CDT
JULY  5 2014..........SUNRISE   542 AM CDT   SUNSET   830 PM CDT


-  INDICATES NEGATIVE NUMBERS.
R  INDICATES RECORD WAS SET OR TIED.
MM INDICATES DATA IS MISSING.
T  INDICATES TRACE AMOUNT.




$$
