000
CDUS43 KLSX 202145
CLISTL


CLIMATE REPORT
NATIONAL WEATHER SERVICE ST LOUIS MO
445 PM CDT FRI MAR 20 2015


...................................

...THE ST. LOUIS CLIMATE SUMMARY FOR MARCH 20 2015...
VALID TODAY AS OF 0400 PM LOCAL TIME.

CLIMATE NORMAL PERIOD 1981 TO 2010
CLIMATE RECORD PERIOD 1874 TO 2015


WEATHER ITEM   OBSERVED TIME   RECORD YEAR NORMAL DEPARTURE LAST
                VALUE   (LST)  VALUE       VALUE  FROM      YEAR
                                                  NORMAL
..................................................................
TEMPERATURE (F)
 TODAY
  MAXIMUM         55    259 PM  83    2012  58     -3       69
                                      1948
                                      1935
  MINIMUM         42    647 AM  13    1965  38      4       31
                                      1906
  AVERAGE         49                        48      1       50

PRECIPITATION (IN)
  TODAY            0.00          2.02 1989   0.11  -0.11     0.00
  MONTH TO DATE    1.67                      1.98  -0.31     1.35
  SINCE MAR 1      1.67                      1.98  -0.31     1.35
  SINCE JAN 1      4.62                      6.62  -2.00     4.50

SNOWFALL (IN)
  TODAY            0.0           8.6  1924   0.1   -0.1      0.0
  MONTH TO DATE    0.6                       1.9   -1.3      1.5
  SINCE MAR 1      0.6                       1.9   -1.3      1.5
  SINCE JUL 1     16.8                      16.9   -0.1     28.7
  SNOW DEPTH       0

DEGREE DAYS
 HEATING
  TODAY           16                        17     -1       15
  MONTH TO DATE  399                       418    -19      470
  SINCE MAR 1    399                       418    -19      470
  SINCE JUL 1   4201                      4016    185     4507

 COOLING
  TODAY            0                         0      0        0
  MONTH TO DATE    0                         0      0        0
  SINCE MAR 1      0                         0      0        0
  SINCE JAN 1      0                         0      0        0
..................................................................


WIND (MPH)
  HIGHEST WIND SPEED    10   HIGHEST WIND DIRECTION    NW (310)
  HIGHEST GUST SPEED    16   HIGHEST GUST DIRECTION     W (280)
  AVERAGE WIND SPEED     6.5


SKY COVER
  AVERAGE SKY COVER 1.0



RELATIVE HUMIDITY (PERCENT)
 HIGHEST    89           100 AM
 LOWEST     55           300 PM
 AVERAGE    72

..........................................................


THE ST. LOUIS CLIMATE NORMALS FOR TOMORROW
                         NORMAL    RECORD    YEAR
 MAXIMUM TEMPERATURE (F)   58        90      1907
 MINIMUM TEMPERATURE (F)   38         8      1876


SUNRISE AND SUNSET
MARCH 20 2015.........SUNRISE   705 AM CDT   SUNSET   713 PM CDT
MARCH 21 2015.........SUNRISE   704 AM CDT   SUNSET   714 PM CDT


-  INDICATES NEGATIVE NUMBERS.
R  INDICATES RECORD WAS SET OR TIED.
MM INDICATES DATA IS MISSING.
T  INDICATES TRACE AMOUNT.




$$
