000
CDUS43 KLSX 092244
CLISTL


CLIMATE REPORT
NATIONAL WEATHER SERVICE ST LOUIS MO
543 PM CDT FRI SEP 9 2016


...................................

...THE ST. LOUIS CLIMATE SUMMARY FOR SEPTEMBER 9 2016...
VALID TODAY AS OF 0500 PM LOCAL TIME.

CLIMATE NORMAL PERIOD 1981 TO 2010
CLIMATE RECORD PERIOD 1874 TO 2016


WEATHER ITEM   OBSERVED TIME   RECORD YEAR NORMAL DEPARTURE LAST
                VALUE   (LST)  VALUE       VALUE  FROM      YEAR
                                                  NORMAL
..................................................................
TEMPERATURE (F)
 TODAY
  MAXIMUM         89    241 PM 101    1925  83      6       86
  MINIMUM         70    827 AM  43    1883  64      6       72
  AVERAGE         80                        73      7       79

PRECIPITATION (IN)
  TODAY            1.35          2.05 1878   0.10   1.25     0.11
  MONTH TO DATE    1.86                      0.93   0.93     1.46
  SINCE SEP 1      1.86                      0.93   0.93     1.46
  SINCE JAN 1     30.34                     28.68   1.66    40.39

SNOWFALL (IN)
  TODAY            0.0           0.0  2015   0.0    0.0      0.0
  MONTH TO DATE    0.0                       0.0    0.0      0.0
  SINCE SEP 1      0.0                       0.0    0.0      0.0
  SINCE JUL 1      0.0                       0.0    0.0      0.0
  SNOW DEPTH       0

DEGREE DAYS
 HEATING
  TODAY            0                         0      0        0
  MONTH TO DATE    0                         0      0        0
  SINCE SEP 1      0                         0      0        0
  SINCE JUL 1      0                         1     -1        0

 COOLING
  TODAY           15                         9      6       14
  MONTH TO DATE  124                        90     34      169
  SINCE SEP 1    124                        90     34      169
  SINCE JAN 1   1829                      1489    340     1676
..................................................................


WIND (MPH)
  HIGHEST WIND SPEED    24   HIGHEST WIND DIRECTION    SE (120)
  HIGHEST GUST SPEED    30   HIGHEST GUST DIRECTION    SE (130)
  AVERAGE WIND SPEED     7.5


SKY COVER
  AVERAGE SKY COVER 0.9



RELATIVE HUMIDITY (PERCENT)
 HIGHEST    93           400 AM
 LOWEST     63           300 PM
 AVERAGE    78

..........................................................


THE ST. LOUIS CLIMATE NORMALS FOR TOMORROW
                         NORMAL    RECORD    YEAR
 MAXIMUM TEMPERATURE (F)   83        98      2013
                                             1983
                                             1933
 MINIMUM TEMPERATURE (F)   63        46      1976


SUNRISE AND SUNSET
SEPTEMBER  9 2016.....SUNRISE   638 AM CDT   SUNSET   718 PM CDT
SEPTEMBER 10 2016.....SUNRISE   639 AM CDT   SUNSET   717 PM CDT


-  INDICATES NEGATIVE NUMBERS.
R  INDICATES RECORD WAS SET OR TIED.
MM INDICATES DATA IS MISSING.
T  INDICATES TRACE AMOUNT.




$$
