000
CDUS43 KLSX 190726
CLISTL


CLIMATE REPORT
NATIONAL WEATHER SERVICE ST LOUIS MO
125 AM CST MON JAN 19 2015


...................................

...THE ST. LOUIS CLIMATE SUMMARY FOR JANUARY 18 2015...

CLIMATE NORMAL PERIOD 1981 TO 2010
CLIMATE RECORD PERIOD 1874 TO 2015


WEATHER ITEM   OBSERVED TIME   RECORD YEAR NORMAL DEPARTURE LAST
                VALUE   (LST)  VALUE       VALUE  FROM      YEAR
                                                  NORMAL
..................................................................
TEMPERATURE (F)
 YESTERDAY
  MAXIMUM         58    318 PM  72    1880  40     18       43
  MINIMUM         36   1134 PM -19    1930  24     12       16
  AVERAGE         47                        32     15       30

PRECIPITATION (IN)
  YESTERDAY        0.00          1.62 1949   0.08  -0.08     0.06
  MONTH TO DATE    1.02                      1.44  -0.42     1.58
  SINCE DEC 1      3.74                      4.28  -0.54     3.54
  SINCE JAN 1      1.02                      1.44  -0.42     1.58

SNOWFALL (IN)
  YESTERDAY        0.0          10.0  1892   0.1   -0.1      0.1
  MONTH TO DATE    0.3                       3.2   -2.9     15.3
  SINCE DEC 1      0.5                       7.6   -7.1     20.9
  SINCE JUL 1      4.3                       8.3   -4.0     20.9
  SNOW DEPTH       0

DEGREE DAYS
 HEATING
  YESTERDAY       18                        33    -15       35
  MONTH TO DATE  639                       602     37      663
  SINCE DEC 1   1443                      1541    -98     1633
  SINCE JUL 1   2400                      2367     33     2503

 COOLING
  YESTERDAY        0                         0      0        0
  MONTH TO DATE    0                         0      0        0
  SINCE DEC 1      0                         0      0        0
  SINCE JAN 1      0                         0      0        0
..................................................................


WIND (MPH)
  HIGHEST WIND SPEED    20   HIGHEST WIND DIRECTION     W (280)
  HIGHEST GUST SPEED    24   HIGHEST GUST DIRECTION     W (280)
  AVERAGE WIND SPEED     8.1


SKY COVER
  AVERAGE SKY COVER 0.5


WEATHER CONDITIONS
 THE FOLLOWING WEATHER WAS RECORDED YESTERDAY.
  NO SIGNIFICANT WEATHER WAS OBSERVED.


RELATIVE HUMIDITY (PERCENT)
 HIGHEST    70           400 AM
 LOWEST     30           300 PM
 AVERAGE    50

..........................................................


THE ST. LOUIS CLIMATE NORMALS FOR TODAY
                         NORMAL    RECORD    YEAR
 MAXIMUM TEMPERATURE (F)   40        75      1952
 MINIMUM TEMPERATURE (F)   24       -14      1940


SUNRISE AND SUNSET
JANUARY 19 2015.......SUNRISE   717 AM CST   SUNSET   508 PM CST
JANUARY 20 2015.......SUNRISE   716 AM CST   SUNSET   509 PM CST


-  INDICATES NEGATIVE NUMBERS.
R  INDICATES RECORD WAS SET OR TIED.
MM INDICATES DATA IS MISSING.
T  INDICATES TRACE AMOUNT.




$$
