000
CDUS43 KLSX 232237
CLISTL


CLIMATE REPORT
NATIONAL WEATHER SERVICE ST LOUIS MO
531 PM CDT THU JUL 23 2015


...................................

...THE ST. LOUIS CLIMATE SUMMARY FOR JULY 23 2015...
VALID TODAY AS OF 0500 PM LOCAL TIME.

CLIMATE NORMAL PERIOD 1981 TO 2010
CLIMATE RECORD PERIOD 1874 TO 2015


WEATHER ITEM   OBSERVED TIME   RECORD YEAR NORMAL DEPARTURE LAST
                VALUE   (LST)  VALUE       VALUE  FROM      YEAR
                                                  NORMAL
..................................................................
TEMPERATURE (F)
 TODAY
  MAXIMUM         88    328 PM 108    1934  89     -1       85
  MINIMUM         72    324 AM  52    1947  71      1       69
  AVERAGE         80                        80      0       77

PRECIPITATION (IN)
  TODAY            0.00          2.05 1973   0.14  -0.14      T
  MONTH TO DATE    3.89                      3.09   0.80     1.57
  SINCE JUN 1     17.03                      7.37   9.66     6.83
  SINCE JAN 1     32.02                     23.74   8.28    23.89

SNOWFALL (IN)
  TODAY            0.0           0.0  2013   0.0    0.0      0.0
  MONTH TO DATE    0.0                       0.0    0.0      0.0
  SINCE JUN 1      0.0                       0.0    0.0      0.0
  SINCE JUL 1      0.0                       0.0    0.0      0.0
  SNOW DEPTH       0

DEGREE DAYS
 HEATING
  TODAY            0                         0      0        0
  MONTH TO DATE    0                         0      0        0
  SINCE JUN 1      3                         5     -2        0
  SINCE JUL 1      0                         0      0        0

 COOLING
  TODAY           15                        15      0       12
  MONTH TO DATE  338                       345     -7      274
  SINCE JUN 1    728                       679     49      672
  SINCE JAN 1    952                       853     99      934
..................................................................


WIND (MPH)
  HIGHEST WIND SPEED    12   HIGHEST WIND DIRECTION     E (80)
  HIGHEST GUST SPEED    17   HIGHEST GUST DIRECTION     E (80)
  AVERAGE WIND SPEED     6.9


SKY COVER
  AVERAGE SKY COVER 0.7



RELATIVE HUMIDITY (PERCENT)
 HIGHEST    69          1200 AM
 LOWEST     43           200 PM
 AVERAGE    56

..........................................................


THE ST. LOUIS CLIMATE NORMALS FOR TOMORROW
                         NORMAL    RECORD    YEAR
 MAXIMUM TEMPERATURE (F)   89       111      1934
 MINIMUM TEMPERATURE (F)   71        57      1876


SUNRISE AND SUNSET
JULY 23 2015..........SUNRISE   555 AM CDT   SUNSET   821 PM CDT
JULY 24 2015..........SUNRISE   556 AM CDT   SUNSET   820 PM CDT


-  INDICATES NEGATIVE NUMBERS.
R  INDICATES RECORD WAS SET OR TIED.
MM INDICATES DATA IS MISSING.
T  INDICATES TRACE AMOUNT.




$$
