000
CDUS43 KLSX 032228
CLISTL


CLIMATE REPORT
NATIONAL WEATHER SERVICE ST LOUIS MO
526 PM CDT TUE OCT 3 2017


...................................

...THE ST. LOUIS CLIMATE SUMMARY FOR OCTOBER 3 2017...
VALID TODAY AS OF 0500 PM LOCAL TIME.

CLIMATE NORMAL PERIOD 1981 TO 2010
CLIMATE RECORD PERIOD 1874 TO 2017


WEATHER ITEM   OBSERVED TIME   RECORD YEAR NORMAL DEPARTURE LAST
                VALUE   (LST)  VALUE       VALUE  FROM      YEAR
                                                  NORMAL
..................................................................
TEMPERATURE (F)
 TODAY
  MAXIMUM         80   1056 AM  94    2006  73      7       76
  MINIMUM         71    132 PM  31    1974  53     18       62
  AVERAGE         76                        63     13       69

PRECIPITATION (IN)
  TODAY            0.10          2.67 1986   0.10   0.00     0.00
  MONTH TO DATE    0.10                      0.31  -0.21      T
  SINCE SEP 1      0.37                      3.44  -3.07     4.95
  SINCE JAN 1     30.67                     31.19  -0.52    33.43

SNOWFALL (IN)
  TODAY            0.0           0.0  2015   0.0    0.0      0.0
  MONTH TO DATE    0.0                       0.0    0.0      0.0
  SINCE SEP 1      0.0                       0.0    0.0      0.0
  SINCE JUL 1      0.0                       0.0    0.0      0.0
  SNOW DEPTH       0

DEGREE DAYS
 HEATING
  TODAY            0                         4     -4        0
  MONTH TO DATE    0                        12    -12        0
  SINCE SEP 1      7                        52    -45        4
  SINCE JUL 1      7                        53    -46        4

 COOLING
  TODAY           11                         3      8        4
  MONTH TO DATE   24                         9     15        7
  SINCE SEP 1    286                       211     75      331
  SINCE JAN 1   1888                      1610    278     2036
..................................................................


WIND (MPH)
  HIGHEST WIND SPEED    21   HIGHEST WIND DIRECTION    SW (210)
  HIGHEST GUST SPEED    27   HIGHEST GUST DIRECTION     S (200)
  AVERAGE WIND SPEED    11.0


SKY COVER
  AVERAGE SKY COVER 0.8



RELATIVE HUMIDITY (PERCENT)
 HIGHEST    82           300 PM
 LOWEST     67          1100 AM
 AVERAGE    75

..........................................................


THE ST. LOUIS CLIMATE NORMALS FOR TOMORROW
                         NORMAL    RECORD    YEAR
 MAXIMUM TEMPERATURE (F)   73        92      1951
 MINIMUM TEMPERATURE (F)   53        36      1935


SUNRISE AND SUNSET
OCTOBER  3 2017.......SUNRISE   700 AM CDT   SUNSET   641 PM CDT
OCTOBER  4 2017.......SUNRISE   700 AM CDT   SUNSET   639 PM CDT


-  INDICATES NEGATIVE NUMBERS.
R  INDICATES RECORD WAS SET OR TIED.
MM INDICATES DATA IS MISSING.
T  INDICATES TRACE AMOUNT.




$$
