000
CDUS43 KLSX 121245 CCA
CLISTL

CLIMATE REPORT
NATIONAL WEATHER SERVICE ST LOUIS MO
245 AM CDT TUE AUG 12 2014


...................................

...THE ST. LOUIS CLIMATE SUMMARY FOR AUGUST 11 2014...CORRECTION...

CLIMATE NORMAL PERIOD 1981 TO 2010
CLIMATE RECORD PERIOD 1874 TO 2014


WEATHER ITEM   OBSERVED TIME   RECORD YEAR NORMAL DEPARTURE LAST
                VALUE   (LST)  VALUE       VALUE  FROM      YEAR
                                                  NORMAL
..................................................................
TEMPERATURE (F)
 YESTERDAY
  MAXIMUM         87    336 PM 104    1881  89     -2       86
  MINIMUM         70   1159 PM  56    1967  70      0       63
                                      1930
  AVERAGE         79                        79      0       75

PRECIPITATION (IN)
  YESTERDAY        T             2.34 1939   0.10  -0.10     0.00
  MONTH TO DATE    3.18                      1.14   2.04     0.84
  SINCE JUN 1     10.03                      9.53   0.50    10.12
  SINCE JAN 1     27.09                     25.90   1.19    34.26

SNOWFALL (IN)
  YESTERDAY        0.0           0.0  2013   0.0    0.0      0.0
  MONTH TO DATE    0.0                       0.0    0.0      0.0
  SINCE JUN 1      0.0                       0.0    0.0      0.0
  SINCE JUL 1      0.0                       0.0    0.0      0.0
  SNOW DEPTH       0

DEGREE DAYS
 HEATING
  YESTERDAY        0                         0      0        0
  MONTH TO DATE    0                         0      0        0
  SINCE JUN 1      0                         5     -5        1
  SINCE JUL 1      0                         0      0        0

 COOLING
  YESTERDAY       14                        14      0       10
  MONTH TO DATE  142                       162    -20      133
  SINCE JUN 1    902                       963    -61      876
  SINCE JAN 1   1164                      1137     27     1087
..................................................................


WIND (MPH)
  HIGHEST WIND SPEED    18   HIGHEST WIND DIRECTION     W (280)
  HIGHEST GUST SPEED    23   HIGHEST GUST DIRECTION     W (280)
  AVERAGE WIND SPEED     8.3


SKY COVER
  AVERAGE SKY COVER 0.5


WEATHER CONDITIONS
 THE FOLLOWING WEATHER WAS RECORDED YESTERDAY.
  FOG
  HAZE


RELATIVE HUMIDITY (PERCENT)
 HIGHEST    93           100 AM
 LOWEST     51           100 PM
 AVERAGE    72

..........................................................


THE ST. LOUIS CLIMATE NORMALS FOR TODAY
                         NORMAL    RECORD    YEAR
 MAXIMUM TEMPERATURE (F)   89       106      1881
 MINIMUM TEMPERATURE (F)   70        51      1967


SUNRISE AND SUNSET
AUGUST 12 2014........SUNRISE   613 AM CDT   SUNSET   800 PM CDT
AUGUST 13 2014........SUNRISE   614 AM CDT   SUNSET   758 PM CDT


-  INDICATES NEGATIVE NUMBERS.
R  INDICATES RECORD WAS SET OR TIED.
MM INDICATES DATA IS MISSING.
T  INDICATES TRACE AMOUNT.




$$
