000
CDUS43 KLSX 290738
CLISTL


CLIMATE REPORT
NATIONAL WEATHER SERVICE ST LOUIS MO
137 AM CST THU DEC 29 2016


...................................

...THE ST. LOUIS CLIMATE SUMMARY FOR DECEMBER 28 2016...

CLIMATE NORMAL PERIOD 1981 TO 2010
CLIMATE RECORD PERIOD 1874 TO 2016


WEATHER ITEM   OBSERVED TIME   RECORD YEAR NORMAL DEPARTURE LAST
                VALUE   (LST)  VALUE       VALUE  FROM      YEAR
                                                  NORMAL
..................................................................
TEMPERATURE (F)
 YESTERDAY
  MAXIMUM         52    345 PM  75    1928  40     12       48
  MINIMUM         32    653 AM  -8    1924  24      8       37
  AVERAGE         42                        32     10       43

PRECIPITATION (IN)
  YESTERDAY        0.02          2.59 2015   0.08  -0.06     2.59
  MONTH TO DATE    1.13                      2.58  -1.45    11.74
  SINCE DEC 1      1.13                      2.58  -1.45    11.74
  SINCE JAN 1     41.44                     40.70   0.74    61.24

SNOWFALL (IN)
  YESTERDAY        0.0           3.5  1943   0.2   -0.2       T
  MONTH TO DATE    0.2                       3.9   -3.7       T
  SINCE DEC 1      0.2                       3.9   -3.7       T
  SINCE JUL 1      0.2                       4.6   -4.4       T
  SNOW DEPTH       0

DEGREE DAYS
 HEATING
  YESTERDAY       23                        33    -10       22
  MONTH TO DATE  862                       840     22      502
  SINCE DEC 1    862                       840     22      502
  SINCE JUL 1   1353                      1666   -313     1064

 COOLING
  YESTERDAY        0                         0      0        0
  MONTH TO DATE    0                         0      0        0
  SINCE DEC 1      0                         0      0        0
  SINCE JAN 1   2162                      1646    516     1873
..................................................................


WIND (MPH)
  HIGHEST WIND SPEED    15   HIGHEST WIND DIRECTION     S (160)
  HIGHEST GUST SPEED    21   HIGHEST GUST DIRECTION     S (180)
  AVERAGE WIND SPEED     8.0


SKY COVER
  AVERAGE SKY COVER 0.5


WEATHER CONDITIONS
 THE FOLLOWING WEATHER WAS RECORDED YESTERDAY.
  LIGHT RAIN


RELATIVE HUMIDITY (PERCENT)
 HIGHEST    72           700 AM
 LOWEST     45          1100 AM
 AVERAGE    59

..........................................................


THE ST. LOUIS CLIMATE NORMALS FOR TODAY
                         NORMAL    RECORD    YEAR
 MAXIMUM TEMPERATURE (F)   40        70      1984
 MINIMUM TEMPERATURE (F)   24       -15      1880


SUNRISE AND SUNSET
DECEMBER 29 2016......SUNRISE   719 AM CST   SUNSET   449 PM CST
DECEMBER 30 2016......SUNRISE   719 AM CST   SUNSET   449 PM CST


-  INDICATES NEGATIVE NUMBERS.
R  INDICATES RECORD WAS SET OR TIED.
MM INDICATES DATA IS MISSING.
T  INDICATES TRACE AMOUNT.




$$
