000
CDUS43 KLSX 122138
CLISTL


CLIMATE REPORT
NATIONAL WEATHER SERVICE ST LOUIS MO
437 PM CDT SUN OCT 12 2014


...................................

...THE ST. LOUIS CLIMATE SUMMARY FOR OCTOBER 12 2014...
VALID TODAY AS OF 0400 PM LOCAL TIME.

CLIMATE NORMAL PERIOD 1981 TO 2010
CLIMATE RECORD PERIOD 1874 TO 2014


WEATHER ITEM   OBSERVED TIME   RECORD YEAR NORMAL DEPARTURE LAST
                VALUE   (LST)  VALUE       VALUE  FROM      YEAR
                                                  NORMAL
..................................................................
TEMPERATURE (F)
 TODAY
  MAXIMUM         62    259 PM  89    1890  70     -8       79
                                      1879
  MINIMUM         52    709 AM  31    1987  50      2       56
  AVERAGE         57                        60     -3       68

PRECIPITATION (IN)
  TODAY            0.03          1.82 1929   0.11  -0.08     0.02
  MONTH TO DATE    3.49                      1.28   2.21     0.57
  SINCE SEP 1      7.69                      4.41   3.28     3.31
  SINCE JAN 1     36.66                     32.16   4.50    37.92

SNOWFALL (IN)
  TODAY            0.0           0.0  2013   0.0    0.0      0.0
  MONTH TO DATE    0.0                       0.0    0.0      0.0
  SINCE SEP 1      0.0                       0.0    0.0      0.0
  SINCE JUL 1      0.0                       0.0    0.0      0.0
  SNOW DEPTH       0

DEGREE DAYS
 HEATING
  TODAY            8                         6      2        0
  MONTH TO DATE   63                        62      1       19
  SINCE SEP 1    102                       102      0       22
  SINCE JUL 1    102                       103     -1       22

 COOLING
  TODAY            0                         1     -1        3
  MONTH TO DATE   19                        26     -7       63
  SINCE SEP 1    212                       228    -16      342
  SINCE JAN 1   1717                      1627     90     1728
..................................................................


WIND (MPH)
  HIGHEST WIND SPEED    13   HIGHEST WIND DIRECTION    SE (140)
  HIGHEST GUST SPEED    15   HIGHEST GUST DIRECTION    SE (140)
  AVERAGE WIND SPEED     8.0


SKY COVER
  AVERAGE SKY COVER 1.0



RELATIVE HUMIDITY (PERCENT)
 HIGHEST    93           900 AM
 LOWEST     71          1200 AM
 AVERAGE    82

..........................................................


THE ST. LOUIS CLIMATE NORMALS FOR TOMORROW
                         NORMAL    RECORD    YEAR
 MAXIMUM TEMPERATURE (F)   70        90      1899
 MINIMUM TEMPERATURE (F)   50        33      1979
                                             1977
                                             1917


SUNRISE AND SUNSET
OCTOBER 12 2014.......SUNRISE   708 AM CDT   SUNSET   627 PM CDT
OCTOBER 13 2014.......SUNRISE   709 AM CDT   SUNSET   626 PM CDT


-  INDICATES NEGATIVE NUMBERS.
R  INDICATES RECORD WAS SET OR TIED.
MM INDICATES DATA IS MISSING.
T  INDICATES TRACE AMOUNT.




$$
