000
CDUS43 KLSX 222142
CLISTL


CLIMATE REPORT
NATIONAL WEATHER SERVICE ST LOUIS MO
433 PM CDT FRI MAY 22 2015


...................................

...THE ST. LOUIS CLIMATE SUMMARY FOR MAY 22 2015...
VALID TODAY AS OF 0400 PM LOCAL TIME.

CLIMATE NORMAL PERIOD 1981 TO 2010
CLIMATE RECORD PERIOD 1874 TO 2015


WEATHER ITEM   OBSERVED TIME   RECORD YEAR NORMAL DEPARTURE LAST
                VALUE   (LST)  VALUE       VALUE  FROM      YEAR
                                                  NORMAL
..................................................................
TEMPERATURE (F)
 TODAY
  MAXIMUM         76     217PM  94    1925  78     -2       80
  MINIMUM         53     513AM  37    1883  59     -6       67
  AVERAGE         65                        68     -3       74

PRECIPITATION (IN)
  TODAY            0.00          1.31 2000   0.16  -0.16     0.00
  MONTH TO DATE    2.61                      3.27  -0.66     1.84
  SINCE MAR 1     11.03                     10.28   0.75    11.77
  SINCE JAN 1     13.98                     14.92  -0.94    14.92

SNOWFALL (IN)
  TODAY            0.0           0.0  2014   0.0    0.0      0.0
  MONTH TO DATE    0.0                       0.0    0.0      0.0
  SINCE MAR 1      0.6                       2.7   -2.1      1.6
  SINCE JUL 1     16.8                      17.7   -0.9     28.8
  SNOW DEPTH       0

DEGREE DAYS
 HEATING
  TODAY            0                         2     -2        0
  MONTH TO DATE   42                        66    -24       79
  SINCE MAR 1    772                       924   -152      990
  SINCE JUL 1   4574                      4522     52     5027

 COOLING
  TODAY            0                         5     -5        9
  MONTH TO DATE  122                        74     48      126
  SINCE MAR 1    147                       120     27      163
  SINCE JAN 1    147                       120     27      163
..................................................................


WIND (MPH)
  HIGHEST WIND SPEED     9   HIGHEST WIND DIRECTION     W (250)
  HIGHEST GUST SPEED    17   HIGHEST GUST DIRECTION    SW (220)
  AVERAGE WIND SPEED     6.5


SKY COVER
  AVERAGE SKY COVER 0.4



RELATIVE HUMIDITY (PERCENT)
 HIGHEST    66          1200 AM
 LOWEST     41           300 PM
 AVERAGE    54

..........................................................


THE ST. LOUIS CLIMATE NORMALS FOR TOMORROW
                         NORMAL    RECORD    YEAR
 MAXIMUM TEMPERATURE (F)   78        92      2010
                                             1950
 MINIMUM TEMPERATURE (F)   59        39      1931


SUNRISE AND SUNSET
MAY 22 2015...........SUNRISE   544 AM CDT   SUNSET   813 PM CDT
MAY 23 2015...........SUNRISE   543 AM CDT   SUNSET   814 PM CDT


-  INDICATES NEGATIVE NUMBERS.
R  INDICATES RECORD WAS SET OR TIED.
MM INDICATES DATA IS MISSING.
T  INDICATES TRACE AMOUNT.




$$
