000
CDUS43 KLSX 072257
CLISTL


CLIMATE REPORT...CORRECTED PRECIPITATION
NATIONAL WEATHER SERVICE ST LOUIS MO
556 PM CDT THU JUL 7 2016


...................................

...THE ST. LOUIS CLIMATE SUMMARY FOR JULY 7 2016...
VALID TODAY AS OF 0500 PM LOCAL TIME.

CLIMATE NORMAL PERIOD 1981 TO 2010
CLIMATE RECORD PERIOD 1874 TO 2016


WEATHER ITEM   OBSERVED TIME   RECORD YEAR NORMAL DEPARTURE LAST
                VALUE   (LST)  VALUE       VALUE  FROM      YEAR
                                                  NORMAL
..................................................................
TEMPERATURE (F)
 TODAY
  MAXIMUM         88    359 PM 107    2012  89     -1       81
  MINIMUM         71    323 AM  54    1983  71      0       66
  AVERAGE         80                        80      0       74

PRECIPITATION (IN)
  TODAY            0.49          1.91 1898   0.14   0.35     0.06
  MONTH TO DATE    2.38                      0.92   1.46     1.10
  SINCE JUN 1      3.67                      5.20  -1.53    14.24
  SINCE JAN 1     16.72                     21.57  -4.85    29.23

SNOWFALL (IN)
  TODAY            0.0           0.0  2015   0.0    0.0      0.0
  MONTH TO DATE    0.0                       0.0    0.0      0.0
  SINCE JUN 1      0.0                       0.0    0.0      0.0
  SINCE JUL 1      0.0                       0.0    0.0      0.0
  SNOW DEPTH       0

DEGREE DAYS
 HEATING
  TODAY            0                         0      0        0
  MONTH TO DATE    0                         0      0        0
  SINCE JUN 1      0                         5     -5        3
  SINCE JUL 1      0                         0      0        0

 COOLING
  TODAY           15                        15      0        9
  MONTH TO DATE   74                       105    -31       82
  SINCE JUN 1    569                       439    130      472
  SINCE JAN 1    763                       613    150      696
..................................................................


WIND (MPH)
  HIGHEST WIND SPEED    24   HIGHEST WIND DIRECTION     S (170)
  HIGHEST GUST SPEED    29   HIGHEST GUST DIRECTION     S (170)
  AVERAGE WIND SPEED     8.5


SKY COVER
  AVERAGE SKY COVER 0.6



RELATIVE HUMIDITY (PERCENT)
 HIGHEST    93           400 AM
 LOWEST     53           300 PM
 AVERAGE    73

..........................................................


THE ST. LOUIS CLIMATE NORMALS FOR TOMORROW
                         NORMAL    RECORD    YEAR
 MAXIMUM TEMPERATURE (F)   89       101      1980
 MINIMUM TEMPERATURE (F)   71        56      1891


SUNRISE AND SUNSET
JULY  7 2016..........SUNRISE   544 AM CDT   SUNSET   829 PM CDT
JULY  8 2016..........SUNRISE   545 AM CDT   SUNSET   829 PM CDT


-  INDICATES NEGATIVE NUMBERS.
R  INDICATES RECORD WAS SET OR TIED.
MM INDICATES DATA IS MISSING.
T  INDICATES TRACE AMOUNT.




$$
