000
CDUS43 KLSX 012234
CLISTL


CLIMATE REPORT
NATIONAL WEATHER SERVICE ST LOUIS MO
532 PM CDT TUE APR 1 2014


...................................

...THE ST. LOUIS CLIMATE SUMMARY FOR APRIL 1 2014...
VALID TODAY AS OF 0500 PM LOCAL TIME.

CLIMATE NORMAL PERIOD 1981 TO 2010
CLIMATE RECORD PERIOD 1874 TO 2014


WEATHER ITEM   OBSERVED TIME   RECORD YEAR NORMAL DEPARTURE LAST
                VALUE   (LST)  VALUE       VALUE  FROM      YEAR
                                                  NORMAL
..................................................................
TEMPERATURE (F)
 TODAY
  MAXIMUM         61    102 AM  91    1946  62     -1       49
  MINIMUM         41    706 AM  23    1881  42     -1       35
  AVERAGE         51                        52     -1       42

PRECIPITATION (IN)
  TODAY            0.01          1.54 1897   0.13  -0.12      T
  MONTH TO DATE    0.01                      0.13  -0.12      T
  SINCE MAR 1      1.56                      3.45  -1.89     4.95
  SINCE JAN 1      4.71                      8.09  -3.38    11.34

SNOWFALL (IN)
  TODAY            T             0.3  1993   0.0    0.0       T
  MONTH TO DATE    T                         0.0    0.0       T
  SINCE MAR 1      1.6                       2.3   -0.7     14.3
  SINCE JUL 1     28.8                      17.3   11.5     27.9
  SNOW DEPTH       0

DEGREE DAYS
 HEATING
  TODAY           14                        14      0       23
  MONTH TO DATE   14                        14      0       23
  SINCE MAR 1    704                       602    102      776
  SINCE JUL 1   4741                      4200    541     4093

 COOLING
  TODAY            0                         1     -1        0
  MONTH TO DATE    0                         1     -1        0
  SINCE MAR 1      0                         8     -8        0
  SINCE JAN 1      0                         8     -8        0
..................................................................


WIND (MPH)
  HIGHEST WIND SPEED    22   HIGHEST WIND DIRECTION     W (260)
  HIGHEST GUST SPEED    29   HIGHEST GUST DIRECTION     W (250)
  AVERAGE WIND SPEED    11.7


SKY COVER
  AVERAGE SKY COVER 0.2



RELATIVE HUMIDITY (PERCENT)
 HIGHEST    57           200 AM
 LOWEST     28           200 PM
 AVERAGE    43

..........................................................


THE ST. LOUIS CLIMATE NORMALS FOR TOMORROW
                         NORMAL    RECORD    YEAR
 MAXIMUM TEMPERATURE (F)   63        89      2012
 MINIMUM TEMPERATURE (F)   42        23      1961


SUNRISE AND SUNSET
APRIL  1 2014.........SUNRISE   646 AM CDT   SUNSET   725 PM CDT
APRIL  2 2014.........SUNRISE   645 AM CDT   SUNSET   726 PM CDT


-  INDICATES NEGATIVE NUMBERS.
R  INDICATES RECORD WAS SET OR TIED.
MM INDICATES DATA IS MISSING.
T  INDICATES TRACE AMOUNT.




$$
