000
CDUS43 KLSX 050729
CLISTL


CLIMATE REPORT
NATIONAL WEATHER SERVICE ST LOUIS MO
128 AM CST SUN MAR 5 2017


...................................

...THE ST. LOUIS CLIMATE SUMMARY FOR MARCH 4 2017...

CLIMATE NORMAL PERIOD 1981 TO 2010
CLIMATE RECORD PERIOD 1874 TO 2017


WEATHER ITEM   OBSERVED TIME   RECORD YEAR NORMAL DEPARTURE LAST
                VALUE   (LST)  VALUE       VALUE  FROM      YEAR
                                                  NORMAL
..................................................................
TEMPERATURE (F)
 YESTERDAY
  MAXIMUM         72    426 PM  79    1974  51     21       43
  MINIMUM         35    430 AM  -1    1978  33      2       37
  AVERAGE         54                        42     12       40

PRECIPITATION (IN)
  YESTERDAY        0.00          1.44 1963   0.09  -0.09     0.00
  MONTH TO DATE    0.54                      0.34   0.20     0.05
  SINCE MAR 1      0.54                      0.34   0.20     0.05
  SINCE JAN 1      2.83                      4.98  -2.15     1.65

SNOWFALL (IN)
  YESTERDAY        0.0          10.0  2008   0.1   -0.1      0.0
  MONTH TO DATE    0.0                       0.4   -0.4       T
  SINCE MAR 1      0.0                       0.4   -0.4       T
  SINCE JUL 1      1.4                      15.4  -14.0     10.6
  SNOW DEPTH       0

DEGREE DAYS
 HEATING
  YESTERDAY       11                        23    -12       25
  MONTH TO DATE   77                        95    -18      100
  SINCE MAR 1     77                        95    -18      100
  SINCE JUL 1   2810                      3693   -883     2930

 COOLING
  YESTERDAY        0                         0      0        0
  MONTH TO DATE    0                         0      0        0
  SINCE MAR 1      0                         0      0        0
  SINCE JAN 1      2                         0      2        0
..................................................................


WIND (MPH)
  HIGHEST WIND SPEED    18   HIGHEST WIND DIRECTION     W (250)
  HIGHEST GUST SPEED    24   HIGHEST GUST DIRECTION     S (170)
  AVERAGE WIND SPEED    10.9


SKY COVER
  AVERAGE SKY COVER 0.2


WEATHER CONDITIONS
 THE FOLLOWING WEATHER WAS RECORDED YESTERDAY.
  NO SIGNIFICANT WEATHER WAS OBSERVED.


RELATIVE HUMIDITY (PERCENT)
 HIGHEST    56           500 AM
 LOWEST     17           500 PM
 AVERAGE    37

..........................................................


THE ST. LOUIS CLIMATE NORMALS FOR TODAY
                         NORMAL    RECORD    YEAR
 MAXIMUM TEMPERATURE (F)   52        84      1956
 MINIMUM TEMPERATURE (F)   33        -5      1960


SUNRISE AND SUNSET
MARCH  5 2017.........SUNRISE   628 AM CST   SUNSET   559 PM CST
MARCH  6 2017.........SUNRISE   626 AM CST   SUNSET   600 PM CST


-  INDICATES NEGATIVE NUMBERS.
R  INDICATES RECORD WAS SET OR TIED.
MM INDICATES DATA IS MISSING.
T  INDICATES TRACE AMOUNT.




$$
