000
CDUS43 KLSX 102130
CLISTL


CLIMATE REPORT
NATIONAL WEATHER SERVICE ST LOUIS MO
429 PM CDT WED SEP 10 2014


...................................

...THE ST. LOUIS CLIMATE SUMMARY FOR SEPTEMBER 10 2014...
VALID TODAY AS OF 0400 PM LOCAL TIME.

CLIMATE NORMAL PERIOD 1981 TO 2010
CLIMATE RECORD PERIOD 1874 TO 2014


WEATHER ITEM   OBSERVED TIME   RECORD YEAR NORMAL DEPARTURE LAST
                VALUE   (LST)  VALUE       VALUE  FROM      YEAR
                                                  NORMAL
..................................................................
TEMPERATURE (F)
 TODAY
  MAXIMUM         89    201 PM  98    2013  83      6       98
                                      1983
                                      1933
  MINIMUM         76    838 AM  46    1976  63     13       79
  AVERAGE         83                        73     10       89

PRECIPITATION (IN)
  TODAY            0.31          2.89 1984   0.10   0.21     0.00
  MONTH TO DATE    3.26                      1.03   2.23     2.22
  SINCE SEP 1      3.26                      1.03   2.23     2.22
  SINCE JAN 1     32.23                     28.78   3.45    36.83

SNOWFALL (IN)
  TODAY            0.0           0.0  2013   0.0    0.0      0.0
  MONTH TO DATE    0.0                       0.0    0.0      0.0
  SINCE SEP 1      0.0                       0.0    0.0      0.0
  SINCE JUL 1      0.0                       0.0    0.0      0.0
  SNOW DEPTH       0

DEGREE DAYS
 HEATING
  TODAY            0                         0      0        0
  MONTH TO DATE    0                         0      0        0
  SINCE SEP 1      0                         0      0        0
  SINCE JUL 1      0                         1     -1        0

 COOLING
  TODAY           18                         8     10       24
  MONTH TO DATE  122                        98     24      151
  SINCE SEP 1    122                        98     24      151
  SINCE JAN 1   1627                      1497    130     1537
..................................................................


WIND (MPH)
  HIGHEST WIND SPEED    22   HIGHEST WIND DIRECTION    SW (210)
  HIGHEST GUST SPEED    28   HIGHEST GUST DIRECTION    SW (210)
  AVERAGE WIND SPEED    13.4


SKY COVER
  AVERAGE SKY COVER 1.0



RELATIVE HUMIDITY (PERCENT)
 HIGHEST    88           800 AM
 LOWEST     61           300 PM
 AVERAGE    75

..........................................................


THE ST. LOUIS CLIMATE NORMALS FOR TOMORROW
                         NORMAL    RECORD    YEAR
 MAXIMUM TEMPERATURE (F)   82        98      2013
 MINIMUM TEMPERATURE (F)   63        42      1940


SUNRISE AND SUNSET
SEPTEMBER 10 2014.....SUNRISE   639 AM CDT   SUNSET   718 PM CDT
SEPTEMBER 11 2014.....SUNRISE   639 AM CDT   SUNSET   716 PM CDT


-  INDICATES NEGATIVE NUMBERS.
R  INDICATES RECORD WAS SET OR TIED.
MM INDICATES DATA IS MISSING.
T  INDICATES TRACE AMOUNT.




$$
