000
CDUS43 KLSX 110729
CLISTL


CLIMATE REPORT
NATIONAL WEATHER SERVICE ST LOUIS MO
228 AM CDT MON JUL 11 2016


...................................

...THE ST. LOUIS CLIMATE SUMMARY FOR JULY 10 2016...

CLIMATE NORMAL PERIOD 1981 TO 2010
CLIMATE RECORD PERIOD 1874 TO 2016


WEATHER ITEM   OBSERVED TIME   RECORD YEAR NORMAL DEPARTURE LAST
                VALUE   (LST)  VALUE       VALUE  FROM      YEAR
                                                  NORMAL
..................................................................
TEMPERATURE (F)
 YESTERDAY
  MAXIMUM         93    218 PM 104    1966  89      4       80
                                      1901
                                      1881
  MINIMUM         73    535 AM  54    1963  71      2       67
                                      1961
  AVERAGE         83                        80      3       74

PRECIPITATION (IN)
  YESTERDAY        1.15          3.37 1982   0.14   1.01     0.77
  MONTH TO DATE    3.71                      1.34   2.37     2.88
  SINCE JUN 1      5.00                      5.62  -0.62    16.02
  SINCE JAN 1     18.05                     21.99  -3.94    31.01

SNOWFALL (IN)
  YESTERDAY        0.0           0.0  2015   0.0    0.0      0.0
  MONTH TO DATE    0.0                       0.0    0.0      0.0
  SINCE JUN 1      0.0                       0.0    0.0      0.0
  SINCE JUL 1      0.0                       0.0    0.0      0.0
  SNOW DEPTH       0

DEGREE DAYS
 HEATING
  YESTERDAY        0                         0      0        0
  MONTH TO DATE    0                         0      0        0
  SINCE JUN 1      0                         5     -5        3
  SINCE JUL 1      0                         0      0        0

 COOLING
  YESTERDAY       18                        15      3        9
  MONTH TO DATE  126                       150    -24       99
  SINCE JUN 1    621                       484    137      489
  SINCE JAN 1    815                       658    157      713
..................................................................


WIND (MPH)
  HIGHEST WIND SPEED    38   HIGHEST WIND DIRECTION     E (110)
  HIGHEST GUST SPEED    53   HIGHEST GUST DIRECTION     E (110)
  AVERAGE WIND SPEED     9.3


SKY COVER
  AVERAGE SKY COVER 0.6


WEATHER CONDITIONS
 THE FOLLOWING WEATHER WAS RECORDED YESTERDAY.
  THUNDERSTORM
  HEAVY RAIN
  RAIN
  LIGHT RAIN
  HAIL


RELATIVE HUMIDITY (PERCENT)
 HIGHEST    79           200 AM
 LOWEST     49           200 PM
 AVERAGE    64

..........................................................


THE ST. LOUIS CLIMATE NORMALS FOR TODAY
                         NORMAL    RECORD    YEAR
 MAXIMUM TEMPERATURE (F)   89       106      1966
                                             1930
 MINIMUM TEMPERATURE (F)   71        55      1963


SUNRISE AND SUNSET
JULY 11 2016..........SUNRISE   546 AM CDT   SUNSET   827 PM CDT
JULY 12 2016..........SUNRISE   547 AM CDT   SUNSET   827 PM CDT


-  INDICATES NEGATIVE NUMBERS.
R  INDICATES RECORD WAS SET OR TIED.
MM INDICATES DATA IS MISSING.
T  INDICATES TRACE AMOUNT.




$$
