000
CDUS43 KLSX 180737
CLISTL


CLIMATE REPORT
NATIONAL WEATHER SERVICE ST LOUIS MO
131 AM CST FRI NOV 18 2016


...................................

...THE ST. LOUIS CLIMATE SUMMARY FOR NOVEMBER 17 2016...

CLIMATE NORMAL PERIOD 1981 TO 2010
CLIMATE RECORD PERIOD 1874 TO 2016


WEATHER ITEM   OBSERVED TIME   RECORD YEAR NORMAL DEPARTURE LAST
                VALUE   (LST)  VALUE       VALUE  FROM      YEAR
                                                  NORMAL
..................................................................
TEMPERATURE (F)
 YESTERDAY
  MAXIMUM         83R   330 PM  80    2013  55     28       69
  MINIMUM         53    330 AM   6    1959  38     15       54
  AVERAGE         68                        46     22       62

PRECIPITATION (IN)
  YESTERDAY        0.00          1.85 2015   0.13  -0.13     1.85
  MONTH TO DATE    2.89                      2.17   0.72     4.43
  SINCE SEP 1     10.99                      8.63   2.36     8.52
  SINCE JAN 1     39.47                     36.38   3.09    47.45

SNOWFALL (IN)
  YESTERDAY        0.0           6.2  1926   0.0    0.0      0.0
  MONTH TO DATE    0.0                       0.2   -0.2      0.0
  SINCE SEP 1      0.0                       0.2   -0.2      0.0
  SINCE JUL 1      0.0                       0.2   -0.2      0.0
  SNOW DEPTH       0

DEGREE DAYS
 HEATING
  YESTERDAY        0                        19    -19        3
  MONTH TO DATE  141                       260   -119      156
  SINCE SEP 1    232                       535   -303      325
  SINCE JUL 1    232                       536   -304      325

 COOLING
  YESTERDAY        3                         0      3        0
  MONTH TO DATE   23                         0     23        0
  SINCE SEP 1    457                       243    214      365
  SINCE JAN 1   2162                      1642    520     1872
..................................................................


WIND (MPH)
  HIGHEST WIND SPEED    22   HIGHEST WIND DIRECTION     S (190)
  HIGHEST GUST SPEED    29   HIGHEST GUST DIRECTION     S (180)
  AVERAGE WIND SPEED    12.0


SKY COVER
  AVERAGE SKY COVER 0.6


WEATHER CONDITIONS
 THE FOLLOWING WEATHER WAS RECORDED YESTERDAY.
  NO SIGNIFICANT WEATHER WAS OBSERVED.


RELATIVE HUMIDITY (PERCENT)
 HIGHEST    71           400 AM
 LOWEST     22           400 PM
 AVERAGE    47

..........................................................


THE ST. LOUIS CLIMATE NORMALS FOR TODAY
                         NORMAL    RECORD    YEAR
 MAXIMUM TEMPERATURE (F)   54        78      1976
 MINIMUM TEMPERATURE (F)   37        14      2014
                                             1932
                                             1903


SUNRISE AND SUNSET
NOVEMBER 18 2016......SUNRISE   648 AM CST   SUNSET   446 PM CST
NOVEMBER 19 2016......SUNRISE   649 AM CST   SUNSET   445 PM CST


-  INDICATES NEGATIVE NUMBERS.
R  INDICATES RECORD WAS SET OR TIED.
MM INDICATES DATA IS MISSING.
T  INDICATES TRACE AMOUNT.




$$
