000
CDUS43 KLSX 110731
CLISTL


CLIMATE REPORT
NATIONAL WEATHER SERVICE ST LOUIS MO
230 AM CDT THU AUG 11 2016


...................................

...THE ST. LOUIS CLIMATE SUMMARY FOR AUGUST 10 2016...

CLIMATE NORMAL PERIOD 1981 TO 2010
CLIMATE RECORD PERIOD 1874 TO 2016


WEATHER ITEM   OBSERVED TIME   RECORD YEAR NORMAL DEPARTURE LAST
                VALUE   (LST)  VALUE       VALUE  FROM      YEAR
                                                  NORMAL
..................................................................
TEMPERATURE (F)
 YESTERDAY
  MAXIMUM         94   1232 PM 105    1934  89      5       90
  MINIMUM         76    548 AM  54    1972  70      6       74
  AVERAGE         85                        79      6       82

PRECIPITATION (IN)
  YESTERDAY        0.00          2.58 1878   0.10  -0.10     0.05
  MONTH TO DATE    1.60                      1.04   0.56     4.79
  SINCE JUN 1     11.26                      9.43   1.83    22.06
  SINCE JAN 1     24.31                     25.80  -1.49    37.05

SNOWFALL (IN)
  YESTERDAY        0.0           0.0  2015   0.0    0.0      0.0
  MONTH TO DATE    0.0                       0.0    0.0      0.0
  SINCE JUN 1      0.0                       0.0    0.0      0.0
  SINCE JUL 1      0.0                       0.0    0.0      0.0
  SNOW DEPTH       0

DEGREE DAYS
 HEATING
  YESTERDAY        0                         0      0        0
  MONTH TO DATE    0                         0      0        0
  SINCE JUN 1      0                         5     -5        3
  SINCE JUL 1      0                         0      0        0

 COOLING
  YESTERDAY       20                        14      6       17
  MONTH TO DATE  165                       148     17      170
  SINCE JUN 1   1182                       949    233     1050
  SINCE JAN 1   1376                      1123    253     1274
..................................................................


WIND (MPH)
  HIGHEST WIND SPEED    13   HIGHEST WIND DIRECTION     E (100)
  HIGHEST GUST SPEED    17   HIGHEST GUST DIRECTION    SE (130)
  AVERAGE WIND SPEED     6.2


SKY COVER
  AVERAGE SKY COVER 0.5


WEATHER CONDITIONS
 THE FOLLOWING WEATHER WAS RECORDED YESTERDAY.
  NO SIGNIFICANT WEATHER WAS OBSERVED.


RELATIVE HUMIDITY (PERCENT)
 HIGHEST    82           500 AM
 LOWEST     49          1100 AM
 AVERAGE    66

..........................................................


THE ST. LOUIS CLIMATE NORMALS FOR TODAY
                         NORMAL    RECORD    YEAR
 MAXIMUM TEMPERATURE (F)   89       104      1881
 MINIMUM TEMPERATURE (F)   70        56      1967
                                             1930


SUNRISE AND SUNSET
AUGUST 11 2016........SUNRISE   612 AM CDT   SUNSET   800 PM CDT
AUGUST 12 2016........SUNRISE   613 AM CDT   SUNSET   759 PM CDT


-  INDICATES NEGATIVE NUMBERS.
R  INDICATES RECORD WAS SET OR TIED.
MM INDICATES DATA IS MISSING.
T  INDICATES TRACE AMOUNT.




$$
