000
CDUS43 KLSX 182245
CLISTL


CLIMATE REPORT
NATIONAL WEATHER SERVICE ST LOUIS MO
545 PM CDT MON APR 18 2016


...................................

...THE ST. LOUIS CLIMATE SUMMARY FOR APRIL 18 2016...
VALID TODAY AS OF 0500 PM LOCAL TIME.

CLIMATE NORMAL PERIOD 1981 TO 2010
CLIMATE RECORD PERIOD 1874 TO 2016


WEATHER ITEM   OBSERVED TIME   RECORD YEAR NORMAL DEPARTURE LAST
                VALUE   (LST)  VALUE       VALUE  FROM      YEAR
                                                  NORMAL
..................................................................
TEMPERATURE (F)
 TODAY
  MAXIMUM         83    300 PM  93    2002  68     15       79
  MINIMUM         57    431 AM  29    1953  48      9       59
  AVERAGE         70                        58     12       69

PRECIPITATION (IN)
  TODAY            0.00          2.48 2013   0.12  -0.12     0.00
  MONTH TO DATE    1.57                      2.16  -0.59     4.36
  SINCE MAR 1      3.86                      5.48  -1.62     7.36
  SINCE JAN 1      5.46                     10.12  -4.66    10.31

SNOWFALL (IN)
  TODAY            0.0           2.0  1901   0.0    0.0      0.0
  MONTH TO DATE    0.0                       0.3   -0.3      0.0
  SINCE MAR 1      0.3                       2.6   -2.3      0.6
  SINCE JUL 1     10.9                      17.6   -6.7     16.8
  SNOW DEPTH       0

DEGREE DAYS
 HEATING
  TODAY            0                         8     -8        0
  MONTH TO DATE  189                       194     -5       64
  SINCE MAR 1    562                       782   -220      633
  SINCE JUL 1   3392                      4380   -988     4435

 COOLING
  TODAY            5                         1      4        4
  MONTH TO DATE   11                        18     -7       25
  SINCE MAR 1     19                        25     -6       25
  SINCE JAN 1     19                        25     -6       25
..................................................................


WIND (MPH)
  HIGHEST WIND SPEED    21   HIGHEST WIND DIRECTION    SE (140)
  HIGHEST GUST SPEED    26   HIGHEST GUST DIRECTION    SE (140)
  AVERAGE WIND SPEED     7.3


SKY COVER
  AVERAGE SKY COVER 0.8



RELATIVE HUMIDITY (PERCENT)
 HIGHEST    77           400 AM
 LOWEST     22           300 PM
 AVERAGE    50

..........................................................


THE ST. LOUIS CLIMATE NORMALS FOR TOMORROW
                         NORMAL    RECORD    YEAR
 MAXIMUM TEMPERATURE (F)   69        88      2011
                                             1948
 MINIMUM TEMPERATURE (F)   49        26      1983


SUNRISE AND SUNSET
APRIL 18 2016.........SUNRISE   620 AM CDT   SUNSET   742 PM CDT
APRIL 19 2016.........SUNRISE   619 AM CDT   SUNSET   743 PM CDT


-  INDICATES NEGATIVE NUMBERS.
R  INDICATES RECORD WAS SET OR TIED.
MM INDICATES DATA IS MISSING.
T  INDICATES TRACE AMOUNT.




$$
