000
CDUS43 KLSX 160734
CLISTL


CLIMATE REPORT
NATIONAL WEATHER SERVICE ST LOUIS MO
132 AM CST SUN NOV 16 2014


...................................

...THE ST. LOUIS CLIMATE SUMMARY FOR NOVEMBER 15 2014...

CLIMATE NORMAL PERIOD 1981 TO 2010
CLIMATE RECORD PERIOD 1874 TO 2014


WEATHER ITEM   OBSERVED TIME   RECORD YEAR NORMAL DEPARTURE LAST
                VALUE   (LST)  VALUE       VALUE  FROM      YEAR
                                                  NORMAL
..................................................................
TEMPERATURE (F)
 YESTERDAY
  MAXIMUM         39    123 PM  81    1971  56    -17       60
                                      1955
  MINIMUM         23    610 AM  11    1940  38    -15       47
  AVERAGE         31                        47    -16       54

PRECIPITATION (IN)
  YESTERDAY        0.04          1.77 1968   0.14  -0.10      T
  MONTH TO DATE    0.62                      1.90  -1.28     0.50
  SINCE SEP 1      9.90                      8.36   1.54     5.59
  SINCE JAN 1     38.87                     36.11   2.76    40.20

SNOWFALL (IN)
  YESTERDAY        0.7 R         0.1  1997   0.0    0.7      0.0
  MONTH TO DATE    0.7                       0.2    0.5       T
  SINCE SEP 1      0.7                       0.2    0.5       T
  SINCE JUL 1      0.7                       0.2    0.5       T
  SNOW DEPTH       0

DEGREE DAYS
 HEATING
  YESTERDAY       34                        18     16       11
  MONTH TO DATE  315                       223     92      250
  SINCE SEP 1    551                       498     53      493
  SINCE JUL 1    551                       499     52      493

 COOLING
  YESTERDAY        0                         0      0        0
  MONTH TO DATE    0                         0      0        0
  SINCE SEP 1    227                       243    -16      342
  SINCE JAN 1   1732                      1642     90     1728
..................................................................


WIND (MPH)
  HIGHEST WIND SPEED    14   HIGHEST WIND DIRECTION    SE (130)
  HIGHEST GUST SPEED    18   HIGHEST GUST DIRECTION    SE (130)
  AVERAGE WIND SPEED     4.9


SKY COVER
  AVERAGE SKY COVER 0.8


WEATHER CONDITIONS
 THE FOLLOWING WEATHER WAS RECORDED YESTERDAY.
  HEAVY SNOW
  SNOW
  LIGHT SNOW
  FOG
  HAZE


RELATIVE HUMIDITY (PERCENT)
 HIGHEST    85           600 PM
 LOWEST     40          1100 AM
 AVERAGE    63

..........................................................


THE ST. LOUIS CLIMATE NORMALS FOR TODAY
                         NORMAL    RECORD    YEAR
 MAXIMUM TEMPERATURE (F)   55        78      1952
                                             1931
 MINIMUM TEMPERATURE (F)   38        13      1959


SUNRISE AND SUNSET
NOVEMBER 16 2014......SUNRISE   645 AM CST   SUNSET   447 PM CST
NOVEMBER 17 2014......SUNRISE   646 AM CST   SUNSET   447 PM CST


-  INDICATES NEGATIVE NUMBERS.
R  INDICATES RECORD WAS SET OR TIED.
MM INDICATES DATA IS MISSING.
T  INDICATES TRACE AMOUNT.




$$
