000
CDUS43 KLSX 252240
CLISTL

CLIMATE REPORT
NATIONAL WEATHER SERVICE ST LOUIS MO
438 PM CST MON JAN 25 2016


...................................

...THE ST. LOUIS CLIMATE SUMMARY FOR JANUARY 25 2016...
VALID TODAY AS OF 0400 PM LOCAL TIME.

CLIMATE NORMAL PERIOD 1981 TO 2010
CLIMATE RECORD PERIOD 1874 TO 2016


WEATHER ITEM   OBSERVED TIME   RECORD YEAR NORMAL DEPARTURE LAST
                VALUE   (LST)  VALUE       VALUE  FROM      YEAR
                                                  NORMAL
..................................................................
TEMPERATURE (F)
 TODAY
  MAXIMUM         52    359 PM  75    1950  40     12       52
  MINIMUM         32    134 AM  -7    1940  24      8       31
  AVERAGE         42                        32     10       42

PRECIPITATION (IN)
  TODAY            0.00          0.97 1950   0.08  -0.08     0.19
  MONTH TO DATE    0.80                      1.96  -1.16     1.21
  SINCE DEC 1     12.54                      4.80   7.74     3.93
  SINCE JAN 1      0.80                      1.96  -1.16     1.21

SNOWFALL (IN)
  TODAY            0.0           7.5  1978   0.2   -0.2       T
  MONTH TO DATE    3.3                       4.5   -1.2      0.3
  SINCE DEC 1      3.3                       8.9   -5.6      0.5
  SINCE JUL 1      3.3                       9.6   -6.3      4.3
  SNOW DEPTH       T

DEGREE DAYS
 HEATING
  TODAY           23                        33    -10       23
  MONTH TO DATE  835                       833      2      819
  SINCE DEC 1   1432                      1772   -340     1623
  SINCE JUL 1   1994                      2598   -604     2580

 COOLING
  TODAY            0                         0      0        0
  MONTH TO DATE    0                         0      0        0
  SINCE DEC 1      0                         0      0        0
  SINCE JAN 1      0                         0      0        0
..................................................................


WIND (MPH)
  HIGHEST WIND SPEED    24   HIGHEST WIND DIRECTION     S (180)
  HIGHEST GUST SPEED    29   HIGHEST GUST DIRECTION     S (170)
  AVERAGE WIND SPEED     9.7


SKY COVER
  AVERAGE SKY COVER 0.7



RELATIVE HUMIDITY (PERCENT)
 HIGHEST    82           300 AM
 LOWEST     61          1200 PM
 AVERAGE    72

..........................................................


THE ST. LOUIS CLIMATE NORMALS FOR TOMORROW
                         NORMAL    RECORD    YEAR
 MAXIMUM TEMPERATURE (F)   41        72      1890
 MINIMUM TEMPERATURE (F)   24        -8      1936


SUNRISE AND SUNSET
JANUARY 25 2016.......SUNRISE   713 AM CST   SUNSET   515 PM CST
JANUARY 26 2016.......SUNRISE   713 AM CST   SUNSET   516 PM CST


-  INDICATES NEGATIVE NUMBERS.
R  INDICATES RECORD WAS SET OR TIED.
MM INDICATES DATA IS MISSING.
T  INDICATES TRACE AMOUNT.




$$
