000
CDUS43 KLSX 042238
CLISTL


CLIMATE REPORT
NATIONAL WEATHER SERVICE ST LOUIS MO
537 PM CDT FRI APR 4 2014


...................................

...THE ST. LOUIS CLIMATE SUMMARY FOR APRIL 4 2014...
VALID TODAY AS OF 0500 PM LOCAL TIME.

CLIMATE NORMAL PERIOD 1981 TO 2010
CLIMATE RECORD PERIOD 1874 TO 2014


WEATHER ITEM   OBSERVED TIME   RECORD YEAR NORMAL DEPARTURE LAST
                VALUE   (LST)  VALUE       VALUE  FROM      YEAR
                                                  NORMAL
..................................................................
TEMPERATURE (F)
 TODAY
  MAXIMUM         59   1239 AM  87    1929  63     -4       61
  MINIMUM         42    741 AM  23    1975  43     -1       36
  AVERAGE         51                        53     -2       49

PRECIPITATION (IN)
  TODAY            T             2.16 1892   0.11  -0.11     0.00
  MONTH TO DATE    4.83                      0.48   4.35      T
  SINCE MAR 1      6.38                      3.80   2.58     4.95
  SINCE JAN 1      9.53                      8.44   1.09    11.34

SNOWFALL (IN)
  TODAY            0.0           2.0  1899   0.0    0.0      0.0
  MONTH TO DATE    T                         0.1   -0.1       T
  SINCE MAR 1      1.6                       2.4   -0.8     14.3
  SINCE JUL 1     28.8                      17.4   11.4     27.9
  SNOW DEPTH       0

DEGREE DAYS
 HEATING
  TODAY           14                        13      1       16
  MONTH TO DATE   46                        53     -7       86
  SINCE MAR 1    736                       641     95      839
  SINCE JUL 1   4773                      4239    534     4156

 COOLING
  TODAY            0                         1     -1        0
  MONTH TO DATE    0                         4     -4        0
  SINCE MAR 1      0                        11    -11        0
  SINCE JAN 1      0                        11    -11        0
..................................................................


WIND (MPH)
  HIGHEST WIND SPEED    35   HIGHEST WIND DIRECTION     W (260)
  HIGHEST GUST SPEED    44   HIGHEST GUST DIRECTION     W (260)
  AVERAGE WIND SPEED    22.7


SKY COVER
  AVERAGE SKY COVER 0.8



RELATIVE HUMIDITY (PERCENT)
 HIGHEST    86           200 AM
 LOWEST     49          1200 PM
 AVERAGE    68

..........................................................


THE ST. LOUIS CLIMATE NORMALS FOR TOMORROW
                         NORMAL    RECORD    YEAR
 MAXIMUM TEMPERATURE (F)   64        91      1988
 MINIMUM TEMPERATURE (F)   44        22      1920


SUNRISE AND SUNSET
APRIL  4 2014.........SUNRISE   642 AM CDT   SUNSET   728 PM CDT
APRIL  5 2014.........SUNRISE   640 AM CDT   SUNSET   729 PM CDT


-  INDICATES NEGATIVE NUMBERS.
R  INDICATES RECORD WAS SET OR TIED.
MM INDICATES DATA IS MISSING.
T  INDICATES TRACE AMOUNT.




$$
