117
CDUS43 KLSX 212139
CLISTL


CLIMATE REPORT
NATIONAL WEATHER SERVICE ST LOUIS MO
431 PM CDT THU JUL 21 2016


...................................

...THE ST. LOUIS CLIMATE SUMMARY FOR JULY 21 2016...
VALID TODAY AS OF 0400 PM LOCAL TIME.

CLIMATE NORMAL PERIOD 1981 TO 2010
CLIMATE RECORD PERIOD 1874 TO 2016


WEATHER ITEM   OBSERVED TIME   RECORD YEAR NORMAL DEPARTURE LAST
                VALUE   (LST)  VALUE       VALUE  FROM      YEAR
                                                  NORMAL
..................................................................
TEMPERATURE (F)
 TODAY
  MAXIMUM         98    247 PM 106    1901  89      9       85
  MINIMUM         80    536 AM  54    1970  71      9       72
                                      1944
  AVERAGE         89                        80      9       79

PRECIPITATION (IN)
  TODAY            0.00          1.49 1977   0.13  -0.13     0.00
  MONTH TO DATE    6.72                      2.83   3.89     3.89
  SINCE JUN 1      8.01                      7.11   0.90    17.03
  SINCE JAN 1     21.06                     23.48  -2.42    32.02

SNOWFALL (IN)
  TODAY            0.0           0.0  2015   0.0    0.0      0.0
  MONTH TO DATE    0.0                       0.0    0.0      0.0
  SINCE JUN 1      0.0                       0.0    0.0      0.0
  SINCE JUL 1      0.0                       0.0    0.0      0.0
  SNOW DEPTH       0

DEGREE DAYS
 HEATING
  TODAY            0                         0      0        0
  MONTH TO DATE    0                         0      0        0
  SINCE JUN 1      0                         5     -5        3
  SINCE JUL 1      0                         0      0        0

 COOLING
  TODAY           24                        15      9       14
  MONTH TO DATE  334                       315     19      311
  SINCE JUN 1    829                       649    180      701
  SINCE JAN 1   1023                       823    200      925
..................................................................


WIND (MPH)
  HIGHEST WIND SPEED    14   HIGHEST WIND DIRECTION    SW (220)
  HIGHEST GUST SPEED    19   HIGHEST GUST DIRECTION    SW (230)
  AVERAGE WIND SPEED     5.1


SKY COVER
  AVERAGE SKY COVER 0.2



RELATIVE HUMIDITY (PERCENT)
 HIGHEST    85           200 AM
 LOWEST     48           300 PM
 AVERAGE    67

..........................................................


THE ST. LOUIS CLIMATE NORMALS FOR TOMORROW
                         NORMAL    RECORD    YEAR
 MAXIMUM TEMPERATURE (F)   89       107      1901
 MINIMUM TEMPERATURE (F)   71        55      1970
                                             1947


SUNRISE AND SUNSET
JULY 21 2016..........SUNRISE   554 AM CDT   SUNSET   822 PM CDT
JULY 22 2016..........SUNRISE   555 AM CDT   SUNSET   821 PM CDT


-  INDICATES NEGATIVE NUMBERS.
R  INDICATES RECORD WAS SET OR TIED.
MM INDICATES DATA IS MISSING.
T  INDICATES TRACE AMOUNT.




$$
