000
CDUS43 KLSX 220728
CLISTL


CLIMATE REPORT
NATIONAL WEATHER SERVICE ST LOUIS MO
228 AM CDT WED OCT 22 2014


...................................

...THE ST. LOUIS CLIMATE SUMMARY FOR OCTOBER 21 2014...

CLIMATE NORMAL PERIOD 1981 TO 2010
CLIMATE RECORD PERIOD 1874 TO 2014


WEATHER ITEM   OBSERVED TIME   RECORD YEAR NORMAL DEPARTURE LAST
                VALUE   (LST)  VALUE       VALUE  FROM      YEAR
                                                  NORMAL
..................................................................
TEMPERATURE (F)
 YESTERDAY
  MAXIMUM         68    200 PM  88    1979  67      1       57
                                      1947
  MINIMUM         48    634 AM  28    1952  48      0       40
  AVERAGE         58                        57      1       49

PRECIPITATION (IN)
  YESTERDAY        0.00          0.76 1949   0.11  -0.11     0.00
  MONTH TO DATE    4.59                      2.26   2.33     1.34
  SINCE SEP 1      8.79                      5.39   3.40     4.08
  SINCE JAN 1     37.76                     33.14   4.62    38.69

SNOWFALL (IN)
  YESTERDAY        0.0           T    1937   0.0    0.0      0.0
  MONTH TO DATE    0.0                       0.0    0.0      0.0
  SINCE SEP 1      0.0                       0.0    0.0      0.0
  SINCE JUL 1      0.0                       0.0    0.0      0.0
  SNOW DEPTH       0

DEGREE DAYS
 HEATING
  YESTERDAY        7                         9     -2       16
  MONTH TO DATE  117                       131    -14       97
  SINCE SEP 1    156                       171    -15      100
  SINCE JUL 1    156                       172    -16      100

 COOLING
  YESTERDAY        0                         1     -1        0
  MONTH TO DATE   20                        35    -15       63
  SINCE SEP 1    213                       237    -24      342
  SINCE JAN 1   1718                      1636     82     1728
..................................................................


WIND (MPH)
  HIGHEST WIND SPEED    12   HIGHEST WIND DIRECTION     E (90)
  HIGHEST GUST SPEED    16   HIGHEST GUST DIRECTION     E (100)
  AVERAGE WIND SPEED     5.8


SKY COVER
  AVERAGE SKY COVER 0.0


WEATHER CONDITIONS
 THE FOLLOWING WEATHER WAS RECORDED YESTERDAY.
  NO SIGNIFICANT WEATHER WAS OBSERVED.


RELATIVE HUMIDITY (PERCENT)
 HIGHEST    86           400 AM
 LOWEST     42           300 PM
 AVERAGE    64

..........................................................


THE ST. LOUIS CLIMATE NORMALS FOR TODAY
                         NORMAL    RECORD    YEAR
 MAXIMUM TEMPERATURE (F)   67        86      1947
                                             1940
 MINIMUM TEMPERATURE (F)   47        25      1976


SUNRISE AND SUNSET
OCTOBER 22 2014.......SUNRISE   718 AM CDT   SUNSET   613 PM CDT
OCTOBER 23 2014.......SUNRISE   719 AM CDT   SUNSET   612 PM CDT


-  INDICATES NEGATIVE NUMBERS.
R  INDICATES RECORD WAS SET OR TIED.
MM INDICATES DATA IS MISSING.
T  INDICATES TRACE AMOUNT.




$$
