223
CDUS43 KLSX 192225
CLISTL


CLIMATE REPORT
NATIONAL WEATHER SERVICE ST LOUIS MO
525 PM CDT MON SEP 19 2016


...................................

...THE ST. LOUIS CLIMATE SUMMARY FOR SEPTEMBER 19 2016...
VALID TODAY AS OF 0500 PM LOCAL TIME.

CLIMATE NORMAL PERIOD 1981 TO 2010
CLIMATE RECORD PERIOD 1874 TO 2016


WEATHER ITEM   OBSERVED TIME   RECORD YEAR NORMAL DEPARTURE LAST
                VALUE   (LST)  VALUE       VALUE  FROM      YEAR
                                                  NORMAL
..................................................................
TEMPERATURE (F)
 TODAY
  MAXIMUM         88    338 PM  96    1955  79      9       81
                                      1931
                                      1925
  MINIMUM         62    526 AM  42    1938  59      3       59
  AVERAGE         75                        69      6       70

PRECIPITATION (IN)
  TODAY            0.00          1.82 1954   0.10  -0.10      T
  MONTH TO DATE    4.68                      1.95   2.73     2.08
  SINCE SEP 1      4.68                      1.95   2.73     2.08
  SINCE JAN 1     33.16                     29.70   3.46    41.01

SNOWFALL (IN)
  TODAY            0.0           0.0  2015   0.0    0.0      0.0
  MONTH TO DATE    0.0                       0.0    0.0      0.0
  SINCE SEP 1      0.0                       0.0    0.0      0.0
  SINCE JUL 1      0.0                       0.0    0.0      0.0
  SNOW DEPTH       0

DEGREE DAYS
 HEATING
  TODAY            0                         2     -2        0
  MONTH TO DATE    0                         9     -9        5
  SINCE SEP 1      0                         9     -9        5
  SINCE JUL 1      0                        10    -10        5

 COOLING
  TODAY           10                         6      4        5
  MONTH TO DATE  222                       159     63      251
  SINCE SEP 1    222                       159     63      251
  SINCE JAN 1   1927                      1558    369     1758
..................................................................


WIND (MPH)
  HIGHEST WIND SPEED    13   HIGHEST WIND DIRECTION     S (160)
  HIGHEST GUST SPEED    17   HIGHEST GUST DIRECTION     S (200)
  AVERAGE WIND SPEED     2.4


SKY COVER
  AVERAGE SKY COVER 0.0



RELATIVE HUMIDITY (PERCENT)
 HIGHEST    87           400 AM
 LOWEST     40           300 PM
 AVERAGE    64

..........................................................


THE ST. LOUIS CLIMATE NORMALS FOR TOMORROW
                         NORMAL    RECORD    YEAR
 MAXIMUM TEMPERATURE (F)   78        96      1940
 MINIMUM TEMPERATURE (F)   59        40      1875


SUNRISE AND SUNSET
SEPTEMBER 19 2016.....SUNRISE   647 AM CDT   SUNSET   702 PM CDT
SEPTEMBER 20 2016.....SUNRISE   648 AM CDT   SUNSET   701 PM CDT


-  INDICATES NEGATIVE NUMBERS.
R  INDICATES RECORD WAS SET OR TIED.
MM INDICATES DATA IS MISSING.
T  INDICATES TRACE AMOUNT.




$$
