000
CDUS43 KLSX 092128
CLISTL


CLIMATE REPORT
NATIONAL WEATHER SERVICE ST LOUIS MO
427 PM CDT TUE AUG 9 2016


...................................

...THE ST. LOUIS CLIMATE SUMMARY FOR AUGUST 9 2016...
VALID TODAY AS OF 0400 PM LOCAL TIME.

CLIMATE NORMAL PERIOD 1981 TO 2010
CLIMATE RECORD PERIOD 1874 TO 2016


WEATHER ITEM   OBSERVED TIME   RECORD YEAR NORMAL DEPARTURE LAST
                VALUE   (LST)  VALUE       VALUE  FROM      YEAR
                                                  NORMAL
..................................................................
TEMPERATURE (F)
 TODAY
  MAXIMUM         93    158 PM 110    1934  89      4       91
  MINIMUM         73    432 AM  54    1884  70      3       74
  AVERAGE         83                        80      3       83

PRECIPITATION (IN)
  TODAY            0.00          1.49 2015   0.10  -0.10     1.49
  MONTH TO DATE    1.60                      0.94   0.66     4.74
  SINCE JUN 1     11.26                      9.33   1.93    22.01
  SINCE JAN 1     24.31                     25.70  -1.39    37.00

SNOWFALL (IN)
  TODAY            0.0           0.0  2015   0.0    0.0      0.0
  MONTH TO DATE    0.0                       0.0    0.0      0.0
  SINCE JUN 1      0.0                       0.0    0.0      0.0
  SINCE JUL 1      0.0                       0.0    0.0      0.0
  SNOW DEPTH       0

DEGREE DAYS
 HEATING
  TODAY            0                         0      0        0
  MONTH TO DATE    0                         0      0        0
  SINCE JUN 1      0                         5     -5        3
  SINCE JUL 1      0                         0      0        0

 COOLING
  TODAY           18                        14      4       18
  MONTH TO DATE  145                       134     11      153
  SINCE JUN 1   1162                       935    227     1033
  SINCE JAN 1   1356                      1109    247     1257
..................................................................


WIND (MPH)
  HIGHEST WIND SPEED    10   HIGHEST WIND DIRECTION     E (90)
  HIGHEST GUST SPEED    15   HIGHEST GUST DIRECTION    SE (150)
  AVERAGE WIND SPEED     3.7


SKY COVER
  AVERAGE SKY COVER 0.5



RELATIVE HUMIDITY (PERCENT)
 HIGHEST    84           400 AM
 LOWEST     41           100 PM
 AVERAGE    63

..........................................................


THE ST. LOUIS CLIMATE NORMALS FOR TOMORROW
                         NORMAL    RECORD    YEAR
 MAXIMUM TEMPERATURE (F)   89       105      1934
 MINIMUM TEMPERATURE (F)   70        54      1972


SUNRISE AND SUNSET
AUGUST  9 2016........SUNRISE   610 AM CDT   SUNSET   803 PM CDT
AUGUST 10 2016........SUNRISE   611 AM CDT   SUNSET   802 PM CDT


-  INDICATES NEGATIVE NUMBERS.
R  INDICATES RECORD WAS SET OR TIED.
MM INDICATES DATA IS MISSING.
T  INDICATES TRACE AMOUNT.




$$
