000
CDUS43 KLSX 130731
CLISTL


CLIMATE REPORT
NATIONAL WEATHER SERVICE ST LOUIS MO
230 AM CDT WED JUL 13 2016


...................................

...THE ST. LOUIS CLIMATE SUMMARY FOR JULY 12 2016...

CLIMATE NORMAL PERIOD 1981 TO 2010
CLIMATE RECORD PERIOD 1874 TO 2016


WEATHER ITEM   OBSERVED TIME   RECORD YEAR NORMAL DEPARTURE LAST
                VALUE   (LST)  VALUE       VALUE  FROM      YEAR
                                                  NORMAL
..................................................................
TEMPERATURE (F)
 YESTERDAY
  MAXIMUM         89    443 PM 110    1954  89      0       96
  MINIMUM         76    739 AM  56    1975  71      5       74
  AVERAGE         83                        80      3       85

PRECIPITATION (IN)
  YESTERDAY        T             2.28 1928   0.14  -0.14     0.00
  MONTH TO DATE    4.47                      1.61   2.86     2.88
  SINCE JUN 1      5.76                      5.89  -0.13    16.02
  SINCE JAN 1     18.81                     22.26  -3.45    31.01

SNOWFALL (IN)
  YESTERDAY        0.0           0.0  2015   0.0    0.0      0.0
  MONTH TO DATE    0.0                       0.0    0.0      0.0
  SINCE JUN 1      0.0                       0.0    0.0      0.0
  SINCE JUL 1      0.0                       0.0    0.0      0.0
  SNOW DEPTH       0

DEGREE DAYS
 HEATING
  YESTERDAY        0                         0      0        0
  MONTH TO DATE    0                         0      0        0
  SINCE JUN 1      0                         5     -5        3
  SINCE JUL 1      0                         0      0        0

 COOLING
  YESTERDAY       18                        15      3       20
  MONTH TO DATE  164                       180    -16      138
  SINCE JUN 1    659                       514    145      528
  SINCE JAN 1    853                       688    165      752
..................................................................


WIND (MPH)
  HIGHEST WIND SPEED    26   HIGHEST WIND DIRECTION    NW (310)
  HIGHEST GUST SPEED    34   HIGHEST GUST DIRECTION    NW (320)
  AVERAGE WIND SPEED    10.4


SKY COVER
  AVERAGE SKY COVER 0.4


WEATHER CONDITIONS
 THE FOLLOWING WEATHER WAS RECORDED YESTERDAY.
  LIGHT RAIN


RELATIVE HUMIDITY (PERCENT)
 HIGHEST    85           300 AM
 LOWEST     50           400 PM
 AVERAGE    68

..........................................................


THE ST. LOUIS CLIMATE NORMALS FOR TODAY
                         NORMAL    RECORD    YEAR
 MAXIMUM TEMPERATURE (F)   89       106      1966
                                             1936
 MINIMUM TEMPERATURE (F)   71        52      1975


SUNRISE AND SUNSET
JULY 13 2016..........SUNRISE   548 AM CDT   SUNSET   826 PM CDT
JULY 14 2016..........SUNRISE   549 AM CDT   SUNSET   826 PM CDT


-  INDICATES NEGATIVE NUMBERS.
R  INDICATES RECORD WAS SET OR TIED.
MM INDICATES DATA IS MISSING.
T  INDICATES TRACE AMOUNT.




$$
