000
CDUS43 KLSX 142230
CLISTL


CLIMATE REPORT
NATIONAL WEATHER SERVICE ST LOUIS MO
529 PM CDT TUE OCT 14 2014


...................................

...THE ST. LOUIS CLIMATE SUMMARY FOR OCTOBER 14 2014...
VALID TODAY AS OF 0500 PM LOCAL TIME.

CLIMATE NORMAL PERIOD 1981 TO 2010
CLIMATE RECORD PERIOD 1874 TO 2014


WEATHER ITEM   OBSERVED TIME   RECORD YEAR NORMAL DEPARTURE LAST
                VALUE   (LST)  VALUE       VALUE  FROM      YEAR
                                                  NORMAL
..................................................................
TEMPERATURE (F)
 TODAY
  MAXIMUM         63    116 AM  90    1899  69     -6       68
  MINIMUM         55    359 PM  30    1937  50      5       48
  AVERAGE         59                        59      0       58

PRECIPITATION (IN)
  TODAY            0.08          1.10 1974   0.11  -0.03      T
  MONTH TO DATE    4.44                      1.50   2.94     0.57
  SINCE SEP 1      8.64                      4.63   4.01     3.31
  SINCE JAN 1     37.61                     32.38   5.23    37.92

SNOWFALL (IN)
  TODAY            0.0           0.0  2013   0.0    0.0      0.0
  MONTH TO DATE    0.0                       0.0    0.0      0.0
  SINCE SEP 1      0.0                       0.0    0.0      0.0
  SINCE JUL 1      0.0                       0.0    0.0      0.0
  SNOW DEPTH       0

DEGREE DAYS
 HEATING
  TODAY            6                         7     -1        7
  MONTH TO DATE   68                        76     -8       30
  SINCE SEP 1    107                       116     -9       33
  SINCE JUL 1    107                       117    -10       33

 COOLING
  TODAY            0                         1     -1        0
  MONTH TO DATE   20                        28     -8       63
  SINCE SEP 1    213                       230    -17      342
  SINCE JAN 1   1718                      1629     89     1728
..................................................................


WIND (MPH)
  HIGHEST WIND SPEED    23   HIGHEST WIND DIRECTION     W (290)
  HIGHEST GUST SPEED    30   HIGHEST GUST DIRECTION     W (280)
  AVERAGE WIND SPEED    14.2


SKY COVER
  AVERAGE SKY COVER 1.0



RELATIVE HUMIDITY (PERCENT)
 HIGHEST    93           700 AM
 LOWEST     84          1200 AM
 AVERAGE    89

..........................................................


THE ST. LOUIS CLIMATE NORMALS FOR TOMORROW
                         NORMAL    RECORD    YEAR
 MAXIMUM TEMPERATURE (F)   69        90      1897
 MINIMUM TEMPERATURE (F)   49        30      1937


SUNRISE AND SUNSET
OCTOBER 14 2014.......SUNRISE   710 AM CDT   SUNSET   625 PM CDT
OCTOBER 15 2014.......SUNRISE   711 AM CDT   SUNSET   623 PM CDT


-  INDICATES NEGATIVE NUMBERS.
R  INDICATES RECORD WAS SET OR TIED.
MM INDICATES DATA IS MISSING.
T  INDICATES TRACE AMOUNT.




$$
