000
CDUS43 KLSX 052232
CLISTL


CLIMATE REPORT
NATIONAL WEATHER SERVICE ST LOUIS MO
526 PM CDT SAT AUG 5 2017


...................................

...THE ST. LOUIS CLIMATE SUMMARY FOR AUGUST 5 2017...
VALID TODAY AS OF 0500 PM LOCAL TIME.

CLIMATE NORMAL PERIOD 1981 TO 2010
CLIMATE RECORD PERIOD 1874 TO 2017


WEATHER ITEM   OBSERVED TIME   RECORD YEAR NORMAL DEPARTURE LAST
                VALUE   (LST)  VALUE       VALUE  FROM      YEAR
                                                  NORMAL
..................................................................
TEMPERATURE (F)
 TODAY
  MAXIMUM         79   1217 PM 104    1918  89    -10       87
  MINIMUM         59    407 AM  56    1974  71    -12       73
                                      1948
  AVERAGE         69                        80    -11       80

PRECIPITATION (IN)
  TODAY            T             3.25 2015   0.10  -0.10     0.17
  MONTH TO DATE    T                         0.54  -0.54     1.60
  SINCE JUN 1      4.10                      8.93  -4.83    11.26
  SINCE JAN 1     27.00                     25.30   1.70    24.31

SNOWFALL (IN)
  TODAY            0.0           0.0  2015   0.0    0.0      0.0
  MONTH TO DATE    0.0                       0.0    0.0      0.0
  SINCE JUN 1      0.0                       0.0    0.0      0.0
  SINCE JUL 1      0.0                       0.0    0.0      0.0
  SNOW DEPTH       0

DEGREE DAYS
 HEATING
  TODAY            0                         0      0        0
  MONTH TO DATE    0                         0      0        0
  SINCE JUN 1      0                         5     -5        0
  SINCE JUL 1      0                         0      0        0

 COOLING
  TODAY            4                        15    -11       15
  MONTH TO DATE   62                        75    -13       83
  SINCE JUN 1   1074                       876    198     1100
  SINCE JAN 1   1326                      1050    276     1294
..................................................................


WIND (MPH)
  HIGHEST WIND SPEED    20   HIGHEST WIND DIRECTION     S (160)
  HIGHEST GUST SPEED    25   HIGHEST GUST DIRECTION     S (160)
  AVERAGE WIND SPEED     6.0


SKY COVER
  AVERAGE SKY COVER 0.6



RELATIVE HUMIDITY (PERCENT)
 HIGHEST    84           400 AM
 LOWEST     39          1000 AM
 AVERAGE    62

..........................................................


THE ST. LOUIS CLIMATE NORMALS FOR TOMORROW
                         NORMAL    RECORD    YEAR
 MAXIMUM TEMPERATURE (F)   89       104      1947
                                             1930
 MINIMUM TEMPERATURE (F)   71        55      1948


SUNRISE AND SUNSET
AUGUST  5 2017........SUNRISE   607 AM CDT   SUNSET   808 PM CDT
AUGUST  6 2017........SUNRISE   608 AM CDT   SUNSET   807 PM CDT


-  INDICATES NEGATIVE NUMBERS.
R  INDICATES RECORD WAS SET OR TIED.
MM INDICATES DATA IS MISSING.
T  INDICATES TRACE AMOUNT.




$$
