000
CDUS43 KLSX 280741
CLISTL


CLIMATE REPORT
NATIONAL WEATHER SERVICE ST LOUIS MO
240 AM CDT THU APR 28 2016


...................................

...THE ST. LOUIS CLIMATE SUMMARY FOR APRIL 27 2016...

CLIMATE NORMAL PERIOD 1981 TO 2010
CLIMATE RECORD PERIOD 1874 TO 2016


WEATHER ITEM   OBSERVED TIME   RECORD YEAR NORMAL DEPARTURE LAST
                VALUE   (LST)  VALUE       VALUE  FROM      YEAR
                                                  NORMAL
..................................................................
TEMPERATURE (F)
 YESTERDAY
  MAXIMUM         79    404 PM  92    1989  71      8       67
  MINIMUM         61    421 AM  34    1967  51     10       42
                                      1933
                                      1932
  AVERAGE         70                        61      9       55

PRECIPITATION (IN)
  YESTERDAY        0.14          1.28 1917   0.13   0.01     0.00
  MONTH TO DATE    3.00                      3.30  -0.30     5.42
  SINCE MAR 1      5.29                      6.62  -1.33     8.42
  SINCE JAN 1      6.89                     11.26  -4.37    11.37

SNOWFALL (IN)
  YESTERDAY        0.0           0.0  2015   0.0    0.0      0.0
  MONTH TO DATE    0.0                       0.4   -0.4      0.0
  SINCE MAR 1      0.3                       2.7   -2.4      0.6
  SINCE JUL 1     10.9                      17.7   -6.8     16.8
  SNOW DEPTH       0

DEGREE DAYS
 HEATING
  YESTERDAY        0                         6     -6       10
  MONTH TO DATE  193                       255    -62      145
  SINCE MAR 1    566                       843   -277      714
  SINCE JUL 1   3396                      4441  -1045     4516

 COOLING
  YESTERDAY        5                         2      3        0
  MONTH TO DATE   49                        36     13       25
  SINCE MAR 1     57                        43     14       25
  SINCE JAN 1     57                        43     14       25
..................................................................


WIND (MPH)
  HIGHEST WIND SPEED    23   HIGHEST WIND DIRECTION     W (280)
  HIGHEST GUST SPEED    29   HIGHEST GUST DIRECTION     W (280)
  AVERAGE WIND SPEED     9.2


SKY COVER
  AVERAGE SKY COVER 0.8


WEATHER CONDITIONS
 THE FOLLOWING WEATHER WAS RECORDED YESTERDAY.
  THUNDERSTORM
  HEAVY RAIN
  RAIN
  LIGHT RAIN
  FOG
  HAZE


RELATIVE HUMIDITY (PERCENT)
 HIGHEST    90           100 AM
 LOWEST     54           400 PM
 AVERAGE    72

..........................................................


THE ST. LOUIS CLIMATE NORMALS FOR TODAY
                         NORMAL    RECORD    YEAR
 MAXIMUM TEMPERATURE (F)   72        92      1970
 MINIMUM TEMPERATURE (F)   52        32      1874


SUNRISE AND SUNSET
APRIL 28 2016.........SUNRISE   607 AM CDT   SUNSET   751 PM CDT
APRIL 29 2016.........SUNRISE   606 AM CDT   SUNSET   752 PM CDT


-  INDICATES NEGATIVE NUMBERS.
R  INDICATES RECORD WAS SET OR TIED.
MM INDICATES DATA IS MISSING.
T  INDICATES TRACE AMOUNT.




$$
