000
CDUS43 KLSX 082233
CLISTL


CLIMATE REPORT
NATIONAL WEATHER SERVICE ST LOUIS MO
433 PM CST WED FEB 8 2017


...................................

...THE ST. LOUIS CLIMATE SUMMARY FOR FEBRUARY 8 2017...
VALID TODAY AS OF 0400 PM LOCAL TIME.

CLIMATE NORMAL PERIOD 1981 TO 2010
CLIMATE RECORD PERIOD 1874 TO 2017


WEATHER ITEM   OBSERVED TIME   RECORD YEAR NORMAL DEPARTURE LAST
                VALUE   (LST)  VALUE       VALUE  FROM      YEAR
                                                  NORMAL
..................................................................
TEMPERATURE (F)
 TODAY
  MAXIMUM         40   1249 AM  70    1990  43     -3       40
  MINIMUM         30    359 PM -12    1895  26      4       23
  AVERAGE         35                        34      1       32

PRECIPITATION (IN)
  TODAY            0.02          1.32 1900   0.08  -0.06      T
  MONTH TO DATE    0.04                      0.62  -0.58     0.15
  SINCE DEC 1      2.97                      5.86  -2.89    12.69
  SINCE JAN 1      1.84                      3.02  -1.18     0.95

SNOWFALL (IN)
  TODAY           MM             5.0  1982   0.1   MM        0.2
  MONTH TO DATE    0.0                       1.3   -1.3      0.2
  SINCE DEC 1      1.2                      11.3  -10.1      3.5
  SINCE JUL 1      1.2                      12.0  -10.8      3.5
  SNOW DEPTH       0

DEGREE DAYS
 HEATING
  TODAY           30                        31     -1       33
  MONTH TO DATE  205                       251    -46      189
  SINCE DEC 1   1966                      2219   -253     1745
  SINCE JUL 1   2457                      3045   -588     2307

 COOLING
  TODAY            0                         0      0        0
  MONTH TO DATE    0                         0      0        0
  SINCE DEC 1      0                         0      0        0
  SINCE JAN 1      0                         0      0        0
..................................................................


WIND (MPH)
  HIGHEST WIND SPEED    21   HIGHEST WIND DIRECTION     N (360)
  HIGHEST GUST SPEED    27   HIGHEST GUST DIRECTION     N (360)
  AVERAGE WIND SPEED    11.8


SKY COVER
  AVERAGE SKY COVER 1.0



RELATIVE HUMIDITY (PERCENT)
 HIGHEST    78           300 PM
 LOWEST     64          1100 AM
 AVERAGE    71

..........................................................


THE ST. LOUIS CLIMATE NORMALS FOR TOMORROW
                         NORMAL    RECORD    YEAR
 MAXIMUM TEMPERATURE (F)   43        75      1943
 MINIMUM TEMPERATURE (F)   26       -16      1899


SUNRISE AND SUNSET
FEBRUARY  8 2017......SUNRISE   700 AM CST   SUNSET   532 PM CST
FEBRUARY  9 2017......SUNRISE   659 AM CST   SUNSET   533 PM CST


-  INDICATES NEGATIVE NUMBERS.
R  INDICATES RECORD WAS SET OR TIED.
MM INDICATES DATA IS MISSING.
T  INDICATES TRACE AMOUNT.




$$
