000
CDUS43 KLSX 260757
CLISTL


CLIMATE REPORT
NATIONAL WEATHER SERVICE ST LOUIS MO
251 AM CDT THU MAR 26 2015


...................................

...THE ST. LOUIS CLIMATE SUMMARY FOR MARCH 25 2015...

CLIMATE NORMAL PERIOD 1981 TO 2010
CLIMATE RECORD PERIOD 1874 TO 2015


WEATHER ITEM   OBSERVED TIME   RECORD YEAR NORMAL DEPARTURE LAST
                VALUE   (LST)  VALUE       VALUE  FROM      YEAR
                                                  NORMAL
..................................................................
TEMPERATURE (F)
 YESTERDAY
  MAXIMUM         60    208 PM  84    1907  60      0       41
  MINIMUM         46   1159 PM  11    1955  40      6       26
  AVERAGE         53                        50      3       34

PRECIPITATION (IN)
  YESTERDAY        0.52          3.58 1904   0.12   0.40      T
  MONTH TO DATE    2.91                      2.57   0.34     1.35
  SINCE MAR 1      2.91                      2.57   0.34     1.35
  SINCE JAN 1      5.86                      7.21  -1.35     4.50

SNOWFALL (IN)
  YESTERDAY        0.0           3.0  1955   0.1   -0.1      0.1
  MONTH TO DATE    0.6                       2.1   -1.5      1.6
  SINCE MAR 1      0.6                       2.1   -1.5      1.6
  SINCE JUL 1     16.8                      17.1   -0.3     28.8
  SNOW DEPTH       0

DEGREE DAYS
 HEATING
  YESTERDAY       12                        16     -4       31
  MONTH TO DATE  465                       500    -35      585
  SINCE MAR 1    465                       500    -35      585
  SINCE JUL 1   4267                      4098    169     4622

 COOLING
  YESTERDAY        0                         0      0        0
  MONTH TO DATE    0                         0      0        0
  SINCE MAR 1      0                         0      0        0
  SINCE JAN 1      0                         0      0        0
..................................................................


WIND (MPH)
  HIGHEST WIND SPEED    21   HIGHEST WIND DIRECTION     W (280)
  HIGHEST GUST SPEED    25   HIGHEST GUST DIRECTION     W (280)
  AVERAGE WIND SPEED     9.6


SKY COVER
  AVERAGE SKY COVER 0.9


WEATHER CONDITIONS
 THE FOLLOWING WEATHER WAS RECORDED YESTERDAY.
  RAIN
  LIGHT RAIN
  FOG
  HAZE


RELATIVE HUMIDITY (PERCENT)
 HIGHEST    86          1200 AM
 LOWEST     55           200 PM
 AVERAGE    71

..........................................................


THE ST. LOUIS CLIMATE NORMALS FOR TODAY
                         NORMAL    RECORD    YEAR
 MAXIMUM TEMPERATURE (F)   60        87      1991
 MINIMUM TEMPERATURE (F)   40         5      1955


SUNRISE AND SUNSET
MARCH 26 2015.........SUNRISE   656 AM CDT   SUNSET   719 PM CDT
MARCH 27 2015.........SUNRISE   654 AM CDT   SUNSET   720 PM CDT


-  INDICATES NEGATIVE NUMBERS.
R  INDICATES RECORD WAS SET OR TIED.
MM INDICATES DATA IS MISSING.
T  INDICATES TRACE AMOUNT.




$$
