872
CDUS43 KLSX 282227
CLISTL


CLIMATE REPORT
NATIONAL WEATHER SERVICE ST LOUIS MO
526 PM CDT THU APR 28 2016


...................................

...THE ST. LOUIS CLIMATE SUMMARY FOR APRIL 28 2016...
VALID TODAY AS OF 0500 PM LOCAL TIME.

CLIMATE NORMAL PERIOD 1981 TO 2010
CLIMATE RECORD PERIOD 1874 TO 2016


WEATHER ITEM   OBSERVED TIME   RECORD YEAR NORMAL DEPARTURE LAST
                VALUE   (LST)  VALUE       VALUE  FROM      YEAR
                                                  NORMAL
..................................................................
TEMPERATURE (F)
 TODAY
  MAXIMUM         74    344 PM  92    1970  72      2       70
  MINIMUM         56    531 AM  32    1874  52      4       43
  AVERAGE         65                        62      3       57

PRECIPITATION (IN)
  TODAY            0.00          4.46 1996   0.13  -0.13     0.00
  MONTH TO DATE    3.00                      3.43  -0.43     5.42
  SINCE MAR 1      5.29                      6.75  -1.46     8.42
  SINCE JAN 1      6.89                     11.39  -4.50    11.37

SNOWFALL (IN)
  TODAY            0.0           0.0  2015   0.0    0.0      0.0
  MONTH TO DATE    0.0                       0.4   -0.4      0.0
  SINCE MAR 1      0.3                       2.7   -2.4      0.6
  SINCE JUL 1     10.9                      17.7   -6.8     16.8
  SNOW DEPTH       0

DEGREE DAYS
 HEATING
  TODAY            0                         5     -5        8
  MONTH TO DATE  193                       260    -67      153
  SINCE MAR 1    566                       848   -282      722
  SINCE JUL 1   3396                      4446  -1050     4524

 COOLING
  TODAY            0                         2     -2        0
  MONTH TO DATE   49                        38     11       25
  SINCE MAR 1     57                        45     12       25
  SINCE JAN 1     57                        45     12       25
..................................................................


WIND (MPH)
  HIGHEST WIND SPEED    21   HIGHEST WIND DIRECTION     W (280)
  HIGHEST GUST SPEED    24   HIGHEST GUST DIRECTION     W (280)
  AVERAGE WIND SPEED     9.7


SKY COVER
  AVERAGE SKY COVER 0.3



RELATIVE HUMIDITY (PERCENT)
 HIGHEST    86           500 AM
 LOWEST     41           300 PM
 AVERAGE    64

..........................................................


THE ST. LOUIS CLIMATE NORMALS FOR TOMORROW
                         NORMAL    RECORD    YEAR
 MAXIMUM TEMPERATURE (F)   72        91      1899
 MINIMUM TEMPERATURE (F)   52        32      1874


SUNRISE AND SUNSET
APRIL 28 2016.........SUNRISE   607 AM CDT   SUNSET   751 PM CDT
APRIL 29 2016.........SUNRISE   606 AM CDT   SUNSET   752 PM CDT


-  INDICATES NEGATIVE NUMBERS.
R  INDICATES RECORD WAS SET OR TIED.
MM INDICATES DATA IS MISSING.
T  INDICATES TRACE AMOUNT.




$$
