000
CDUS43 KLSX 260730
CLISTL


CLIMATE REPORT
NATIONAL WEATHER SERVICE ST LOUIS MO
130 AM CST FRI DEC 26 2014


...................................

...THE ST. LOUIS CLIMATE SUMMARY FOR DECEMBER 25 2014...

CLIMATE NORMAL PERIOD 1981 TO 2010
CLIMATE RECORD PERIOD 1874 TO 2014


WEATHER ITEM   OBSERVED TIME   RECORD YEAR NORMAL DEPARTURE LAST
                VALUE   (LST)  VALUE       VALUE  FROM      YEAR
                                                  NORMAL
..................................................................
TEMPERATURE (F)
 YESTERDAY
  MAXIMUM         54    300 PM  71    1889  40     14       37
  MINIMUM         35    722 AM -13    1983  25     10       24
  AVERAGE         45                        33     12       31

PRECIPITATION (IN)
  YESTERDAY        0.00          0.94 1913   0.09  -0.09     0.00
  MONTH TO DATE    2.50                      2.32   0.18     1.96
  SINCE DEC 1      2.50                      2.32   0.18     1.96
  SINCE JAN 1     43.21                     40.44   2.77    42.68

SNOWFALL (IN)
  YESTERDAY        0.0           9.2  1913   0.2   -0.2      0.0
  MONTH TO DATE    0.2                       3.3   -3.1      5.6
  SINCE DEC 1      0.2                       3.3   -3.1      5.6
  SINCE JUL 1      4.0                       4.0    0.0      5.6
  SNOW DEPTH       0

DEGREE DAYS
 HEATING
  YESTERDAY       20                        33    -13       34
  MONTH TO DATE  616                       741   -125      796
  SINCE DEC 1    616                       741   -125      796
  SINCE JUL 1   1573                      1567      6     1666

 COOLING
  YESTERDAY        0                         0      0        0
  MONTH TO DATE    0                         0      0        0
  SINCE DEC 1      0                         0      0        0
  SINCE JAN 1   1732                      1646     86     1728
..................................................................


WIND (MPH)
  HIGHEST WIND SPEED    20   HIGHEST WIND DIRECTION     S (160)
  HIGHEST GUST SPEED    28   HIGHEST GUST DIRECTION     S (160)
  AVERAGE WIND SPEED    10.0


SKY COVER
  AVERAGE SKY COVER 0.6


WEATHER CONDITIONS
 THE FOLLOWING WEATHER WAS RECORDED YESTERDAY.
  NO SIGNIFICANT WEATHER WAS OBSERVED.


RELATIVE HUMIDITY (PERCENT)
 HIGHEST    85          1200 AM
 LOWEST     38           300 PM
 AVERAGE    62

..........................................................


THE ST. LOUIS CLIMATE NORMALS FOR TODAY
                         NORMAL    RECORD    YEAR
 MAXIMUM TEMPERATURE (F)   40        70      1942
 MINIMUM TEMPERATURE (F)   25        -2      1892


SUNRISE AND SUNSET
DECEMBER 26 2014......SUNRISE   718 AM CST   SUNSET   446 PM CST
DECEMBER 27 2014......SUNRISE   719 AM CST   SUNSET   447 PM CST


-  INDICATES NEGATIVE NUMBERS.
R  INDICATES RECORD WAS SET OR TIED.
MM INDICATES DATA IS MISSING.
T  INDICATES TRACE AMOUNT.




$$
