000
CDUS43 KLSX 260753
CLISTL


CLIMATE REPORT
NATIONAL WEATHER SERVICE ST LOUIS MO
253 AM CDT FRI AUG 26 2016


...................................

...THE ST. LOUIS CLIMATE SUMMARY FOR AUGUST 25 2016...

CLIMATE NORMAL PERIOD 1981 TO 2010
CLIMATE RECORD PERIOD 1874 TO 2016


WEATHER ITEM   OBSERVED TIME   RECORD YEAR NORMAL DEPARTURE LAST
                VALUE   (LST)  VALUE       VALUE  FROM      YEAR
                                                  NORMAL
..................................................................
TEMPERATURE (F)
 YESTERDAY
  MAXIMUM         94    404 PM 101    1943  87      7       80
  MINIMUM         75    533 AM  52    1958  68      7       58
  AVERAGE         85                        78      7       69

PRECIPITATION (IN)
  YESTERDAY        0.00          1.30 2004   0.10  -0.10     0.00
  MONTH TO DATE    5.24                      2.44   2.80     6.67
  SINCE JUN 1     14.90                     10.83   4.07    23.94
  SINCE JAN 1     27.95                     27.20   0.75    38.93

SNOWFALL (IN)
  YESTERDAY        0.0           0.0  2015   0.0    0.0      0.0
  MONTH TO DATE    0.0                       0.0    0.0      0.0
  SINCE JUN 1      0.0                       0.0    0.0      0.0
  SINCE JUL 1      0.0                       0.0    0.0      0.0
  SNOW DEPTH       0

DEGREE DAYS
 HEATING
  YESTERDAY        0                         0      0        0
  MONTH TO DATE    0                         0      0        0
  SINCE JUN 1      0                         5     -5        3
  SINCE JUL 1      0                         0      0        0

 COOLING
  YESTERDAY       20                        13      7        4
  MONTH TO DATE  386                       353     33      338
  SINCE JUN 1   1403                      1154    249     1218
  SINCE JAN 1   1597                      1328    269     1442
..................................................................


WIND (MPH)
  HIGHEST WIND SPEED    24   HIGHEST WIND DIRECTION     N (340)
  HIGHEST GUST SPEED    27   HIGHEST GUST DIRECTION     N (340)
  AVERAGE WIND SPEED     6.8


SKY COVER
  AVERAGE SKY COVER 0.5


WEATHER CONDITIONS
 THE FOLLOWING WEATHER WAS RECORDED YESTERDAY.
  THUNDERSTORM


RELATIVE HUMIDITY (PERCENT)
 HIGHEST    79           400 AM
 LOWEST     46           300 PM
 AVERAGE    63

..........................................................


THE ST. LOUIS CLIMATE NORMALS FOR TODAY
                         NORMAL    RECORD    YEAR
 MAXIMUM TEMPERATURE (F)   87       103      1936
 MINIMUM TEMPERATURE (F)   68        53      1934


SUNRISE AND SUNSET
AUGUST 26 2016........SUNRISE   626 AM CDT   SUNSET   740 PM CDT
AUGUST 27 2016........SUNRISE   627 AM CDT   SUNSET   738 PM CDT


-  INDICATES NEGATIVE NUMBERS.
R  INDICATES RECORD WAS SET OR TIED.
MM INDICATES DATA IS MISSING.
T  INDICATES TRACE AMOUNT.




$$
