806
CDUS43 KLSX 080738
CLISTL


CLIMATE REPORT
NATIONAL WEATHER SERVICE ST LOUIS MO
126 AM CST MON FEB 8 2016


...................................

...THE ST. LOUIS CLIMATE SUMMARY FOR FEBRUARY 7 2016...

CLIMATE NORMAL PERIOD 1981 TO 2010
CLIMATE RECORD PERIOD 1874 TO 2016


WEATHER ITEM   OBSERVED TIME   RECORD YEAR NORMAL DEPARTURE LAST
                VALUE   (LST)  VALUE       VALUE  FROM      YEAR
                                                  NORMAL
..................................................................
TEMPERATURE (F)
 YESTERDAY
  MAXIMUM         55    323 PM  71    2015  43     12       71
  MINIMUM         38   1050 PM  -3    1895  26     12       34
  AVERAGE         47                        34     13       53

PRECIPITATION (IN)
  YESTERDAY        T             1.79 1999   0.08  -0.08     0.00
  MONTH TO DATE    0.15                      0.54  -0.39     0.72
  SINCE DEC 1     12.69                      5.78   6.91     4.65
  SINCE JAN 1      0.95                      2.94  -1.99     1.93

SNOWFALL (IN)
  YESTERDAY        0.0           2.6  1973   0.2   -0.2      0.0
  MONTH TO DATE    T                         1.2   -1.2      0.9
  SINCE DEC 1      3.3                      11.2   -7.9      1.4
  SINCE JUL 1      3.3                      11.9   -8.6      5.2
  SNOW DEPTH       0

DEGREE DAYS
 HEATING
  YESTERDAY       18                        31    -13       12
  MONTH TO DATE  156                       220    -64      223
  SINCE DEC 1   1712                      2188   -476     2005
  SINCE JUL 1   2274                      3014   -740     2962

 COOLING
  YESTERDAY        0                         0      0        0
  MONTH TO DATE    0                         0      0        0
  SINCE DEC 1      0                         0      0        0
  SINCE JAN 1      0                         0      0        0
..................................................................


WIND (MPH)
  HIGHEST WIND SPEED    28   HIGHEST WIND DIRECTION     W (290)
  HIGHEST GUST SPEED    38   HIGHEST GUST DIRECTION     W (290)
  AVERAGE WIND SPEED    12.9


SKY COVER
  AVERAGE SKY COVER 0.8


WEATHER CONDITIONS
 THE FOLLOWING WEATHER WAS RECORDED YESTERDAY.
  LIGHT RAIN


RELATIVE HUMIDITY (PERCENT)
 HIGHEST    70          1000 PM
 LOWEST     35           100 PM
 AVERAGE    53

..........................................................


THE ST. LOUIS CLIMATE NORMALS FOR TODAY
                         NORMAL    RECORD    YEAR
 MAXIMUM TEMPERATURE (F)   43        70      1990
 MINIMUM TEMPERATURE (F)   26       -12      1895


SUNRISE AND SUNSET
FEBRUARY  8 2016......SUNRISE   701 AM CST   SUNSET   531 PM CST
FEBRUARY  9 2016......SUNRISE   700 AM CST   SUNSET   532 PM CST


-  INDICATES NEGATIVE NUMBERS.
R  INDICATES RECORD WAS SET OR TIED.
MM INDICATES DATA IS MISSING.
T  INDICATES TRACE AMOUNT.




$$
