000
CDUS43 KLSX 102128
CLISTL


CLIMATE REPORT
NATIONAL WEATHER SERVICE ST LOUIS MO
428 PM CDT THU JUL 10 2014


...................................

...THE ST. LOUIS CLIMATE SUMMARY FOR JULY 10 2014...
VALID TODAY AS OF 0400 PM LOCAL TIME.

CLIMATE NORMAL PERIOD 1981 TO 2010
CLIMATE RECORD PERIOD 1874 TO 2014


WEATHER ITEM   OBSERVED TIME   RECORD YEAR NORMAL DEPARTURE LAST
                VALUE   (LST)  VALUE       VALUE  FROM      YEAR
                                                  NORMAL
..................................................................
TEMPERATURE (F)
 TODAY
  MAXIMUM         85    236 PM 104    1966  89     -4       88
                                      1901
                                      1881
  MINIMUM         64    331 AM  54    1963  71     -7       74
                                      1961
  AVERAGE         75                        80     -5       81

PRECIPITATION (IN)
  TODAY            0.00          3.37 1982   0.14  -0.14     0.55
  MONTH TO DATE    0.35                      1.34  -0.99     1.16
  SINCE JUN 1      5.61                      5.62  -0.01     7.09
  SINCE JAN 1     22.67                     21.99   0.68    31.23

SNOWFALL (IN)
  TODAY            0.0           0.0  2013   0.0    0.0      0.0
  MONTH TO DATE    0.0                       0.0    0.0      0.0
  SINCE JUN 1      0.0                       0.0    0.0      0.0
  SINCE JUL 1      0.0                       0.0    0.0      0.0
  SNOW DEPTH       0

DEGREE DAYS
 HEATING
  TODAY            0                         0      0        0
  MONTH TO DATE    0                         0      0        0
  SINCE JUN 1      0                         5     -5        1
  SINCE JUL 1      0                         0      0        0

 COOLING
  TODAY           10                        15     -5       16
  MONTH TO DATE  116                       150    -34      128
  SINCE JUN 1    514                       484     30      465
  SINCE JAN 1    776                       658    118      676
..................................................................


WIND (MPH)
  HIGHEST WIND SPEED    15   HIGHEST WIND DIRECTION     E (110)
  HIGHEST GUST SPEED    21   HIGHEST GUST DIRECTION     E (110)
  AVERAGE WIND SPEED     3.5


SKY COVER
  AVERAGE SKY COVER 0.4



RELATIVE HUMIDITY (PERCENT)
 HIGHEST    78           200 AM
 LOWEST     34           300 PM
 AVERAGE    56

..........................................................


THE ST. LOUIS CLIMATE NORMALS FOR TOMORROW
                         NORMAL    RECORD    YEAR
 MAXIMUM TEMPERATURE (F)   89       106      1966
                                             1930
 MINIMUM TEMPERATURE (F)   71        55      1963


SUNRISE AND SUNSET
JULY 10 2014..........SUNRISE   545 AM CDT   SUNSET   828 PM CDT
JULY 11 2014..........SUNRISE   546 AM CDT   SUNSET   828 PM CDT


-  INDICATES NEGATIVE NUMBERS.
R  INDICATES RECORD WAS SET OR TIED.
MM INDICATES DATA IS MISSING.
T  INDICATES TRACE AMOUNT.




$$
