000
CDUS43 KLSX 270731
CLISTL


CLIMATE REPORT
NATIONAL WEATHER SERVICE ST LOUIS MO
229 AM CDT FRI MAR 27 2015


...................................

...THE ST. LOUIS CLIMATE SUMMARY FOR MARCH 26 2015...

CLIMATE NORMAL PERIOD 1981 TO 2010
CLIMATE RECORD PERIOD 1874 TO 2015


WEATHER ITEM   OBSERVED TIME   RECORD YEAR NORMAL DEPARTURE LAST
                VALUE   (LST)  VALUE       VALUE  FROM      YEAR
                                                  NORMAL
..................................................................
TEMPERATURE (F)
 YESTERDAY
  MAXIMUM         51    412 PM  87    1991  60     -9       54
  MINIMUM         38   1040 PM   5    1955  40     -2       21
  AVERAGE         45                        50     -5       38

PRECIPITATION (IN)
  YESTERDAY        0.07          1.57 2004   0.12  -0.05     0.02
  MONTH TO DATE    2.98                      2.69   0.29     1.37
  SINCE MAR 1      2.98                      2.69   0.29     1.37
  SINCE JAN 1      5.93                      7.33  -1.40     4.52

SNOWFALL (IN)
  YESTERDAY        0.0           8.3  1913   0.0    0.0      0.0
  MONTH TO DATE    0.6                       2.1   -1.5      1.6
  SINCE MAR 1      0.6                       2.1   -1.5      1.6
  SINCE JUL 1     16.8                      17.1   -0.3     28.8
  SNOW DEPTH       0

DEGREE DAYS
 HEATING
  YESTERDAY       20                        15      5       27
  MONTH TO DATE  485                       515    -30      612
  SINCE MAR 1    485                       515    -30      612
  SINCE JUL 1   4287                      4113    174     4649

 COOLING
  YESTERDAY        0                         0      0        0
  MONTH TO DATE    0                         0      0        0
  SINCE MAR 1      0                         0      0        0
  SINCE JAN 1      0                         0      0        0
..................................................................


WIND (MPH)
  HIGHEST WIND SPEED    20   HIGHEST WIND DIRECTION    NW (330)
  HIGHEST GUST SPEED    26   HIGHEST GUST DIRECTION    NW (310)
  AVERAGE WIND SPEED    10.8


SKY COVER
  AVERAGE SKY COVER 0.7


WEATHER CONDITIONS
 THE FOLLOWING WEATHER WAS RECORDED YESTERDAY.
  LIGHT RAIN
  FOG


RELATIVE HUMIDITY (PERCENT)
 HIGHEST    83           100 AM
 LOWEST     39           500 PM
 AVERAGE    61

..........................................................


THE ST. LOUIS CLIMATE NORMALS FOR TODAY
                         NORMAL    RECORD    YEAR
 MAXIMUM TEMPERATURE (F)   60        87      1910
 MINIMUM TEMPERATURE (F)   40        15      1955


SUNRISE AND SUNSET
MARCH 27 2015.........SUNRISE   654 AM CDT   SUNSET   720 PM CDT
MARCH 28 2015.........SUNRISE   653 AM CDT   SUNSET   721 PM CDT


-  INDICATES NEGATIVE NUMBERS.
R  INDICATES RECORD WAS SET OR TIED.
MM INDICATES DATA IS MISSING.
T  INDICATES TRACE AMOUNT.




$$
