253
CDUS43 KLSX 292135
CLISTL


CLIMATE REPORT
NATIONAL WEATHER SERVICE ST LOUIS MO
434 PM CDT SUN MAY 29 2016


...................................

...THE ST. LOUIS CLIMATE SUMMARY FOR MAY 29 2016...
VALID TODAY AS OF 0400 PM LOCAL TIME.

CLIMATE NORMAL PERIOD 1981 TO 2010
CLIMATE RECORD PERIOD 1874 TO 2016


WEATHER ITEM   OBSERVED TIME   RECORD YEAR NORMAL DEPARTURE LAST
                VALUE   (LST)  VALUE       VALUE  FROM      YEAR
                                                  NORMAL
..................................................................
TEMPERATURE (F)
 TODAY
  MAXIMUM         88    253 PM  94    1926  80      8       86
  MINIMUM         66    500 AM  41    1984  61      5       71
  AVERAGE         77                        71      6       79

PRECIPITATION (IN)
  TODAY            0.00          2.13 1898   0.17  -0.17     0.08
  MONTH TO DATE    4.67                      4.39   0.28     3.08
  SINCE MAR 1     11.45                     11.40   0.05    11.50
  SINCE JAN 1     13.05                     16.04  -2.99    14.45

SNOWFALL (IN)
  TODAY            0.0           0.0  2015   0.0    0.0      0.0
  MONTH TO DATE    0.0                       0.0    0.0      0.0
  SINCE MAR 1      0.3                       2.7   -2.4      0.6
  SINCE JUL 1     10.9                      17.7   -6.8     16.8
  SNOW DEPTH       0

DEGREE DAYS
 HEATING
  TODAY            0                         1     -1        0
  MONTH TO DATE   83                        73     10       42
  SINCE MAR 1    654                       931   -277      772
  SINCE JUL 1   3484                      4529  -1045     4574

 COOLING
  TODAY           12                         6      6       14
  MONTH TO DATE  107                       114     -7      197
  SINCE MAR 1    167                       160      7      222
  SINCE JAN 1    167                       160      7      222
..................................................................


WIND (MPH)
  HIGHEST WIND SPEED    13   HIGHEST WIND DIRECTION     W (290)
  HIGHEST GUST SPEED    18   HIGHEST GUST DIRECTION    SW (240)
  AVERAGE WIND SPEED     5.5


SKY COVER
  AVERAGE SKY COVER 0.4



RELATIVE HUMIDITY (PERCENT)
 HIGHEST    81           500 AM
 LOWEST     34           300 PM
 AVERAGE    58

..........................................................


THE ST. LOUIS CLIMATE NORMALS FOR TOMORROW
                         NORMAL    RECORD    YEAR
 MAXIMUM TEMPERATURE (F)   80        97      1934
 MINIMUM TEMPERATURE (F)   62        42      1889


SUNRISE AND SUNSET
MAY 29 2016...........SUNRISE   540 AM CDT   SUNSET   819 PM CDT
MAY 30 2016...........SUNRISE   539 AM CDT   SUNSET   820 PM CDT


-  INDICATES NEGATIVE NUMBERS.
R  INDICATES RECORD WAS SET OR TIED.
MM INDICATES DATA IS MISSING.
T  INDICATES TRACE AMOUNT.




$$
