000
CDUS43 KLSX 270728
CLISTL


CLIMATE REPORT
NATIONAL WEATHER SERVICE ST LOUIS MO
127 AM CST TUE JAN 27 2015


...................................

...THE ST. LOUIS CLIMATE SUMMARY FOR JANUARY 26 2015...

CLIMATE NORMAL PERIOD 1981 TO 2010
CLIMATE RECORD PERIOD 1874 TO 2015


WEATHER ITEM   OBSERVED TIME   RECORD YEAR NORMAL DEPARTURE LAST
                VALUE   (LST)  VALUE       VALUE  FROM      YEAR
                                                  NORMAL
..................................................................
TEMPERATURE (F)
 YESTERDAY
  MAXIMUM         42    359 PM  72    1890  41      1       60
  MINIMUM         25    556 AM  -8    1936  24      1       25
  AVERAGE         34                        32      2       43

PRECIPITATION (IN)
  YESTERDAY        T             2.13 1967   0.07  -0.07      T
  MONTH TO DATE    1.21                      2.03  -0.82     1.67
  SINCE DEC 1      3.93                      4.87  -0.94     3.63
  SINCE JAN 1      1.21                      2.03  -0.82     1.67

SNOWFALL (IN)
  YESTERDAY        T             2.6  1961   0.2   -0.2       T
  MONTH TO DATE    0.3                       4.7   -4.4     15.8
  SINCE DEC 1      0.5                       9.1   -8.6     21.4
  SINCE JUL 1      4.3                       9.8   -5.5     21.4
  SNOW DEPTH       0

DEGREE DAYS
 HEATING
  YESTERDAY       31                        33     -2       22
  MONTH TO DATE  850                       866    -16      951
  SINCE DEC 1   1654                      1805   -151     1921
  SINCE JUL 1   2611                      2631    -20     2791

 COOLING
  YESTERDAY        0                         0      0        0
  MONTH TO DATE    0                         0      0        0
  SINCE DEC 1      0                         0      0        0
  SINCE JAN 1      0                         0      0        0
..................................................................


WIND (MPH)
  HIGHEST WIND SPEED    18   HIGHEST WIND DIRECTION     N (340)
  HIGHEST GUST SPEED    22   HIGHEST GUST DIRECTION     N (340)
  AVERAGE WIND SPEED     6.5


SKY COVER
  AVERAGE SKY COVER 0.7


WEATHER CONDITIONS
 THE FOLLOWING WEATHER WAS RECORDED YESTERDAY.
  LIGHT SNOW


RELATIVE HUMIDITY (PERCENT)
 HIGHEST    81           500 AM
 LOWEST     60           300 PM
 AVERAGE    71

..........................................................


THE ST. LOUIS CLIMATE NORMALS FOR TODAY
                         NORMAL    RECORD    YEAR
 MAXIMUM TEMPERATURE (F)   41        71      1944
 MINIMUM TEMPERATURE (F)   24       -14      1936


SUNRISE AND SUNSET
JANUARY 27 2015.......SUNRISE   712 AM CST   SUNSET   517 PM CST
JANUARY 28 2015.......SUNRISE   711 AM CST   SUNSET   518 PM CST


-  INDICATES NEGATIVE NUMBERS.
R  INDICATES RECORD WAS SET OR TIED.
MM INDICATES DATA IS MISSING.
T  INDICATES TRACE AMOUNT.




$$
