000
CDUS43 KLSX 300730
CLISTL


CLIMATE REPORT
NATIONAL WEATHER SERVICE ST LOUIS MO
128 AM CST FRI JAN 30 2015


...................................

...THE ST. LOUIS CLIMATE SUMMARY FOR JANUARY 29 2015...

CLIMATE NORMAL PERIOD 1981 TO 2010
CLIMATE RECORD PERIOD 1874 TO 2015


WEATHER ITEM   OBSERVED TIME   RECORD YEAR NORMAL DEPARTURE LAST
                VALUE   (LST)  VALUE       VALUE  FROM      YEAR
                                                  NORMAL
..................................................................
TEMPERATURE (F)
 YESTERDAY
  MAXIMUM         54    154 AM  73    2008  41     13       35
  MINIMUM         36   1159 PM  -8    1966  24     12       12
  AVERAGE         45                        33     12       24

PRECIPITATION (IN)
  YESTERDAY        0.00          1.44 2013   0.07  -0.07     0.00
  MONTH TO DATE    1.21                      2.25  -1.04     1.67
  SINCE DEC 1      3.93                      5.09  -1.16     3.63
  SINCE JAN 1      1.21                      2.25  -1.04     1.67

SNOWFALL (IN)
  YESTERDAY        0.0           4.8  1956   0.1   -0.1      0.0
  MONTH TO DATE    0.3                       5.2   -4.9     15.8
  SINCE DEC 1      0.5                       9.6   -9.1     21.4
  SINCE JUL 1      4.3                      10.3   -6.0     21.4
  SNOW DEPTH       0

DEGREE DAYS
 HEATING
  YESTERDAY       20                        32    -12       41
  MONTH TO DATE  922                       964    -42     1094
  SINCE DEC 1   1726                      1903   -177     2064
  SINCE JUL 1   2683                      2729    -46     2934

 COOLING
  YESTERDAY        0                         0      0        0
  MONTH TO DATE    0                         0      0        0
  SINCE DEC 1      0                         0      0        0
  SINCE JAN 1      0                         0      0        0
..................................................................


WIND (MPH)
  HIGHEST WIND SPEED    30   HIGHEST WIND DIRECTION    NW (310)
  HIGHEST GUST SPEED    39   HIGHEST GUST DIRECTION    NW (310)
  AVERAGE WIND SPEED    16.3


SKY COVER
  AVERAGE SKY COVER 0.9


WEATHER CONDITIONS
 THE FOLLOWING WEATHER WAS RECORDED YESTERDAY.
  NO SIGNIFICANT WEATHER WAS OBSERVED.


RELATIVE HUMIDITY (PERCENT)
 HIGHEST    70           700 AM
 LOWEST     54          1200 AM
 AVERAGE    62

..........................................................


THE ST. LOUIS CLIMATE NORMALS FOR TODAY
                         NORMAL    RECORD    YEAR
 MAXIMUM TEMPERATURE (F)   41        67      2012
                                             1884
 MINIMUM TEMPERATURE (F)   24        -9      1936


SUNRISE AND SUNSET
JANUARY 30 2015.......SUNRISE   709 AM CST   SUNSET   521 PM CST
JANUARY 31 2015.......SUNRISE   708 AM CST   SUNSET   522 PM CST


-  INDICATES NEGATIVE NUMBERS.
R  INDICATES RECORD WAS SET OR TIED.
MM INDICATES DATA IS MISSING.
T  INDICATES TRACE AMOUNT.




$$
