000
CXUS53 KLSX 021829 CCE
CLMSTL

CLIMATE REPORT
NATIONAL WEATHER SERVICE ST LOUIS MO
1246 PM CST TUE MAR 1 2016

...................................

...THE ST. LOUIS MO CLIMATE SUMMARY FOR THE MONTH OF FEBRUARY 2016...

CLIMATE NORMAL PERIOD 1981 TO 2010
CLIMATE RECORD PERIOD 1874 TO 2016

WEATHER         OBSERVED          NORMAL  DEPART  LAST YEAR`S
                 VALUE   DATE(S)  VALUE   FROM    VALUE
                                          NORMAL
.............................................................
TEMPERATURE (F)
RECORD
 HIGH              85   02/29/1972
 LOW              -18   02/13/1905
HIGHEST            78   02/20                         71
LOWEST             11   02/13                          1
AVG. MAXIMUM     49.1              45.0     4.1     36.6
AVG. MINIMUM     31.2              27.6     3.6     16.8
MEAN             40.2              36.3     3.9     26.7
DAYS MAX >= 90      0               0.0     0.0        0
DAYS MAX <= 32      5               4.7     0.3       11
DAYS MIN <= 32     14              18.0    -4.0       26
DAYS MIN <= 0       0               0.4    -0.4        0

PRECIPITATION (INCHES)
RECORD
 MAXIMUM         8.94   1882
 MINIMUM         0.25   1963
TOTALS           0.80              2.24   -1.44     1.74
DAILY AVG.       0.03              0.08   -0.05     0.06
DAYS >= .01         8               8.0     0.0       11
DAYS >= .10         3               4.6    -1.6        5
DAYS >= .50         0               1.5    -1.5        1
DAYS >= 1.00        0               0.4    -0.4        0
GREATEST
 24 HR. TOTAL    0.31   02/24 TO 02/24

SNOWFALL (INCHES)
RECORDS
 TOTAL           23.5   1914
 24 HR TOTAL     15.6   02/20/1912 TO 02/21/1912
TOTALS            7.3               4.3     3.0     11.9
SINCE 7/1        10.6              15.0    -4.4     16.2
GREATEST
 24 HR TOTAL      3.6   02/24 TO 02/24

DEGREE_DAYS
HEATING TOTAL     712               829    -117     1063
 SINCE 7/1       2830              3622    -793     3802
COOLING TOTAL       0                 0       0        0
 SINCE 1/1          0                 0       0        0
..............................................................

WIND (MPH)
HIGHEST WIND SPEED/DIRECTION    35/220    DATE  02/28
HIGHEST GUST SPEED/DIRECTION    44/330    DATE  02/24
                                44/310          02/28

SKY COVER
NUMBER OF DAYS FAIR            3
NUMBER OF DAYS PC             14
NUMBER OF DAYS CLOUDY         12


WEATHER CONDITIONS. NUMBER OF DAYS WITH
THUNDERSTORM              1     MIXED PRECIP               0
HEAVY RAIN                0     RAIN                       1
LIGHT RAIN                6     FREEZING RAIN              0
LT FREEZING RAIN          0     HAIL                       0
HEAVY SNOW                0     SNOW                       2
LIGHT SNOW                9     SLEET                      0
FOG                       6     FOG W/VIS <= 1/4 MILE      1
HAZE                      7

-  INDICATES NEGATIVE NUMBERS.
R  INDICATES RECORD WAS SET OR TIED.
MM INDICATES DATA IS MISSING.
T  INDICATES TRACE AMOUNT.
...............................................................

MONTHLY RECORDS

16TH DRIEST FEBRUARY WITH 0.80"

DAILY RECORDS

2/2...TIED HIGH TEMPERATURE OF 65 DEGREES...PREVIOUSLY SET IN 2012

2/19...HIGH TEMPERATURE OF 76 DEGREES...PREVIOULSY 76 IN 1930

2/20...HIGH TEMPERATURE OF 78 DEGREES...PREVIOUSLY 77 IN 1996

$$
