000
CXUS53 KLSX 011651
CLMSTL
CLIMATE REPORT
NATIONAL WEATHER SERVICE ST LOUIS MO
1151 AM CDT SAT JUL 01 2023
...................................
...THE ST. LOUIS CLIMATE SUMMARY FOR THE MONTH OF JUNE 2023...
CLIMATE NORMAL PERIOD 1991 TO 2020
CLIMATE RECORD PERIOD 1874 TO 2023
WEATHER OBSERVED NORMAL DEPART LAST YEAR`S
VALUE DATE(S) VALUE FROM VALUE
NORMAL
..............................................................
TEMPERATURE (F)
RECORD
HIGH 108 06/28/2012
LOW 43 06/03/1969
HIGHEST 97 06/24 100
LOWEST 58 06/09 55
06/12
AVG. MAXIMUM 88.0 85.9 2.1 89.4
AVG. MINIMUM 66.4 67.2 -0.8 69.1
MEAN 77.2 76.5 0.7 79.3
DAYS MAX >= 90 14 10.6 3.4 15
DAYS MAX <= 32 0 0.0 0.0 0
DAYS MIN <= 32 0 0.0 0.0 0
DAYS MIN <= 0 0 0.0 0.0 0
PRECIPITATION (INCHES)
RECORD
MAXIMUM 13.14 2015
MINIMUM 0.10 1914
TOTALS 3.09 4.49 -1.40 1.79
DAILY AVG. 0.10 0.15 -0.05 0.06
DAYS >= .01 7 9.8 -2.8 5
DAYS >= .10 4 6.7 -2.7 5
DAYS >= .50 2 3.2 -1.2 0
DAYS >= 1.00 2 1.4 0.6 0
GREATEST
24 HR. TOTAL 1.53 06/18 TO 06/18
SNOWFALL (INCHES)
RECORDS
TOTAL 0
24 HR TOTAL 0
TOTALS 0.0 0.0 0.0 0.0
SINCE 7/1 5.4 16.6 -11.2 0
DAYS >= 1.0 0 0
GREATEST
SNOW DEPTH 0
24 HR TOTAL 0
DEGREE DAYS
HEATING TOTAL 0 4 -4 0
SINCE 7/1 3922 4430 -508
COOLING TOTAL 371 351 20 433
SINCE 1/1 592 546 46
..............................................................
WIND (MPH)
HIGHEST WIND SPEED/DIRECTION 33/330 DATE 06/29
HIGHEST GUST SPEED/DIRECTION 44/330 DATE 06/29
SKY COVER
NUMBER OF DAYS FAIR 10
NUMBER OF DAYS PC 17
NUMBER OF DAYS CLOUDY 3
WEATHER CONDITIONS. NUMBER OF DAYS WITH
THUNDERSTORM 7 MIXED PRECIP 0
HEAVY RAIN 3 RAIN 4
LIGHT RAIN 7 FREEZING RAIN 0
LT FREEZING RAIN 0 HAIL 1
HEAVY SNOW 0 SNOW 0
LIGHT SNOW 0 SLEET 0
FOG 5 FOG W/VIS <= 1/4 MILE 0
HAZE 4
- INDICATES NEGATIVE NUMBERS.
R INDICATES RECORD WAS SET OR TIED.
MM INDICATES DATA IS MISSING.
T INDICATES TRACE AMOUNT.
...MONTHLY...
NO RECORDS OF NOTE
...DAILY...
NO RECORDS OF NOTE
$$