000
CXUS53 KLSX 012209 CCA
CLMSTL

CLIMATE REPORT
NATIONAL WEATHER SERVICE ST LOUIS MO
918 AM CST TUE DEC 1 2015

...................................

...THE ST. LOUIS MO CLIMATE SUMMARY FOR THE MONTH OF NOVEMBER 2015...

CLIMATE NORMAL PERIOD 1981 TO 2010
CLIMATE RECORD PERIOD 1874 TO 2015

WEATHER         OBSERVED          NORMAL  DEPART  LAST YEAR`S
                 VALUE   DATE(S)  VALUE   FROM    VALUE
                                          NORMAL
.............................................................
TEMPERATURE (F)
RECORD
 HIGH              86   11/01/1937
 LOW                1   11/30/1964
HIGHEST            72   11/26                         73
                        11/01
LOWEST             23   11/22                         14
AVG. MAXIMUM     61.0              55.5     5.5     50.0
AVG. MINIMUM     42.3              38.1     4.2     31.3
MEAN             51.7              46.8     4.9     40.7
DAYS MAX >= 90      0               0.0     0.0        0
DAYS MAX <= 32      0               0.4    -0.4        3
DAYS MIN <= 32      2               8.6    -6.6       18
DAYS MIN <= 0       0               0.0     0.0        0

PRECIPITATION (INCHES)
RECORD
 MAXIMUM         9.95   1985
 MINIMUM         0.11   1949
TOTALS           6.48              3.91    2.57     2.46
DAILY AVG.       0.22              0.13    0.09     0.08
DAYS >= .01        12               9.6     2.4        9
DAYS >= .10         7               6.1     0.9        6
DAYS >= .50         5               2.7     2.3        2
DAYS >= 1.00        4               1.2     2.8        0
GREATEST
 24 HR. TOTAL    1.85   11/17

SNOWFALL (INCHES)
RECORDS
 TOTAL           11.3   1951
 24 HR TOTAL     10.3   11/05/1913 TO 11/06/1913
TOTALS              T               0.7    -0.7      3.8
SINCE 7/1           T               0.7    -0.7      3.8
GREATEST
 24 HR TOTAL        T   11/21

DEGREE_DAYS
HEATING TOTAL     393               550    -157      721
 SINCE 7/1        562               826    -264      957
COOLING TOTAL       1                 4      -3        0
 SINCE 1/1       1873              1646     227     1732
..............................................................

WIND (MPH)
HIGHEST WIND SPEED/DIRECTION    37/270    DATE  11/12
HIGHEST GUST SPEED/DIRECTION    49/240    DATE  11/11

SKY COVER
NUMBER OF DAYS FAIR           10
NUMBER OF DAYS PC              9
NUMBER OF DAYS CLOUDY         11


WEATHER CONDITIONS. NUMBER OF DAYS WITH
THUNDERSTORM              1     MIXED PRECIP               0
HEAVY RAIN                5     RAIN                       6
LIGHT RAIN               14     FREEZING RAIN              0
LT FREEZING RAIN          0     HAIL                       0
HEAVY SNOW                0     SNOW                       0
LIGHT SNOW                1     SLEET                      0
FOG                      13     FOG W/VIS <= 1/4 MILE      3
HAZE                      6

-  INDICATES NEGATIVE NUMBERS.
R  INDICATES RECORD WAS SET OR TIED.
MM INDICATES DATA IS MISSING.
T  INDICATES TRACE AMOUNT.

$$


...NOVEMBER MONTHLY RECORDS...

11TH WARMEST AT 51.7 DEGREES

7TH WETTEST AT 6.48 INCHES


...DAILY RECORDS..

11/5...RECORD HIGH MINIMUM TEMPERATURE OF 60 DEGREES...PREVIOUSLY 59 SET IN 1916

11/26...RECORD HIGH MINIMUM TEMPERATURE OF 59 DEGREES...PREVIOUSLY 58 SET IN 1990

11/17...RECORD RAINFALL OF 1.85 INCHES...PREVIOUSLY 1.77 INCHES SET IN 1879
