837
CXUS53 KLSX 040315 CCA
CLMSTL

CLIMATE REPORT
NATIONAL WEATHER SERVICE ST LOUIS MO
139 PM CST SUN NOV 1 2015

...................................

...THE ST. LOUIS MO CLIMATE SUMMARY FOR THE MONTH OF OCTOBER 2015...

CLIMATE NORMAL PERIOD 1981 TO 2010
CLIMATE RECORD PERIOD 1874 TO 2015

WEATHER         OBSERVED          NORMAL  DEPART  LAST YEAR`S
                 VALUE   DATE(S)  VALUE   FROM    VALUE
                                          NORMAL
.............................................................
TEMPERATURE (F)
RECORD
 HIGH              94   10/03/2006
                        10/11/1963
                        10/02/1953
 LOW               21   10/30/1925
HIGHEST            86   10/21                         88
LOWEST             36   10/18                         35
AVG. MAXIMUM     70.9              68.5     2.4     68.7
AVG. MINIMUM     51.3              49.0     2.3     50.3
MEAN             61.1              58.7     2.4     59.5
DAYS MAX >= 90      0               0.1    -0.1        0
DAYS MAX <= 32      0               0.0     0.0        0
DAYS MIN <= 32      0               0.7    -0.7        0
DAYS MIN <= 0       0               0.0     0.0        0

PRECIPITATION (INCHES)
RECORD
 MAXIMUM        12.38   2009
 MINIMUM         0.21   1975
                        1908
TOTALS           0.98              3.33   -2.35     5.08
DAILY AVG.       0.03              0.11   -0.08     0.16
DAYS >= .01         5               8.7    -3.7       11
DAYS >= .10         2               5.7    -3.7        9
DAYS >= .50         1               2.3    -1.3        4
DAYS >= 1.00        0               0.8    -0.8        1
GREATEST
 24 HR. TOTAL    0.72   10/27

SNOWFALL (INCHES)
RECORDS
 TOTAL            0.3   1913
 24 HR TOTAL      0.3   10/29/1913 TO 10/29/1913
TOTALS            0.0               0.0     0.0      0.0
SINCE 7/1         0.0               0.0     0.0      0.0

DEGREE_DAYS
HEATING TOTAL     163               235     -72      197
 SINCE 7/1        169               276    -107      236
COOLING TOTAL      51                41      10       34
 SINCE 1/1       1872              1642     230     1732
..............................................................

WIND (MPH)
HIGHEST WIND SPEED/DIRECTION    25/260    DATE  10/28
HIGHEST GUST SPEED/DIRECTION    33/280    DATE  10/12

SKY COVER
NUMBER OF DAYS FAIR           11
NUMBER OF DAYS PC             10
NUMBER OF DAYS CLOUDY         10


WEATHER CONDITIONS. NUMBER OF DAYS WITH
THUNDERSTORM              0     MIXED PRECIP               0
HEAVY RAIN                1     RAIN                       2
LIGHT RAIN               11     FREEZING RAIN              0
LT FREEZING RAIN          0     HAIL                       0
HEAVY SNOW                0     SNOW                       0
LIGHT SNOW                0     SLEET                      0
FOG                       7     FOG W/VIS <= 1/4 MILE      0
HAZE                      6

-  INDICATES NEGATIVE NUMBERS.
R  INDICATES RECORD WAS SET OR TIED.
MM INDICATES DATA IS MISSING.
T  INDICATES TRACE AMOUNT.


...MONTHLY...

20TH DRIEST OCTOBER ON RECORD (0.98 INCHES).


...DAILY...

NO DAILY RECORDS OF NOTE.

$$
