000
CXUS53 KLSX 012004
CLMSTL


CLIMATE REPORT
NATIONAL WEATHER SERVICE ST LOUIS MO
201 PM CDT FRI JUL 1 2016

...................................

...THE ST. LOUIS MO CLIMATE SUMMARY FOR THE MONTH OF JUNE 2016...

CLIMATE NORMAL PERIOD 1981 TO 2010
CLIMATE RECORD PERIOD 1874 TO 2016

WEATHER         OBSERVED          NORMAL  DEPART  LAST YEAR`S
                 VALUE   DATE(S)  VALUE   FROM    VALUE
                                          NORMAL
.............................................................
TEMPERATURE (F)
RECORD
 HIGH             108   06/28/2012
 LOW               43   06/03/1969
HIGHEST            99   06/23                         95
                        06/16
                        06/15
LOWEST             59   06/08                         57
AVG. MAXIMUM     91.0              85.1     5.9     85.6
AVG. MINIMUM     71.6              66.8     4.8     69.6
MEAN             81.3              75.9     5.4     77.6
DAYS MAX >= 90     18               8.4     9.6       10
DAYS MAX <= 32      0               0.0     0.0        0
DAYS MIN <= 32      0               0.0     0.0        0
DAYS MIN <= 0       0               0.0     0.0        0

PRECIPITATION (INCHES)
RECORD
 MAXIMUM        13.14   2015
 MINIMUM         0.10   1914
TOTALS           1.29              4.28   -2.99    13.14
DAILY AVG.       0.04              0.14   -0.10     0.44
DAYS >= .01         7              10.0    -3.0       17
DAYS >= .10         4               6.6    -2.6       12
DAYS >= .50         0               3.0    -3.0        9
DAYS >= 1.00        0               1.3    -1.3        7
GREATEST
 24 HR. TOTAL    0.42   06/25 TO 06/25
                        06/24 TO 06/25
                        06/25 TO 06/25

SNOWFALL (INCHES)
RECORDS
 TOTAL             MM   MM
 24 HR TOTAL       MM
TOTALS            0.0               0.0     0.0      0.0
SINCE 7/1        10.9              17.7    -6.8     16.8
GREATEST
 24 HR TOTAL      0.0   06/30 TO 06/30

DEGREE_DAYS
HEATING TOTAL       0                 5      -5        3
 SINCE 7/1       3484              4535   -1051     4585
COOLING TOTAL     495               334     161      390
 SINCE 1/1        689               508     181      614
..............................................................

WIND (MPH)
HIGHEST WIND SPEED/DIRECTION    36/240    DATE  06/25
HIGHEST GUST SPEED/DIRECTION    46/240    DATE  06/25

SKY COVER
POSSIBLE SUNSHINE (PERCENT)   MM
NUMBER OF DAYS FAIR           11
NUMBER OF DAYS PC             15
NUMBER OF DAYS CLOUDY          4


WEATHER CONDITIONS. NUMBER OF DAYS WITH
THUNDERSTORM              0     MIXED PRECIP               0
HEAVY RAIN                4     RAIN                       4
LIGHT RAIN               10     FREEZING RAIN              0
LT FREEZING RAIN          0     HAIL                       0
HEAVY SNOW                0     SNOW                       0
LIGHT SNOW                0     SLEET                      0
FOG                       3     FOG W/VIS <= 1/4 MILE      0
HAZE                      3

-  INDICATES NEGATIVE NUMBERS.
R  INDICATES RECORD WAS SET OR TIED.
MM INDICATES DATA IS MISSING.
T  INDICATES TRACE AMOUNT.


...MONTHLY...

3RD WARMEST JUNE ON RECORD (81.3 DEGREES).

TIED 4TH MOST OCCURENCES OF A MAXIMUM TEMPERATURE GREATER THAN OR
EQUAL TO 95 DEGREES(12 DAYS).

TIED 4TH FOR MOST OCCURENCES OF A MINIMUM TEMPERATURE GREATER THAN OR
EQUAL TO 80(2 DAYS).

TIED MOST CONSECUTIVE DAYS WITH A MINIMUM TEMPERATURE GREAT THAN
OR EQUAL TO 70 DEGREES(18 DAYS). ALSO SET IN 1984.

12TH DRIEST JUNE ON RECORD.


...DAILY...

1 RECORD HIGH  TEMPERATURE TIED (98 DEGREES ON 6/12...ALSO SET IN 1953)

4 RECORD HIGH MINIMUM TEMPERATURES SET OR TIED (6/22...6/16...6/15...AND 6/12)


$$
