607
CXUS53 KLSX 011401
CLMSTL


CLIMATE REPORT
NATIONAL WEATHER SERVICE ST LOUIS MO
846 AM CDT THU SEP 1 2016

...................................

...THE ST. LOUIS MO CLIMATE SUMMARY FOR THE MONTH OF AUGUST 2016...

CLIMATE NORMAL PERIOD 1981 TO 2010
CLIMATE RECORD PERIOD 1874 TO 2016

WEATHER         OBSERVED          NORMAL  DEPART  LAST YEAR`S
                 VALUE   DATE(S)  VALUE   FROM    VALUE
                                          NORMAL
.............................................................
TEMPERATURE (F)
RECORD
 HIGH             110   08/09/1934
 LOW               47   08/29/1986
                        08/29/1965
HIGHEST            98   08/11                         96
LOWEST             62   08/22                         57
AVG. MAXIMUM     88.9              87.9     1.0     86.7
AVG. MINIMUM     72.5              69.4     3.1     68.8
MEAN             80.7              78.6     2.1     77.8
DAYS MAX >= 90     12              11.4     0.6       13
DAYS MAX <= 32      0               0.0     0.0        0
DAYS MIN <= 32      0               0.0     0.0        0
DAYS MIN <= 0       0               0.0     0.0        0

PRECIPITATION (INCHES)
RECORD
 MAXIMUM        14.78   1946
 MINIMUM         0.07   1873
TOTALS           5.77              2.99    2.78     6.67
DAILY AVG.       0.19              0.10    0.09     0.22
DAYS >= .01        10               8.2     1.8        7
DAYS >= .10         9               5.3     3.7        5
DAYS >= .50         3               2.0     1.0        3
DAYS >= 1.00        1               0.9     0.1        2
GREATEST
 24 HR. TOTAL    2.67   08/14 TO 08/15

DEGREE_DAYS
HEATING TOTAL       0                 1      -1        0
 SINCE 7/1          0                 1      -1        0
COOLING TOTAL     494               424      70      403
 SINCE 1/1       1705              1399     306     1507
..............................................................

WIND (MPH)
HIGHEST WIND SPEED/DIRECTION    39/130    DATE  08/15
HIGHEST GUST SPEED/DIRECTION    45/150    DATE  08/15

SKY COVER
NUMBER OF DAYS FAIR            6
NUMBER OF DAYS PC             17
NUMBER OF DAYS CLOUDY          8


WEATHER CONDITIONS. NUMBER OF DAYS WITH
THUNDERSTORM              9     MIXED PRECIP               0
HEAVY RAIN                5     RAIN                       7
LIGHT RAIN               18     FREEZING RAIN              0
LT FREEZING RAIN          0     HAIL                       0
HEAVY SNOW                0     SNOW                       0
LIGHT SNOW                0     SLEET                      0
FOG                      10     FOG W/VIS <= 1/4 MILE      0
HAZE                      4

-  INDICATES NEGATIVE NUMBERS.
R  INDICATES RECORD WAS SET OR TIED.
MM INDICATES DATA IS MISSING.
T  INDICATES TRACE AMOUNT.


...MONTHLY...

TIED 20TH WARMEST AUGUST ON RECORD (80.7 DEGREES).

11TH WETTEST AUGUST ON RECORD (5.77 INCHES).

TIED 6TH MOST NUMBER OF DAYS WITH AT LEAST A TENTH OF AN INCH OF
RAINFALL (9 DAYS).


...DAILY...

NO RECORDS OF NOTE.


GOSSELIN

$$
