000
CXUS53 KLSX 011850
CLMSTL


CLIMATE REPORT
NATIONAL WEATHER SERVICE ST LOUIS MO
1255 PM CDT TUE JUL 1 2014

...................................

...THE ST. LOUIS MO CLIMATE SUMMARY FOR THE MONTH OF JUNE 2014...

CLIMATE NORMAL PERIOD 1981 TO 2010
CLIMATE RECORD PERIOD 1874 TO 2014

WEATHER         OBSERVED          NORMAL  DEPART  LAST YEAR`S
                 VALUE   DATE(S)  VALUE   FROM    VALUE
                                          NORMAL
.............................................................
TEMPERATURE (F)
RECORD
 HIGH             108   06/28/2012
 LOW               43   06/03/1969
HIGHEST            95   06/19                         96
LOWEST             56   06/14                         54
AVG. MAXIMUM     86.4              85.1     1.3     85.3
AVG. MINIMUM     69.7              66.8     2.9     66.6
MEAN             78.0              75.9     2.1     76.0
DAYS MAX >= 90     13               8.4     4.6       11
DAYS MAX <= 32      0               0.0     0.0        0
DAYS MIN <= 32      0               0.0     0.0        0
DAYS MIN <= 0       0               0.0     0.0        0

PRECIPITATION (INCHES)
RECORD
 MAXIMUM        12.35   2003
 MINIMUM         0.10   1914
TOTALS           5.26              4.28    0.98     5.93
DAILY AVG.       0.18              0.14    0.04     0.20
DAYS >= .01         9              10.0    -1.0       13
DAYS >= .10         8               6.6     1.4        8
DAYS >= .50         6               3.0     3.0        3
DAYS >= 1.00        0               1.3    -1.3        3
GREATEST
 24 HR. TOTAL    1.33   06/09 TO 06/10

DEGREE_DAYS
HEATING TOTAL       0                 5      -5        1
 SINCE 7/1       5027              4535     492     4488
COOLING TOTAL     398               334      64      337
 SINCE 1/1        660               508     152      548
..............................................................

WIND (MPH)
HIGHEST WIND SPEED/DIRECTION    37/330    DATE  06/21
HIGHEST GUST SPEED/DIRECTION    54/320    DATE  06/21

SKY COVER

NUMBER OF DAYS FAIR            2
NUMBER OF DAYS PC             19
NUMBER OF DAYS CLOUDY          9


WEATHER CONDITIONS. NUMBER OF DAYS WITH
THUNDERSTORM             10     MIXED PRECIP               0
HEAVY RAIN                6     RAIN                       6
LIGHT RAIN               16     FREEZING RAIN              0
LT FREEZING RAIN          0     HAIL                       0
HEAVY SNOW                0     SNOW                       0
LIGHT SNOW                0     SLEET                      0
FOG                      11     FOG W/VIS <= 1/4 MILE      0
HAZE                      4

-  INDICATES NEGATIVE NUMBERS.
R  INDICATES RECORD WAS SET OR TIED.
MM INDICATES DATA IS MISSING.
T  INDICATES TRACE AMOUNT.

$$


RECORDS FOR JUNE

THE MEAN MINIMUM TEMPERATURE IN JUNE WAS 69.7 DEGREES; 11TH WARMEST ON RECORD.

RECORD HIGHEST MINIMUM TEMPERATURE WAS TIED JUNE 2ND WITH 75 DEGREES; PREVIOUS
OCCURRENCES WERE IN 2002 AND 1895.
