000
CXUS53 KLSX 011506
CLMSTL


CLIMATE REPORT
NATIONAL WEATHER SERVICE ST LOUIS MO
841 AM CST SAT FEB 1 2014

...................................

...THE ST. LOUIS MO CLIMATE SUMMARY FOR THE MONTH OF JANUARY 2014...

CLIMATE NORMAL PERIOD 1981 TO 2010
CLIMATE RECORD PERIOD 1874 TO 2014

WEATHER         OBSERVED          NORMAL  DEPART  LAST YEAR`S
                 VALUE   DATE(S)  VALUE   FROM    VALUE
                                          NORMAL
.............................................................
TEMPERATURE (F)
RECORD
 HIGH              77   01/24/1950
 LOW              -22   01/05/1884
HIGHEST            60   01/26                         74
LOWEST             -8   01/06                         12
AVG. MAXIMUM     37.8              39.9    -2.1     45.0
AVG. MINIMUM     17.3              23.7    -6.4     26.3
MEAN             27.5              31.8    -4.3     35.7
DAYS MAX >= 90      0               0.0     0.0        0
DAYS MAX <= 32     11               8.3     2.7        7
DAYS MIN <= 32     28              24.0     4.0       25
DAYS MIN <= 0       2               0.8     1.2        0

PRECIPITATION (INCHES)
RECORD
 MAXIMUM         9.01   2005
 MINIMUM         0.10   1986
TOTALS           1.67              2.40   -0.73     3.12
DAILY AVG.       0.05              0.08   -0.03     0.10
DAYS >= .01        10               8.9     1.1        6
DAYS >= .10         3               4.3    -1.3        5
DAYS >= .50         2               1.5     0.5        3
DAYS >= 1.00        0               0.6    -0.6        1
GREATEST
 24 HR. TOTAL    0.65   01/05 TO 01/05

SNOWFALL (INCHES)
RECORDS
 TOTAL           23.9   1977
 24 HR TOTAL     13.9   01/30/1982 TO 01/31/1982
TOTALS           15.8               5.6    10.2      0.9
SINCE 7/1        21.4              10.7    10.7      3.0
GREATEST
 24 HR TOTAL     10.8   01/05

DEGREE_DAYS
HEATING TOTAL    1154              1029     125      903
 SINCE 7/1       2994              2794     200     2502
COOLING TOTAL       0                 0       0        0
 SINCE 1/1          0                 0       0        0
..............................................................

WIND (MPH)
HIGHEST WIND SPEED/DIRECTION    40/310    DATE  01/26
HIGHEST GUST SPEED/DIRECTION    53/310    DATE  01/26

SKY COVER

NUMBER OF DAYS FAIR            6
NUMBER OF DAYS PC             16
NUMBER OF DAYS CLOUDY          9


WEATHER CONDITIONS. NUMBER OF DAYS WITH
THUNDERSTORM              0     MIXED PRECIP               0
HEAVY RAIN                0     RAIN                       4
LIGHT RAIN                8     FREEZING RAIN              0
LT FREEZING RAIN          1     HAIL                       0
HEAVY SNOW                1     SNOW                       3
LIGHT SNOW               14     SLEET                      2
FOG                      11     FOG W/VIS <= 1/4 MILE      1
HAZE                      8

-  INDICATES NEGATIVE NUMBERS.
R  INDICATES RECORD WAS SET OR TIED.
MM INDICATES DATA IS MISSING.
T  INDICATES TRACE AMOUNT.

$$

01/05 DAILY RECORD MAXIMUM SNOWFALL 10.8 INCHES PREVIOUS 2.6 INCHES IN 1979

6TH SNOWIEST JANUARY ON RECORD

TIED 3RD HIGHEST SNOW DEPTH 10 INCHES

TIED 20TH PLACE LOWEST MINIMUM TEMPERATURE -8 DEGREES
