000
CXUS53 KLSX 011652 CCA
CLMSTL

CLIMATE REPORT
NATIONAL WEATHER SERVICE ST LOUIS MO
1015 AM CST SUN DEC 1 2013

...................................

...THE ST. LOUIS MO CLIMATE SUMMARY FOR THE MONTH OF NOVEMBER 2013...

CLIMATE NORMAL PERIOD 1981 TO 2010
CLIMATE RECORD PERIOD 1874 TO 2013

WEATHER         OBSERVED          NORMAL  DEPART  LAST YEAR`S
                 VALUE   DATE(S)  VALUE   FROM    VALUE
                                          NORMAL
.............................................................
TEMPERATURE (F)
RECORD
 HIGH              85   11/11/1989
 LOW                1   11/30/1964
HIGHEST            80   11/17                         81
LOWEST             15   11/24                         22
AVG. MAXIMUM     53.6              55.5    -1.9     56.4
AVG. MINIMUM     34.1              38.1    -4.0     35.6
MEAN             43.9              46.8    -2.9     46.0
DAYS MAX >= 90      0               0.0     0.0        0
DAYS MAX <= 32      2               0.4     1.6        0
DAYS MIN <= 32     13               8.6     4.4       12
DAYS MIN <= 0       0               0.0     0.0        0

PRECIPITATION (INCHES)
RECORD
 MAXIMUM         9.95   1985
 MINIMUM         0.11   1949
TOTALS           1.02              3.91   -2.89     1.40
DAILY AVG.       0.03              0.13   -0.10     0.05
DAYS >= .01         6               9.6    -3.6        5
DAYS >= .10         3               6.1    -3.1        1
DAYS >= .50         0               2.7    -2.7        1
DAYS >= 1.00        0               1.2    -1.2        1
GREATEST
 24 HR. TOTAL    0.73   10/31 TO 11/01

SNOWFALL (INCHES)
RECORDS
 TOTAL           11.3   1951
 24 HR TOTAL     10.3   11/05/1913 TO 11/06/1913
TOTALS              T               0.7    -0.7      0.0
SINCE 7/1           T               0.7    -0.7      0.0
GREATEST
 24 HR TOTAL        T   11/25 TO 11/25

DEGREE_DAYS
HEATING TOTAL     627               550      77      566
 SINCE 7/1        870               826      44      879
COOLING TOTAL       0                 4      -4        4
 SINCE 1/1       1728              1646      82     2209
..............................................................

WIND (MPH)
HIGHEST WIND SPEED/DIRECTION    48/270    DATE  11/17
HIGHEST GUST SPEED/DIRECTION    59/270    DATE  11/17

SKY COVER

NUMBER OF DAYS FAIR           11
NUMBER OF DAYS PC             10
NUMBER OF DAYS CLOUDY          9


WEATHER CONDITIONS. NUMBER OF DAYS WITH
THUNDERSTORM              0     MIXED PRECIP               0
HEAVY RAIN                0     RAIN                       3
LIGHT RAIN                9     FREEZING RAIN              0
LT FREEZING RAIN          0     HAIL                       0
HEAVY SNOW                0     SNOW                       0
LIGHT SNOW                2     SLEET                      0
FOG                       7     FOG W/VIS <= 1/4 MILE      1
HAZE                      2

-  INDICATES NEGATIVE NUMBERS.
R  INDICATES RECORD WAS SET OR TIED.
MM INDICATES DATA IS MISSING.
T  INDICATES TRACE AMOUNT.

$$


16TH DRIEST NOVEMBER ON RECORD WITH 1.02 INCHES.

19TH LEAST SNOWIEST NOVEMBER ON RECORD WITH A TRACE.

RECORD HIGH TEMPERATURE ON THE 17TH WITH 80 DEGREES PREVIOUS WAS 78
DEGREES IN 1958.

THE CLIMATE TEAM
