000
CXUS53 KLSX 021530 CCA
CLMSTL

CLIMATE REPORT
NATIONAL WEATHER SERVICE ST LOUIS MO
1212 PM CDT FRI AUG 1 2014

...................................

...THE ST. LOUIS MO CLIMATE SUMMARY FOR THE MONTH OF JULY 2014...

CLIMATE NORMAL PERIOD 1981 TO 2010
CLIMATE RECORD PERIOD 1874 TO 2014

WEATHER         OBSERVED          NORMAL  DEPART  LAST YEAR`S
                 VALUE   DATE(S)  VALUE   FROM    VALUE
                                          NORMAL
.............................................................
TEMPERATURE (F)
RECORD
 HIGH             115   07/14/1954
 LOW               51   07/06/1972
                        07/14/1967
                        07/27/1962
HIGHEST            99   07/26                         98
LOWEST             59   07/29                         56
                        07/16
                        07/15
AVG. MAXIMUM     86.2              89.1    -2.9     86.4
AVG. MINIMUM     66.6              71.0    -4.4     69.4
MEAN             76.4              80.0    -3.6     77.9
DAYS MAX >= 90      9              13.9    -4.9       12
DAYS MAX <= 32      0               0.0     0.0        0
DAYS MIN <= 32      0               0.0     0.0        0
DAYS MIN <= 0       0               0.0     0.0        0

PRECIPITATION (INCHES)
RECORD
 MAXIMUM        12.69   1948
 MINIMUM         0.37   1890
TOTALS           1.59              4.11   -2.52     3.35
DAILY AVG.       0.05              0.13   -0.08     0.11
DAYS >= .01         5               8.9    -3.9        8
DAYS >= .10         3               5.8    -2.8        5
DAYS >= .50         1               2.6    -1.6        3
DAYS >= 1.00        1               1.2    -0.2        1
GREATEST
 24 HR. TOTAL    1.11   07/14 TO 07/14

DEGREE_DAYS
HEATING TOTAL       0                 0       0        0
 SINCE 7/1          0                 0       0        0
COOLING TOTAL     362               467    -105      406
 SINCE 1/1       1022               975      47      954
..............................................................

WIND (MPH)
HIGHEST WIND SPEED/DIRECTION    35/270    DATE  07/08
HIGHEST GUST SPEED/DIRECTION    45/270    DATE  07/08

SKY COVER
NUMBER OF DAYS FAIR            6
NUMBER OF DAYS PC             23
NUMBER OF DAYS CLOUDY          2


WEATHER CONDITIONS. NUMBER OF DAYS WITH
THUNDERSTORM              5     MIXED PRECIP               0
HEAVY RAIN                2     RAIN                       2
LIGHT RAIN               10     FREEZING RAIN              0
LT FREEZING RAIN          0     HAIL                       0
HEAVY SNOW                0     SNOW                       0
LIGHT SNOW                0     SLEET                      0
FOG                       2     FOG W/VIS <= 1/4 MILE      0
HAZE                      4

-  INDICATES NEGATIVE NUMBERS.
R  INDICATES RECORD WAS SET OR TIED.
MM INDICATES DATA IS MISSING.
T  INDICATES TRACE AMOUNT.

&&

JULY 15TH...RECORD LOW MAXIMUM TEMPERATURE 76 DEGREES...PREVIOUSLY
77 IN 1891.

TIED FOR 16TH COOLEST JULY (AVERAGE MONTHLY TEMPERATURE 76.4
DEGREES...ALSO 1915 AND 1895).

$$
