000
CXUS53 KLSX 040707
CLMSTL
CLIMATE REPORT
NATIONAL WEATHER SERVICE ST LOUIS MO
207 AM CDT THU APR 04 2024
...................................
...THE ST. LOUIS CLIMATE SUMMARY FOR THE MONTH OF MARCH 2024...
CLIMATE NORMAL PERIOD 1991 TO 2020
CLIMATE RECORD PERIOD 1874 TO 2024
WEATHER OBSERVED NORMAL DEPART LAST YEAR`S
VALUE DATE(S) VALUE FROM VALUE
NORMAL
..............................................................
TEMPERATURE (F)
RECORD
HIGH 92 03/24/1929
LOW -5 03/05/1960
HIGHEST 82 03/31 79
LOWEST 27 03/18 20
AVG. MAXIMUM 65.0 56.6 8.4 55.5
AVG. MINIMUM 42.5 36.7 5.8 36.3
MEAN 53.8 46.6 7.2 45.9
DAYS MAX >= 90 0 0.0 0.0 0
DAYS MAX <= 32 0 0.7 -0.7 0
DAYS MIN <= 32 4 10.3 -6.3 10
DAYS MIN <= 0 0 0.0 0.0 0
PRECIPITATION (INCHES)
RECORD
MAXIMUM 8.39 2008
MINIMUM 0.14 1910
TOTALS 2.16 3.50 -1.34 5.03
DAILY AVG. 0.07 0.11 -0.04 0.16
DAYS >= .01 6 10.8 -4.8 16
DAYS >= .10 4 6.8 -2.8 8
DAYS >= .50 2 2.4 -0.4 3
DAYS >= 1.00 1 0.8 0.2 2
GREATEST
24 HR. TOTAL 1.09 03/25 TO 03/26
SNOWFALL (INCHES)
RECORDS
TOTAL 28.8 1912
24 HR TOTAL 20.4 03/30/1890 TO 03/31/1890
TOTALS T 2.3 -2.3 T
SINCE 7/1 9.3 16.4 -7.1 MM
DAYS >= 1.0 0 0
GREATEST
SNOW DEPTH 0
24 HR TOTAL MM
DEGREE DAYS
HEATING TOTAL 362 576 -214 590
SINCE 7/1 3168 4096 -928 MM
COOLING TOTAL 20 7 13 3
SINCE 1/1 20 8 12 MM
..............................................................
WIND (MPH)
HIGHEST WIND SPEED/DIRECTION 33/170 DATE 03/25
HIGHEST GUST SPEED/DIRECTION 52/300 DATE 03/14
SKY COVER
POSSIBLE SUNSHINE (PERCENT) MM
NUMBER OF DAYS FAIR 8
NUMBER OF DAYS PC 15
NUMBER OF DAYS CLOUDY 8
WEATHER CONDITIONS. NUMBER OF DAYS WITH
THUNDERSTORM 2 MIXED PRECIP 0
HEAVY RAIN 2 RAIN 3
LIGHT RAIN 13 FREEZING RAIN 0
LT FREEZING RAIN 0 HAIL 0
HEAVY SNOW 0 SNOW 0
LIGHT SNOW 1 SLEET 1
FOG 7 FOG W/VIS <= 1/4 MILE 0
HAZE 6
- INDICATES NEGATIVE NUMBERS.
R INDICATES RECORD WAS SET OR TIED.
MM INDICATES DATA IS MISSING.
T INDICATES TRACE AMOUNT.
...MONTHLY...
SEVENTH WARMEST MARCH ON RECORD IN (53.8 DEGREES)
TIED 3RD LEAST OCCURRENCES WITH A LOW TEMPERATURE AT OR BELOW
FREEZING (4 DAYS).
...DAILY...
RECORD LOW MAXIUM TEMPERATURE OF 63 DEGREES SET ON MARCH 4TH. PREVIOUS
RECORD OF 57 DEGREES SET IN 1992.
$$