000
CXUS53 KLSX 011522
CLSSTL

STLCLMSTL 000
TTAA00 KLSX 011518


CLIMATE REPORT
NATIONAL WEATHER SERVICE ST LOUIS MO
942 AM CDT MON SEP 1 2014

...................................

...THE ST. LOUIS CLIMATE SUMMARY FOR THE SEASON, FROM
6/1/2014 TO 8/31/2014...

CLIMATE NORMAL PERIOD 1981 TO 2010
CLIMATE RECORD PERIOD 1874 TO 2014

WEATHER         OBSERVED          NORMAL  DEPART
                 VALUE   DATE(S)  VALUE   FROM
                                          NORMAL
................................................
TEMPERATURE (F)
RECORD
 HIGH             115   07/14/1954
 LOW               43   06/03/1969
HIGHEST           100   08/25
LOWEST             56   06/14
AVG. MAXIMUM     87.2              87.4    -0.2
AVG. MINIMUM     69.3              69.1     0.2
MEAN             78.3              78.2     0.1
DAYS MAX >= 90     34
DAYS MAX <= 32      0
DAYS MIN <= 32      0
DAYS MIN <= 0       0

PRECIPITATION (INCHES)
RECORD
 MAXIMUM        27.22   1915
 MINIMUM         4.09   1926
TOTALS          11.91             11.38    0.53
DAYS >= .01        27
DAYS >= .10        19
DAYS >= .50        10
DAYS >= 1.00        3
GREATEST
 24 HR. TOTAL    2.92   08/06 TO 08/07


DEGREE_DAYS
HEATING TOTAL       0                 6      -6
 SINCE 7/1          0                 1      -1
COOLING TOTAL    1243              1224      19
 SINCE 1/1       1505              1399     106
.................................................

WIND (MPH)
AVERAGE WIND SPEED              7.3
HIGHEST WIND SPEED/DIRECTION    39/230    DATE  08/06
HIGHEST GUST SPEED/DIRECTION    54/220    DATE  08/06


WEATHER CONDITIONS. NUMBER OF DAYS WITH
THUNDERSTORM             24     HAIL                       0
FOG W/VIS <= 1/4 MILE     2

-  INDICATES NEGATIVE NUMBERS.
R  INDICATES RECORD WAS SET OR TIED.
MM INDICATES DATA IS MISSING.
T  INDICATES TRACE AMOUNT.

&&

...SEASONAL...

NO SEASONAL RECORDS SET DURING METEOROLOGICAL SUMMER 2014
IN ST. LOUIS.


...MONTHLY...

23RD WARMEST AUGUST ON RECORD (80.3 DEGREES).

17TH WETTEST AUGUST ON RECORD (5.06 INCHES).

TIED 16TH COOLEST JULY ON RECORD (76.4 DEGREES).


...DAILY...

2 DAILY RECORD HIGH MINIMUMS SET (8/25, 8/23).

1 DAILY RECORD HIGH MINIMUM TIED.
-- 75 DEGREES ON 6/2...TIED WITH 2002 AND 1895.


1 RECORD LOW MAXIMUM SET
-- 76 DEGREES ON 7/15...PREVIOUS 77 DEGREES SET IN 1891).


$$
