000
CXUS56 KMTR 010900
CF6STS
PRELIMINARY LOCAL CLIMATOLOGICAL DATA (WS FORM: F-6)
STATION: SANTA ROSA AIRPORT
MONTH: MAY
YEAR: 2022
LATITUDE: 38 30 N
LONGITUDE: 122 49 W
TEMPERATURE IN F: :PCPN: SNOW: WIND :SUNSHINE: SKY :PK WND
================================================================================
1 2 3 4 5 6A 6B 7 8 9 10 11 12 13 14 15 16 17 18
12Z AVG MX 2MIN
DY MAX MIN AVG DEP HDD CDD WTR SNW DPTH SPD SPD DIR MIN PSBL S-S WX SPD DR
================================================================================
1 77 42 60 2 5 0 0.00 M M 5.6 15 180 M M 0 20 190
2 70 41 56 -2 9 0 0.00 M M 11.0 25 320 M M 1 36 310
3 80 46 63 5 2 0 0.00 M M 7.5 14 270 M M 0 20 360
4 81 42 62 4 3 0 0.00 M M 5.8 16 150 M M 1 1 21 150
5 70 47 59 0 6 0 0.00 M M 5.8 15 250 M M 9 1 21 250
6 67 52 60 1 5 0 T M M 7.2 16 240 M M 8 1 25 270
7 72 49 61 2 4 0 0.00 M M 12.0 25 320 M M 3 33 330
8 62 40 51 -8 14 0 0.03 M M 11.1 25 280 M M 4 36 300
9 58 33 46 -13 19 0 0.04 M M 5.5 21 320 M M 3 5 27 310
10 61 32 47 -13 18 0 0.02 M M 4.1 18 30 M M 3 13 26 40
11 71 33 52 -8 13 0 0.00 M M 4.6 17 260 M M 2 12 24 270
12 67 35 51 -9 14 0 0.00 M M 4.8 16 270 M M 2 23 260
13 81 42 62 2 3 0 0.00 M M 3.8 14 320 M M 1 19 320
14 87 47 67 7 0 2 0.00 M M 3.1 14 140 M M 0 20 170
15 86 50 68 8 0 3 0.00 M M 5.2 17 240 M M 1 24 360
16 79 47 63 2 2 0 0.00 M M 6.0 15 140 M M 1 20 130
17 82 43 63 2 2 0 0.00 M M 4.4 13 140 M M 0 17 130
18 95 43 69 8 0 4 0.00 M M 9.6 26 320 M M 0 8 36 320
19 88 55 72 11 0 7 0.00 M M 14.2 26 330 M M 0 36 310
20 84 47 66 5 0 1 0.00 M M 7.8 20 60 M M 0 8 27 40
21 83 42 63 1 2 0 0.00 M M 5.4 16 160 M M 0 18 22 150
22 86 42 64 2 1 0 0.00 M M 4.6 17 300 M M 0 18 24 290
23 94 59 77 15 0 12 0.00 M M 8.0 17 330 M M 0 24 320
24 100 51 76 14 0 11 0.00 M M 5.7 15 360 M M 0 19 350
25 95 50 73 11 0 8 0.00 M M 8.1 18 170 M M 0 24 190
26 63 49 56 -6 9 0 0.00 M M 6.8 14 220 M M 7 21 220
27 66 51 59 -4 6 0 T M M 7.3 17 170 M M 6 24 170
28 70 48 59 -4 6 0 0.00 M M 6.5 21 250 M M 7 1 29 240
29 78 51 65 2 0 0 0.00 M M 11.4 22 310 M M 0 31 310
30 81 50 66 3 0 1 0.00 M M 10.3 21 320 M M 0 30 310
31 86 45 66 2 0 1 0.00 M M 7.1 18 250 M M 0 25 240
================================================================================
SM 2420 1404 143 50 0.09 M 220.3 M 59
================================================================================
AV 78.1 45.3 7.1 FASTST M M 2 MAX(MPH)
MISC ----> # 26 320 # 36 310
================================================================================
NOTES:
# LAST OF SEVERAL OCCURRENCES
COLUMN 17 PEAK WIND IN M.P.H.
PRELIMINARY LOCAL CLIMATOLOGICAL DATA (WS FORM: F-6) , PAGE 2
STATION: SANTA ROSA AIRPORT
MONTH: MAY
YEAR: 2022
LATITUDE: 38 30 N
LONGITUDE: 122 49 W
[TEMPERATURE DATA] [PRECIPITATION DATA] SYMBOLS USED IN COLUMN 16
AVERAGE MONTHLY: 61.7 TOTAL FOR MONTH: 0.09 1 = FOG OR MIST
DPTR FM NORMAL: 1.0 DPTR FM NORMAL: -1.18 2 = FOG REDUCING VISIBILITY
HIGHEST: 100 ON 24 GRTST 24HR 0.05 ON 8- 9 TO 1/4 MILE OR LESS
LOWEST: 32 ON 10 3 = THUNDER
SNOW, ICE PELLETS, HAIL 4 = ICE PELLETS
TOTAL MONTH: M 5 = HAIL
GRTST 24HR M ON M 6 = FREEZING RAIN OR DRIZZLE
GRTST DEPTH: M ON M 7 = DUSTSTORM OR SANDSTORM:
VSBY 1/2 MILE OR LESS
8 = SMOKE OR HAZE
[NO. OF DAYS WITH] [WEATHER - DAYS WITH] 9 = BLOWING SNOW
X = TORNADO
MAX 32 OR BELOW: 0 0.01 INCH OR MORE: 3
MAX 90 OR ABOVE: 4 0.10 INCH OR MORE: 0
MIN 32 OR BELOW: 1 0.50 INCH OR MORE: 0
MIN 0 OR BELOW: 0 1.00 INCH OR MORE: 0
[HDD (BASE 65) ]
TOTAL THIS MO. 143 CLEAR (SCALE 0-3) 23
DPTR FM NORMAL -13 PTCLDY (SCALE 4-7) 6
TOTAL FM JUL 1 2709 CLOUDY (SCALE 8-10) 2
DPTR FM NORMAL -150
[CDD (BASE 65) ]
TOTAL THIS MO. 50
DPTR FM NORMAL 29 [PRESSURE DATA]
TOTAL FM JAN 1 60 HIGHEST SLP M ON M
DPTR FM NORMAL 34 LOWEST SLP 29.73 ON 20
[REMARKS]
#FINAL-05-22#