000
CXUS53 KLSX 011600
CF6SUS
PRELIMINARY LOCAL CLIMATOLOGICAL DATA (WS FORM: F-6)

                                          STATION:   SPIRIT OF ST LOUIS MO
                                          MONTH:     JUNE
                                          YEAR:      2013
                                          LATITUDE:   38 39 N
                                          LONGITUDE:  90 38 W

  TEMPERATURE IN F:       :PCPN:    SNOW:  WIND      :SUNSHINE: SKY     :PK WND
================================================================================
1   2   3   4   5  6A  6B    7    8   9   10  11  12  13   14  15   16   17  18
                                     12Z  AVG MX 2MIN
DY MAX MIN AVG DEP HDD CDD  WTR  SNW DPTH SPD SPD DIR MIN PSBL S-S WX    SPD DR
================================================================================

 1  78  64  71   1   0   6 0.15  0.0    0  8.7 20 290   M    M   5 13     26 250
 2  68  61  65  -5   0   0 0.00  0.0    0  6.8 15 320   M    M  10        18 290
 3  72  58  65  -6   0   0 0.00  0.0    0  3.8 10  50   M    M   5        15  40
 4  76  52  64  -7   1   0 0.00  0.0    0  3.6 13  50   M    M   4 1      16  50
 5  81  57  69  -2   0   4 0.05  0.0    0  1.8 10  50   M    M   6 18     12  60
 6  78  60  69  -3   0   4 0.00  0.0    0  6.0 14 300   M    M   5 18     18 310
 7  77  57  67  -5   0   2 0.00  0.0    0  5.4 14 320   M    M   5 8      20 310
 8  80  53  67  -5   0   2 0.00  0.0    0  3.0 12 240   M    M   2 1      16 240
 9  79  64  72   0   0   7 0.08  0.0    0  5.7 26 250   M    M   5 13     35 250
10  80  61  71  -2   0   6 0.14  0.0    0  5.3 17 200   M    M   7 1      23 210
11  91  58  75   2   0  10 0.00  0.0    0  3.6 17 250   M    M   5 1      22 250
12  94  68  81   8   0  16 0.00  0.0    0  9.3 23 230   M    M   2        31 230
13  84  64  74   0   0   9 0.00  0.0    0  7.5 21 300   M    M   5        26 290
14  84  58  71  -3   0   6 0.00  0.0    0  3.7 12 120   M    M   3 1      16 120
15  88  66  77   3   0  12 0.78  0.0    0  6.3 30 280   M    M   5 3      44 280
16  86  68  77   3   0  12 0.48  0.0    0  4.9 14 220   M    M   6 13     21 220
17  86  64  75   0   0  10 0.92  0.0    0  2.6 25 310   M    M   5 138    33 310
18  89  62  76   1   0  11 0.00  0.0    0  4.2 14 330   M    M   3 1      17 340
19  87  63  75   0   0  10 0.00  0.0    0  2.0  8  50   M    M   2        12  50
20  89  65  77   2   0  12 0.00  0.0    0  4.1 13 210   M    M   2 1      17 150
21  92  71  82   6   0  17 0.00  0.0    0  6.4 14 200   M    M   2        21 220
22  91  70  81   5   0  16    T  0.0    0  7.8 17 160   M    M   5 3      24 170
23  91  67  79   3   0  14 1.54  0.0    0  5.7 23 350   M    M   4 13     30 320
24  91  67  79   3   0  14 0.00  0.0    0  4.3 13 230   M    M   1 18     17 190
25  93  76  85   9   0  20 0.00  0.0    0  6.3 16 210   M    M   4        24 220
26  93  74  84   7   0  19 0.67  0.0    0  5.7 36 290   M    M   5 138    44 290
27  94  72  83   6   0  18 0.00  0.0    0  4.9 15 290   M    M   2        18 300
28  89  69  79   2   0  14 0.02  0.0    0  8.6 22 320   M    M   2        32 320
29  84  66  75  -2   0  10 0.08  0.0    0 10.1 26 350   M    M   3 3      41 330
30  80  64  72  -5   0   7 0.62  0.0    0  8.1 23  60   M    M   8 13     29  60
================================================================================
SM 2545 1919         1 288  5.53     0.0 166.2          M      128
================================================================================
AV 84.8 64.0                               5.5 FASTST   M    M   4    MAX(MPH)
                                 MISC ---->  # 36 290               # 44  280
================================================================================
NOTES:
# LAST OF SEVERAL OCCURRENCES

COLUMN 17 PEAK WIND IN M.P.H.

PRELIMINARY LOCAL CLIMATOLOGICAL DATA (WS FORM: F-6) , PAGE 2

                                          STATION:  SPIRIT OF ST LOUIS MO
                                          MONTH:    JUNE
                                          YEAR:     2013
                                          LATITUDE:   38 39 N
                                          LONGITUDE:  90 38 W

[TEMPERATURE DATA]      [PRECIPITATION DATA]       SYMBOLS USED IN COLUMN 16

AVERAGE MONTHLY: 74.4   TOTAL FOR MONTH:   5.53    1 = FOG OR MIST
DPTR FM NORMAL:   0.3   DPTR FM NORMAL:    1.25    2 = FOG REDUCING VISIBILITY
HIGHEST:    94 ON 27,12 GRTST 24HR  1.90 ON 31- 1      TO 1/4 MILE OR LESS
LOWEST:     52 ON  4                               3 = THUNDER
                        SNOW, ICE PELLETS, HAIL    4 = ICE PELLETS
                        TOTAL MONTH:   0.0 INCH    5 = HAIL
                        GRTST 24HR     0.0         6 = FREEZING RAIN OR DRIZZLE
                        GRTST DEPTH:   0           7 = DUSTSTORM OR SANDSTORM:
                                                       VSBY 1/2 MILE OR LESS
                                                   8 = SMOKE OR HAZE
[NO. OF DAYS WITH]      [WEATHER - DAYS WITH]      9 = BLOWING SNOW
                                                   X = TORNADO
MAX 32 OR BELOW:   0    0.01 INCH OR MORE:  12
MAX 90 OR ABOVE:   9    0.10 INCH OR MORE:   8
MIN 32 OR BELOW:   0    0.50 INCH OR MORE:   5
MIN  0 OR BELOW:   0    1.00 INCH OR MORE:   1

[HDD (BASE 65) ]
TOTAL THIS MO.     1    CLEAR  (SCALE 0-3)  11
DPTR FM NORMAL    -7    PTCLDY (SCALE 4-7)  18
TOTAL FM JUL 1  4894    CLOUDY (SCALE 8-10)  1
DPTR FM NORMAL   119

[CDD (BASE 65) ]
TOTAL THIS MO.   288
DPTR FM NORMAL     7    [PRESSURE DATA]
TOTAL FM JAN 1   450    HIGHEST SLP 30.10 ON  3
DPTR FM NORMAL    32    LOWEST  SLP 29.64 ON 29

[REMARKS]
#FINAL-06-13#
