000
CXUS53 KLSX 011600
CF6SUS
PRELIMINARY LOCAL CLIMATOLOGICAL DATA (WS FORM: F-6)

                                          STATION:   SPIRIT OF ST LOUIS MO
                                          MONTH:     SEPTEMBER
                                          YEAR:      2013
                                          LATITUDE:   38 39 N
                                          LONGITUDE:  90 38 W

  TEMPERATURE IN F:       :PCPN:    SNOW:  WIND      :SUNSHINE: SKY     :PK WND
================================================================================
1   2   3   4   5  6A  6B    7    8   9   10  11  12  13   14  15   16   17  18
                                     12Z  AVG MX 2MIN
DY MAX MIN AVG DEP HDD CDD  WTR  SNW DPTH SPD SPD DIR MIN PSBL S-S WX    SPD DR
================================================================================

 1  92  72  82   9   0  17 0.00  0.0    0  2.5 15  60   M    M   4 3      18  60
 2  87  61  74   1   0   9 0.00  0.0    0  5.4 15  20   M    M   2        21  30
 3  84  54  69  -4   0   4 0.00  0.0    0  2.6 10  20   M    M   1 1      16  90
 4  88  54  71  -1   0   6 0.00  0.0    0  1.8  9  50   M    M   2 12     12  70
 5  89  56  73   1   0   8 0.00  0.0    0  0.9  7 200   M    M   4 1       9 200
 6  91  60  76   4   0  11 0.00  0.0    0  1.4  9 300   M    M   2 1      13 200
 7  95  59  77   6   0  12 0.00  0.0    0  3.8 14 220   M    M   2 1      20 240
 8  85  71  78   7   0  13 0.31  0.0    0  2.7 13  10   M    M   3 13     20  10
 9  98  70  84  13   0  19 0.00  0.0    0  3.7 15 250   M    M   3 18     18 260
10  98  68  83  13   0  18 0.00  0.0    0  3.7 13 260   M    M   0 1      17 280
11  97  64  81  11   0  16 0.00  0.0    0  3.0 14 240   M    M   1 1      17 250
12  87  60  74   4   0   9 0.00  0.0    0  5.5 16  10   M    M   4        20 360
13  77  49  63  -6   2   0 0.00  0.0    0  3.9 15  40   M    M   2        20  10
14  77  44  61  -8   4   0 0.00  0.0    0  2.2 12  70   M    M   1        15  60
15  84  52  68   0   0   3 0.04  0.0    0  4.4 12 360   M    M   5        16 360
16  74  54  64  -4   1   0 0.00  0.0    0  7.3 14  60   M    M   8 1      18  70
17  72  56  64  -3   1   0 0.03  0.0    0  2.5  8  90   M    M   8 1       9  40
18  89  66  78  11   0  13 0.10  0.0    0  4.8 20 240   M    M   6 13     25 250
19  91  72  82  15   0  17 0.02  0.0    0  6.7 16 200   M    M   3 38     22 220
20  75  54  65  -1   0   0 0.44  0.0    0  4.3 15 250   M    M   6 13     18 250
21  74  50  62  -4   3   0 0.00  0.0    0  4.9 14 340   M    M   0        20 340
22  76  44  60  -5   5   0 0.00  0.0    0  1.4  9  80   M    M   0 1      13  50
23  77  44  61  -4   4   0 0.00  0.0    0  3.5 14  70   M    M   0 12     20 100
24  84  51  68   3   0   3 0.08  0.0    0  3.7 13 100   M    M   5 13     20 160
25  82  60  71   7   0   6 0.00  0.0    0  2.6 12  40   M    M   7 18     15  30
26  85  57  71   7   0   6 0.00  0.0    0  2.8 13 110   M    M   3 12     17  90
27  84  56  70   6   0   5 0.00  0.0    0  3.3 13 110   M    M   2 128     M  M
28  85  65  75  12   0  10 0.01  0.0    0  6.8 18 210   M    M   6 1      29 220
29  75  50  63   0   2   0 0.01  0.0    0  4.6 15 340   M    M   1 1      20 340
30  79  45  62   0   3   0 0.00  0.0    0  3.5 10 200   M    M   3 12     14 200
================================================================================
SM 2531 1718        25 205  1.04     0.0 110.2          M       94
================================================================================
AV 84.4 57.3                               3.7 FASTST   M    M   3    MAX(MPH)
                                 MISC ---->  # 20 240               # 29  220
================================================================================
NOTES:
# LAST OF SEVERAL OCCURRENCES

COLUMN 17 PEAK WIND IN M.P.H.

PRELIMINARY LOCAL CLIMATOLOGICAL DATA (WS FORM: F-6) , PAGE 2

                                          STATION:  SPIRIT OF ST LOUIS MO
                                          MONTH:    SEPTEMBER
                                          YEAR:     2013
                                          LATITUDE:   38 39 N
                                          LONGITUDE:  90 38 W

[TEMPERATURE DATA]      [PRECIPITATION DATA]       SYMBOLS USED IN COLUMN 16

AVERAGE MONTHLY: 70.8   TOTAL FOR MONTH:   1.04    1 = FOG OR MIST
DPTR FM NORMAL:   2.8   DPTR FM NORMAL:   -2.40    2 = FOG REDUCING VISIBILITY
HIGHEST:    98 ON 10, 9 GRTST 24HR  0.46 ON 19-20      TO 1/4 MILE OR LESS
LOWEST:     44 ON 23,22                            3 = THUNDER
                        SNOW, ICE PELLETS, HAIL    4 = ICE PELLETS
                        TOTAL MONTH:   0.0 INCH    5 = HAIL
                        GRTST 24HR     0.0         6 = FREEZING RAIN OR DRIZZLE
                        GRTST DEPTH:   0           7 = DUSTSTORM OR SANDSTORM:
                                                       VSBY 1/2 MILE OR LESS
                                                   8 = SMOKE OR HAZE
[NO. OF DAYS WITH]      [WEATHER - DAYS WITH]      9 = BLOWING SNOW
                                                   X = TORNADO
MAX 32 OR BELOW:   0    0.01 INCH OR MORE:   9
MAX 90 OR ABOVE:   7    0.10 INCH OR MORE:   3
MIN 32 OR BELOW:   0    0.50 INCH OR MORE:   0
MIN  0 OR BELOW:   0    1.00 INCH OR MORE:   0

[HDD (BASE 65) ]
TOTAL THIS MO.    25    CLEAR  (SCALE 0-3)  17
DPTR FM NORMAL   -31    PTCLDY (SCALE 4-7)  13
TOTAL FM JUL 1    27    CLOUDY (SCALE 8-10)  0
DPTR FM NORMAL   -31

[CDD (BASE 65) ]
TOTAL THIS MO.   205
DPTR FM NORMAL    59    [PRESSURE DATA]
TOTAL FM JAN 1  1313    HIGHEST SLP 30.27 ON 16
DPTR FM NORMAL   -16    LOWEST  SLP 29.74 ON  1

[REMARKS]
#FINAL-09-13#
