000
CXUS53 KLSX 011600
CF6SUS
PRELIMINARY LOCAL CLIMATOLOGICAL DATA (WS FORM: F-6)

                                          STATION:   SPIRIT OF ST LOUIS MO
                                          MONTH:     JULY
                                          YEAR:      2013
                                          LATITUDE:   38 39 N
                                          LONGITUDE:  90 38 W

  TEMPERATURE IN F:       :PCPN:    SNOW:  WIND      :SUNSHINE: SKY     :PK WND
================================================================================
1   2   3   4   5  6A  6B    7    8   9   10  11  12  13   14  15   16   17  18
                                     12Z  AVG MX 2MIN
DY MAX MIN AVG DEP HDD CDD  WTR  SNW DPTH SPD SPD DIR MIN PSBL S-S WX    SPD DR
================================================================================

 1  81  65  73  -4   0   8 0.00  0.0    0  7.7 18  20   M    M   6        25  10
 2  70  62  66 -12   0   1 0.44  0.0    0  4.7 15 360   M    M  10 1      20  10
 3  83  61  72  -6   0   7 0.00  0.0    0  3.0  9 170   M    M   4        14 190
 4  85  61  73  -5   0   8 0.00  0.0    0  1.6  9 170   M    M   2 18     12 170
 5  85  63  74  -4   0   9 0.00  0.0    0  2.3 12 150   M    M   2 18     15  90
 6  89  65  77  -1   0  12 0.00  0.0    0  2.6 20 210   M    M   3 138    31 170
 7  92  65  79   1   0  14 0.00  0.0    0  4.5 12 230   M    M   1 1      16 190
 8  93  73  83   5   0  18 0.00  0.0    0  5.0 13 230   M    M   4        16 210
 9  94  77  86   8   0  21 0.00  0.0    0  6.2 12 220   M    M   4        16 190
10  92  73  83   5   0  18 0.20  0.0    0  7.0 22 220   M    M   5 13     32 230
11  87  65  76  -2   0  11 0.00  0.0    0  4.7 15  80   M    M   1 1      18  70
12   M  62   M   M   M   M 0.00  0.0    0  2.5 20 360   M    M   0 8       M  M
13  86  63  75  -3   0  10 0.00  0.0    0  3.4 13  70   M    M   2 8      17  60
14  89  63  76  -2   0  11    T  0.0    0  4.3 15  80   M    M   2 1      18 140
15  91  70  81   3   0  16 0.01  0.0    0  3.3 17 240   M    M   3 1      21 240
16   M  70   M   M   M   M 0.00  0.0    0  2.0  9 150   M    M   3 1      13 170
17  94  71  83   5   0  18 0.00  0.0    0  0.7  7 280   M    M   3 18     10 200
18  95  72  84   6   0  19 0.00  0.0    0  2.5  9 280   M    M   2 1      17 120
19  96  76  86   8   0  21 0.00  0.0    0  5.8 10 210   M    M   2        15 180
20  92  73  83   5   0  18 0.00  0.0    0  5.8 23 330   M    M   5        30 320
21  82  72  77  -1   0  12    T  0.0    0  2.3 10 250   M    M   8        13 210
22  94  69  82   4   0  17 0.00  0.0    0  3.2 13 250   M    M   4 128    17 240
23  92  73  83   5   0  18 0.00  0.0    0  6.5 14 340   M    M   4 3      18 360
24  81  60  71  -7   0   6 0.00  0.0    0  6.0 14  50   M    M   2        21  20
25  83  56  70  -8   0   5 0.00  0.0    0  1.6 10  80   M    M   2        14  80
26  74  67  71  -7   0   6 0.13  0.0    0  4.2 12 230   M    M   6 1      16 210
27  78  55  67 -11   0   2 0.00  0.0    0  5.6 16 350   M    M   4        25 330
28  81  50  66 -12   0   1 0.00  0.0    0  3.5 15 240   M    M   3 12     22 290
29  75  53  64 -14   1   0    T  0.0    0  2.1  9  80   M    M   5 1      13 190
30  78  65  72  -6   0   7 0.52  0.0    0  4.7  M   M   M    M   9 1       M  M
31  82  64  73  -5   0   8 0.00  0.0    0  4.9 15 330   M    M   7 1      18 320
================================================================================
SM 2494 2034         1 322  1.30     0.0 124.2          M      118
================================================================================
AV 86.0 65.6                               4.0 FASTST   M    M   4    MAX(MPH)
                                 MISC ---->  # 23 330               # 32  230
================================================================================
NOTES:
# LAST OF SEVERAL OCCURRENCES

COLUMN 17 PEAK WIND IN M.P.H.

PRELIMINARY LOCAL CLIMATOLOGICAL DATA (WS FORM: F-6) , PAGE 2

                                          STATION:  SPIRIT OF ST LOUIS MO
                                          MONTH:    JULY
                                          YEAR:     2013
                                          LATITUDE:   38 39 N
                                          LONGITUDE:  90 38 W

[TEMPERATURE DATA]      [PRECIPITATION DATA]       SYMBOLS USED IN COLUMN 16

AVERAGE MONTHLY: 75.8   TOTAL FOR MONTH:   1.30    1 = FOG OR MIST
DPTR FM NORMAL:  -2.3   DPTR FM NORMAL:   -2.91    2 = FOG REDUCING VISIBILITY
HIGHEST:    96 ON 19    GRTST 24HR  0.62 ON 30- 1      TO 1/4 MILE OR LESS
LOWEST:     50 ON 28                               3 = THUNDER
                        SNOW, ICE PELLETS, HAIL    4 = ICE PELLETS
                        TOTAL MONTH:   0.0 INCH    5 = HAIL
                        GRTST 24HR     0.0         6 = FREEZING RAIN OR DRIZZLE
                        GRTST DEPTH:   0           7 = DUSTSTORM OR SANDSTORM:
                                                       VSBY 1/2 MILE OR LESS
                                                   8 = SMOKE OR HAZE
[NO. OF DAYS WITH]      [WEATHER - DAYS WITH]      9 = BLOWING SNOW
                                                   X = TORNADO
MAX 32 OR BELOW:   0    0.01 INCH OR MORE:   5
MAX 90 OR ABOVE:  11    0.10 INCH OR MORE:   4
MIN 32 OR BELOW:   0    0.50 INCH OR MORE:   1
MIN  0 OR BELOW:   0    1.00 INCH OR MORE:   0

[HDD (BASE 65) ]
TOTAL THIS MO.     1    CLEAR  (SCALE 0-3)  16
DPTR FM NORMAL     1    PTCLDY (SCALE 4-7)  13
TOTAL FM JUL 1     1    CLOUDY (SCALE 8-10)  2
DPTR FM NORMAL     1

[CDD (BASE 65) ]
TOTAL THIS MO.   322
DPTR FM NORMAL   -84    [PRESSURE DATA]
TOTAL FM JAN 1   772    HIGHEST SLP 30.32 ON 17
DPTR FM NORMAL   -52    LOWEST  SLP 29.76 ON 22

[REMARKS]
#FINAL-07-13#
