000
CXUS53 KLSX 011600
CF6SUS
PRELIMINARY LOCAL CLIMATOLOGICAL DATA (WS FORM: F-6)

                                          STATION:   SPIRIT OF ST LOUIS MO
                                          MONTH:     APRIL
                                          YEAR:      2013
                                          LATITUDE:   38 39 N
                                          LONGITUDE:  90 38 W

  TEMPERATURE IN F:       :PCPN:    SNOW:  WIND      :SUNSHINE: SKY     :PK WND
================================================================================
1   2   3   4   5  6A  6B    7    8   9   10  11  12  13   14  15   16   17  18
                                     12Z  AVG MX 2MIN
DY MAX MIN AVG DEP HDD CDD  WTR  SNW DPTH SPD SPD DIR MIN PSBL S-S WX    SPD DR
================================================================================

 1  50  29  40 -11  25   0 0.00  0.0    0  7.5 17 320   M    M   4        22  20
 2  49  25  37 -14  28   0 0.00  0.0    0   M   M   M   M    M   2         M  M
 3  53  27  40 -12  25   0 0.00  0.0    0  5.2 17  70   M    M   3        22  80
 4  60  25  43  -9  22   0 0.00  0.0    0  2.2 12  10   M    M   2        21  20
 5  67  31  49  -3  16   0 0.00  0.0    0  3.2 12 140   M    M   1        15 150
 6  76  54  65  12   0   0 0.00  0.0    0 10.0 24 190   M    M   4        37 200
 7  78  49  64  11   1   0 0.03  0.0    0  5.9 20 150   M    M   5 3      30 160
 8  80  61  71  18   0   6 0.00  0.0    0  8.7 18 190   M    M   4 8      35 200
 9  79  64  72  18   0   7 0.00  0.0    0  8.0 23 210   M    M   6        33 200
10  77  59  68  14   0   3 1.06  0.0    0   M   M   M   M    M   7 138    55 290
11  60  41  51  -3  14   0 0.01  0.0    0 11.2 24 250   M    M   9 1      31 240
12  45  35  40 -15  25   0 0.00  0.0    0  9.9 21 250   M    M   7        25 260
13  62  31  47  -8  18   0 0.00  0.0    0  5.8 16 290   M    M   2        21 290
14  79  42  61   6   4   0    T  0.0    0 10.2 22 160   M    M   3        35 190
15  70  50  60   4   5   0 0.71  0.0    0  5.9 30 290   M    M   9 123    39 290
16  50  45  48  -8  17   0 0.36  0.0    0  7.4 17  60   M    M  10 13     21 120
17  86  50  68  12   0   3 0.00  0.0    0  9.7 21 190   M    M   7 18     32 190
18  77  41  59   2   6   0 1.89  0.0    0 12.1 30 260   M    M   8 13     40 290
19  52  33  43 -14  22   0 0.00  0.0    0 14.3 26 250   M    M   7        36 280
20  57  30  44 -13  21   0 0.00  0.0    0  3.6 13  90   M    M   1        15  80
21  63  43  53  -5  12   0 0.00  0.0    0  7.8 14 120   M    M   4        17  90
22  72  37  55  -3  10   0 0.00  0.0    0  4.7 16 140   M    M   4        25 110
23  61  40  51  -7  14   0 0.65  0.0    0  5.4 20 320   M    M   9 138    25 330
24  55  35  45 -14  20   0 0.02  0.0    0  8.1 21 300   M    M   5 1      31 270
25  65  33  49 -10  16   0 0.00  0.0    0  5.6 16 300   M    M   1        21 320
26  60  44  52  -7  13   0    T  0.0    0  5.6 17 220   M    M   8        24 220
27  54  49  52  -8  13   0 0.66  0.0    0  4.6 10  50   M    M  10 1      13  80
28  58  44  51  -9  14   0 0.00  0.0    0  5.5 15 300   M    M   9 12     18 310
29  82  40  61   1   4   0 0.00  0.0    0  5.8 15 180   M    M   2 12     22 190
30  87  59  73  12   0   8 0.00  0.0    0  7.5 18 210   M    M   2        26 210
================================================================================
SM 1964 1246       365  27  5.39     0.0 201.4          M      155
================================================================================
AV 65.5 41.5                               7.2 FASTST   M    M   5    MAX(MPH)
                                 MISC ---->  # 30 290               # 55  290
================================================================================
NOTES:
# LAST OF SEVERAL OCCURRENCES

COLUMN 17 PEAK WIND IN M.P.H.

PRELIMINARY LOCAL CLIMATOLOGICAL DATA (WS FORM: F-6) , PAGE 2

                                          STATION:  SPIRIT OF ST LOUIS MO
                                          MONTH:    APRIL
                                          YEAR:     2013
                                          LATITUDE:   38 39 N
                                          LONGITUDE:  90 38 W

[TEMPERATURE DATA]      [PRECIPITATION DATA]       SYMBOLS USED IN COLUMN 16

AVERAGE MONTHLY: 53.5   TOTAL FOR MONTH:   5.39    1 = FOG OR MIST
DPTR FM NORMAL:  -2.4   DPTR FM NORMAL:    1.25    2 = FOG REDUCING VISIBILITY
HIGHEST:    87 ON 30    GRTST 24HR  1.89 ON 18-18      TO 1/4 MILE OR LESS
LOWEST:     25 ON  4, 2                            3 = THUNDER
                        SNOW, ICE PELLETS, HAIL    4 = ICE PELLETS
                        TOTAL MONTH:   0.0 INCH    5 = HAIL
                        GRTST 24HR     0.0         6 = FREEZING RAIN OR DRIZZLE
                        GRTST DEPTH:   0           7 = DUSTSTORM OR SANDSTORM:
                                                       VSBY 1/2 MILE OR LESS
                                                   8 = SMOKE OR HAZE
[NO. OF DAYS WITH]      [WEATHER - DAYS WITH]      9 = BLOWING SNOW
                                                   X = TORNADO
MAX 32 OR BELOW:   0    0.01 INCH OR MORE:   9
MAX 90 OR ABOVE:   0    0.10 INCH OR MORE:   6
MIN 32 OR BELOW:   7    0.50 INCH OR MORE:   5
MIN  0 OR BELOW:   0    1.00 INCH OR MORE:   2

[HDD (BASE 65) ]
TOTAL THIS MO.   365    CLEAR  (SCALE 0-3)  10
DPTR FM NORMAL    62    PTCLDY (SCALE 4-7)  14
TOTAL FM JUL 1  4771    CLOUDY (SCALE 8-10)  6
DPTR FM NORMAL    95

[CDD (BASE 65) ]
TOTAL THIS MO.    27
DPTR FM NORMAL    -2    [PRESSURE DATA]
TOTAL FM JAN 1    27    HIGHEST SLP 30.37 ON  3
DPTR FM NORMAL    -7    LOWEST  SLP 29.52 ON 18

[REMARKS]
#FINAL-04-13#
