000
CXUS53 KLSX 011600
CF6SUS
PRELIMINARY LOCAL CLIMATOLOGICAL DATA (WS FORM: F-6)

                                          STATION:   SPIRIT OF ST LOUIS MO
                                          MONTH:     MARCH
                                          YEAR:      2013
                                          LATITUDE:   38 39 N
                                          LONGITUDE:  90 38 W

  TEMPERATURE IN F:       :PCPN:    SNOW:  WIND      :SUNSHINE: SKY     :PK WND
================================================================================
1   2   3   4   5  6A  6B    7    8   9   10  11  12  13   14  15   16   17  18
                                     12Z  AVG MX 2MIN
DY MAX MIN AVG DEP HDD CDD  WTR  SNW DPTH SPD SPD DIR MIN PSBL S-S WX    SPD DR
================================================================================

 1  34  29  32  -8  33   0    M    M    M  8.5 14 340   M    M  10 18     20 340
 2  34  20  27 -13  38   0    T    T    M  9.2 17 320   M    M   7        25 320
 3  40  16  28 -13  37   0 0.00  0.0    M  3.3  9 130   M    M   6 1      13 130
 4  54  36  45   4  20   0    T    T    0  7.7 13 120   M    M   5        23 130
 5  41  31  36  -5  29   0 0.14    M    0 15.3 35 290   M    M   9 12     44 290
 6  39  23  31 -11  34   0 0.00  0.0    M 10.3 23 300   M    M   7        32 300
 7  48  18  33  -9  32   0 0.00  0.0    0  3.4 12  90   M    M   1 18     16 110
 8  54  25  40  -2  25   0    T  0.0    0  7.0 15  90   M    M   3        20 110
 9  70  41  56  13   9   0 0.29  0.0    0  8.0 17 120   M    M   6 13     24 180
10  61  43  52   9  13   0 1.03  0.0    0  6.7 24 240   M    M   8 13     32 240
11  43  30  37  -6  28   0    T    T    0 12.5 21 260   M    M  10 1      28 250
12  51  28  40  -4  25   0 0.00  0.0    0 12.9 24 320   M    M   3        33 320
13  43  24  34 -10  31   0    T    T    0  9.7 25 320   M    M   4        32 320
14  55  24  40  -4  25   0    T    T    0  4.2 15 170   M    M   5        22 150
15  72  28  50   5  15   0 0.00  0.0    0  1.3 12 170   M    M   4        14 180
16  66  39  53   8  12   0 0.07  0.0    0  9.1 20 310   M    M   7 18     24 310
17  39  34  37  -9  28   0 0.80    M    0 10.4 16  80   M    M  10 13     22  90
18  51  34  43  -3  22   0 0.01  0.0    0 10.6 21 290   M    M   6 1      28 300
19  47  27  37  -9  28   0 0.00  0.0    0  6.5 16 280   M    M   3        22 280
20  36  22  29 -18  36   0 0.00  0.0    0 11.4 23 300   M    M   3        38 300
21  38  18  28 -19  37   0 0.00  0.0    0  4.0 12  90   M    M   4        16  70
22  42  32  37 -10  28   0 0.00  0.0    0  5.0 10 110   M    M  10        16 100
23  54  37  46  -2  19   0 0.03  0.0    0  8.1 18  40   M    M   9        26  50
24  41  32  37 -11  28   0    M    M    M 14.1 23 290   M    M  10 123    32 300
25  36  29  33 -15  32   0 0.01    M    M 12.8 23 300   M    M  10 18     29 300
26  40  23  32 -17  33   0 0.00  0.0    M  7.3 16 320   M    M   6        21 290
27  47  19  33 -16  32   0    T  0.0    M  1.5 12  70   M    M   5        13  70
28  57  35  46  -3  19   0 0.00  0.0    M  6.5 14  90   M    M   8        20  90
29  63  36  50   0  15   0 0.00  0.0    0  3.5 12  50   M    M   2 18     14  20
30  54  33  44  -6  21   0 0.10  0.0    0  2.5 14 140   M    M   7 128    18 150
31  69  45  57   7   8   0 0.00  0.0    0  6.9 21 310   M    M   6 18     26 310
================================================================================
SM 1519  911       792   0  2.48    T    240.2          M      194
================================================================================
AV 49.0 29.4                               7.7 FASTST   M    M   6    MAX(MPH)
                                 MISC ---->  # 35 290               # 44  290
================================================================================
NOTES:
# LAST OF SEVERAL OCCURRENCES

COLUMN 17 PEAK WIND IN M.P.H.

PRELIMINARY LOCAL CLIMATOLOGICAL DATA (WS FORM: F-6) , PAGE 2

                                          STATION:  SPIRIT OF ST LOUIS MO
                                          MONTH:    MARCH
                                          YEAR:     2013
                                          LATITUDE:   38 39 N
                                          LONGITUDE:  90 38 W

[TEMPERATURE DATA]      [PRECIPITATION DATA]       SYMBOLS USED IN COLUMN 16

AVERAGE MONTHLY: 39.2   TOTAL FOR MONTH:   2.48    1 = FOG OR MIST
DPTR FM NORMAL:  -6.0   DPTR FM NORMAL:   -0.97    2 = FOG REDUCING VISIBILITY
HIGHEST:    72 ON 15    GRTST 24HR  1.03 ON 10-10      TO 1/4 MILE OR LESS
LOWEST:     16 ON  3                               3 = THUNDER
                        SNOW, ICE PELLETS, HAIL    4 = ICE PELLETS
                        TOTAL MONTH:    T          5 = HAIL
                        GRTST 24HR    T  ON 14-14  6 = FREEZING RAIN OR DRIZZLE
                        GRTST DEPTH:   0           7 = DUSTSTORM OR SANDSTORM:
                                                       VSBY 1/2 MILE OR LESS
                                                   8 = SMOKE OR HAZE
[NO. OF DAYS WITH]      [WEATHER - DAYS WITH]      9 = BLOWING SNOW
                                                   X = TORNADO
MAX 32 OR BELOW:   0    0.01 INCH OR MORE:   9
MAX 90 OR ABOVE:   0    0.10 INCH OR MORE:   5
MIN 32 OR BELOW:  20    0.50 INCH OR MORE:   2
MIN  0 OR BELOW:   0    1.00 INCH OR MORE:   1

[HDD (BASE 65) ]
TOTAL THIS MO.   792    CLEAR  (SCALE 0-3)   6
DPTR FM NORMAL   173    PTCLDY (SCALE 4-7)  17
TOTAL FM JUL 1  4406    CLOUDY (SCALE 8-10)  8
DPTR FM NORMAL    33

[CDD (BASE 65) ]
TOTAL THIS MO.     0
DPTR FM NORMAL    -5    [PRESSURE DATA]
TOTAL FM JAN 1     0    HIGHEST SLP 30.45 ON 13
DPTR FM NORMAL    -5    LOWEST  SLP 29.60 ON 24

[REMARKS]
#FINAL-03-13#
