000
CXUS53 KLSX 011601
CF6SUS
PRELIMINARY LOCAL CLIMATOLOGICAL DATA (WS FORM: F-6)

                                          STATION:   SPIRIT OF ST LOUIS MO
                                          MONTH:     MAY
                                          YEAR:      2013
                                          LATITUDE:   38 39 N
                                          LONGITUDE:  90 38 W

  TEMPERATURE IN F:       :PCPN:    SNOW:  WIND      :SUNSHINE: SKY     :PK WND
================================================================================
1   2   3   4   5  6A  6B    7    8   9   10  11  12  13   14  15   16   17  18
                                     12Z  AVG MX 2MIN
DY MAX MIN AVG DEP HDD CDD  WTR  SNW DPTH SPD SPD DIR MIN PSBL S-S WX    SPD DR
================================================================================

 1  84  50  67   6   0   2 0.00  0.0    0  4.6 14  90   M    M   3 1      20 150
 2  70  43  57  -4   8   0 0.45  0.0    0  8.3 18 330   M    M   7 1      24 320
 3  43  39  41 -21  24   0 2.31  0.0    0  7.5 14 300   M    M  10 1      18 280
 4  52  40  46 -16  19   0    T  0.0    0  4.3 12  40   M    M  10 1      14  40
 5  62  41  52 -10  13   0 0.03  0.0    0  5.1 12 350   M    M   9 1      14  20
 6  70  51  61  -1   4   0    T  0.0    0  5.5 18  50   M    M   9        24  30
 7  79  54  67   4   0   2 0.00  0.0    0  2.6 10 120   M    M   6        14 120
 8  83  50  67   4   0   2 0.01  0.0    0  1.4 15 260   M    M   5 12     20 250
 9  76  61  69   6   0   4 0.04  0.0    0  4.4 21 260   M    M   6 3      30 180
10  66  56  61  -3   4   0    T  0.0    0  7.5 15 310   M    M   8 18     21 330
11  70  43  57  -7   8   0 0.00  0.0    0  9.5 24 340   M    M   3 1      31 340
12  63  36  50 -14  15   0 0.00  0.0    0  5.2 18 300   M    M   0        26 330
13  75  36  56  -8   9   0 0.00  0.0    0  3.2 12 150   M    M   1        15 150
14  92  50  71   6   0   6 0.00  0.0    0 10.7 21 240   M    M   0        29 220
15  91  69  80  15   0  15 0.00  0.0    0 10.3 21 240   M    M   3        28 240
16  81  62  72   7   0   7 0.09  0.0    0  4.6 16 150   M    M   6        22 150
17  78  62  70   4   0   5 0.12  0.0    0  2.6  9 150   M    M   8 1      12 180
18  82  59  71   5   0   6 0.00  0.0    0  4.3 13  80   M    M   5 128    16  90
19  90  66  78  12   0  13 0.00  0.0    0  7.0 18 160   M    M   4 1      28 150
20  81  63  72   5   0   7 1.77  0.0    0  8.5 41 310   M    M   5 13     54 310
21  79  63  71   4   0   6 0.69  0.0    0  6.3 22 230   M    M   5 13     29 220
22  76  62  69   2   0   4 0.00  0.0    0  9.4 20 260   M    M   7        26 250
23  67  54  61  -6   4   0    T  0.0    0  8.9 17 330   M    M   8        24 280
24  70  46  58 -10   7   0 0.00  0.0    0  4.6 15  50   M    M   0 1      20  80
25  69  46  58 -10   7   0 0.21  0.0    0  3.5 13 140   M    M   6 13     18 110
26  84  56  70   2   0   5    T  0.0    0  5.2 10 200   M    M   5 3      15 190
27  84  65  75   6   0  10 0.65  0.0    0  6.8 32 300   M    M   7 13     41 300
28  84  65  75   6   0  10 0.51  0.0    0  7.0 21 260   M    M   6 13     35 260
29  87  68  78   9   0  13 0.00  0.0    0  7.1 18 180   M    M   4        25 190
30  85  65  75   5   0  10 0.50  0.0    0 10.3 23 200   M    M   5 138    32 230
31  81  64  73   3   0   8 1.75  0.0    0  6.1 49 250   M    M   6 138    62 260
================================================================================
SM 2354 1685       122 135  9.13     0.0 192.3          M      167
================================================================================
AV 75.9 54.4                               6.2 FASTST   M    M   5    MAX(MPH)
                                 MISC ---->  # 49 250               # 62  260
================================================================================
NOTES:
# LAST OF SEVERAL OCCURRENCES

COLUMN 17 PEAK WIND IN M.P.H.

PRELIMINARY LOCAL CLIMATOLOGICAL DATA (WS FORM: F-6) , PAGE 2

                                          STATION:  SPIRIT OF ST LOUIS MO
                                          MONTH:    MAY
                                          YEAR:     2013
                                          LATITUDE:   38 39 N
                                          LONGITUDE:  90 38 W

[TEMPERATURE DATA]      [PRECIPITATION DATA]       SYMBOLS USED IN COLUMN 16

AVERAGE MONTHLY: 65.1   TOTAL FOR MONTH:   9.13    1 = FOG OR MIST
DPTR FM NORMAL:  -0.3   DPTR FM NORMAL:    4.57    2 = FOG REDUCING VISIBILITY
HIGHEST:    92 ON 14    GRTST 24HR  2.52 ON  2- 3      TO 1/4 MILE OR LESS
LOWEST:     36 ON 13,12                            3 = THUNDER
                        SNOW, ICE PELLETS, HAIL    4 = ICE PELLETS
                        TOTAL MONTH:   0.0 INCH    5 = HAIL
                        GRTST 24HR     0.0         6 = FREEZING RAIN OR DRIZZLE
                        GRTST DEPTH:   0           7 = DUSTSTORM OR SANDSTORM:
                                                       VSBY 1/2 MILE OR LESS
                                                   8 = SMOKE OR HAZE
[NO. OF DAYS WITH]      [WEATHER - DAYS WITH]      9 = BLOWING SNOW
                                                   X = TORNADO
MAX 32 OR BELOW:   0    0.01 INCH OR MORE:  14
MAX 90 OR ABOVE:   3    0.10 INCH OR MORE:  10
MIN 32 OR BELOW:   0    0.50 INCH OR MORE:   7
MIN  0 OR BELOW:   0    1.00 INCH OR MORE:   3

[HDD (BASE 65) ]
TOTAL THIS MO.   122    CLEAR  (SCALE 0-3)   7
DPTR FM NORMAL    31    PTCLDY (SCALE 4-7)  20
TOTAL FM JUL 1  4893    CLOUDY (SCALE 8-10)  4
DPTR FM NORMAL   126

[CDD (BASE 65) ]
TOTAL THIS MO.   135
DPTR FM NORMAL    32    [PRESSURE DATA]
TOTAL FM JAN 1   162    HIGHEST SLP 30.41 ON 24
DPTR FM NORMAL    25    LOWEST  SLP 29.65 ON 22

[REMARKS]
#FINAL-05-13#
