000
CXUS53 KLSX 011600
CF6SUS
PRELIMINARY LOCAL CLIMATOLOGICAL DATA (WS FORM: F-6)

                                          STATION:   SPIRIT OF ST LOUIS MO
                                          MONTH:     FEBRUARY
                                          YEAR:      2013
                                          LATITUDE:   38 39 N
                                          LONGITUDE:  90 38 W

  TEMPERATURE IN F:       :PCPN:    SNOW:  WIND      :SUNSHINE: SKY     :PK WND
================================================================================
1   2   3   4   5  6A  6B    7    8   9   10  11  12  13   14  15   16   17  18
                                     12Z  AVG MX 2MIN
DY MAX MIN AVG DEP HDD CDD  WTR  SNW DPTH SPD SPD DIR MIN PSBL S-S WX    SPD DR
================================================================================

 1  30   8  19 -13  46   0 0.00  0.0    0  6.2 20 290   M    M   3        24 280
 2  43  29  36   4  29   0 0.14    M    0  9.2 24 320   M    M   8 12     30 290
 3  35  20  28  -5  37   0 0.08    M    M  7.3 28 290   M    M   3 12     33 300
 4  59  22  41   8  24   0 0.00  0.0    M  7.5 16 260   M    M   4        23 260
 5  57  25  41   8  24   0 0.00  0.0    M  5.4 21 300   M    M   0 18     26 300
 6  53  23  38   5  27   0 0.00  0.0    0  4.5 13 120   M    M   0 1      17 100
 7  50  32  41   7  24   0 0.12  0.0    0  3.9 18 310   M    M   9 18     23 310
 8  39  32  36   2  29   0 0.00  0.0    0  8.2 17 320   M    M  10 18     23 320
 9  44  30  37   3  28   0 0.08  0.0    0  7.6 14 110   M    M   9 1      20 160
10  60  40  50  16  15   0 0.33  0.0    0 12.5 30 260   M    M   7 13     40 270
11  51  27  39   5  26   0 0.00  0.0    0 12.0 33 250   M    M   0        43 250
12  45  23  34  -1  31   0 0.00  0.0    0  1.1  7  30   M    M   5        10  10
13  54  31  43   8  22   0 0.00  0.0    0  7.4 21 260   M    M   3        29 280
14  57  36  47  12  18   0 0.00  0.0    0 10.1 18 300   M    M   3        23 320
15  42  23  33  -3  32   0 0.00  0.0    0  9.0 20 310   M    M   4        24 310
16  38  19  29  -7  36   0 0.00  0.0    0  5.4 18 310   M    M   0        25 320
17  50  20  35  -1  30   0 0.00  0.0    0  6.1 15 130   M    M   5        21 110
18  59  33  46  10  19   0 0.16  0.0    0 12.7 28 290   M    M   7 1      36 290
19  36  22  29  -8  36   0 0.00  0.0    0 13.7 24 300   M    M   1 8      31 310
20  27  17  22 -15  43   0 0.00  0.0    0  5.1 10  90   M    M   5        14  80
21  32  21  27 -10  38   0    M    M    0 11.4 29  70   M    M  10 12468  33  90
22  36  15  26 -12  39   0    T    M    M  7.6 21 250   M    M   6 1      25 260
23  36   8  22 -16  43   0 0.00  0.0    M  2.5 12 250   M    M   1 18     15 250
24  44  12  28 -10  37   0 0.00  0.0    M  3.8 12  90   M    M   0 18     15 110
25  46  23  35  -4  30   0 0.19    M    M  9.0 22  40   M    M   5 18     28  40
26  39  34  37  -2  28   0 0.52    M    M  9.9 23  60   M    M  10 1      31  50
27  35  32  34  -5  31   0 0.01    M    M 11.9 18 290   M    M  10 18     24 290
28  35  31  33  -7  32   0    M    M    M  9.6 18 300   M    M  10 1      24 290
================================================================================
SM 1232  688       854   0  1.63     0.0 220.6          M      138
================================================================================
AV 44.0 24.6                               7.9 FASTST   M    M   5    MAX(MPH)
                                 MISC ---->  # 33 250               # 43  250
================================================================================
NOTES:
# LAST OF SEVERAL OCCURRENCES

COLUMN 17 PEAK WIND IN M.P.H.

PRELIMINARY LOCAL CLIMATOLOGICAL DATA (WS FORM: F-6) , PAGE 2

                                          STATION:  SPIRIT OF ST LOUIS MO
                                          MONTH:    FEBRUARY
                                          YEAR:     2013
                                          LATITUDE:   38 39 N
                                          LONGITUDE:  90 38 W

[TEMPERATURE DATA]      [PRECIPITATION DATA]       SYMBOLS USED IN COLUMN 16

AVERAGE MONTHLY: 34.3   TOTAL FOR MONTH:   1.63    1 = FOG OR MIST
DPTR FM NORMAL:  -1.3   DPTR FM NORMAL:   -0.37    2 = FOG REDUCING VISIBILITY
HIGHEST:    60 ON 10    GRTST 24HR  0.71 ON 25-26      TO 1/4 MILE OR LESS
LOWEST:      8 ON 23, 1                            3 = THUNDER
                        SNOW, ICE PELLETS, HAIL    4 = ICE PELLETS
                        TOTAL MONTH:   0.0 INCH    5 = HAIL
                        GRTST 24HR     0.0         6 = FREEZING RAIN OR DRIZZLE
                        GRTST DEPTH:   0           7 = DUSTSTORM OR SANDSTORM:
                                                       VSBY 1/2 MILE OR LESS
                                                   8 = SMOKE OR HAZE
[NO. OF DAYS WITH]      [WEATHER - DAYS WITH]      9 = BLOWING SNOW
                                                   X = TORNADO
MAX 32 OR BELOW:   3    0.01 INCH OR MORE:   9
MAX 90 OR ABOVE:   0    0.10 INCH OR MORE:   6
MIN 32 OR BELOW:  24    0.50 INCH OR MORE:   1
MIN  0 OR BELOW:   0    1.00 INCH OR MORE:   0

[HDD (BASE 65) ]
TOTAL THIS MO.   854    CLEAR  (SCALE 0-3)  10
DPTR FM NORMAL    31    PTCLDY (SCALE 4-7)  11
TOTAL FM JUL 1  3614    CLOUDY (SCALE 8-10)  7
DPTR FM NORMAL  -140

[CDD (BASE 65) ]
TOTAL THIS MO.     0
DPTR FM NORMAL     0    [PRESSURE DATA]
TOTAL FM JAN 1     0    HIGHEST SLP 30.55 ON  1
DPTR FM NORMAL     0    LOWEST  SLP 29.36 ON 26

[REMARKS]
#FINAL-02-13#
