000
CXUS53 KLSX 011600
CF6SUS
PRELIMINARY LOCAL CLIMATOLOGICAL DATA (WS FORM: F-6)

                                          STATION:   SPIRIT OF ST LOUIS MO
                                          MONTH:     JANUARY
                                          YEAR:      2013
                                          LATITUDE:   38 39 N
                                          LONGITUDE:  90 38 W

  TEMPERATURE IN F:       :PCPN:    SNOW:  WIND      :SUNSHINE: SKY     :PK WND
================================================================================
1   2   3   4   5  6A  6B    7    8   9   10  11  12  13   14  15   16   17  18
                                     12Z  AVG MX 2MIN
DY MAX MIN AVG DEP HDD CDD  WTR  SNW DPTH SPD SPD DIR MIN PSBL S-S WX    SPD DR
================================================================================

 1  31  12  22  -9  43   0    T    M    M  5.5 13  10   M    M   7 18     16  10
 2  33   8  21 -10  44   0 0.00  0.0    M  1.2  8 190   M    M   2 18     10 170
 3  40  14  27  -4  38   0 0.00  0.0    M  4.1 13 230   M    M   4 8      16 240
 4  41  20  31   0  34   0 0.00  0.0    M  4.0 16 230   M    M   1        21 240
 5  46  20  33   2  32   0 0.00  0.0    M  4.8 14 240   M    M   6        23 230
 6  42  20  31   0  34   0 0.00  0.0    0  8.1 21 280   M    M   4        29 290
 7  49  16  33   2  32   0 0.00  0.0    0  3.5 12 170   M    M   1        17 170
 8  57  22  40   9  25   0 0.00  0.0    0  3.9 12 200   M    M   3        18 190
 9  58  33  46  15  19   0    T  0.0    0  3.9 10 240   M    M   5 1      13 260
10  53  36  45  14  20   0 0.27  0.0    0  6.6 15 100   M    M   8 12     20 100
11  65  48  57  26   8   0 0.00  0.0    0  8.2 18 200   M    M   4        24 190
12  58  31  45  14  20   0 0.42  0.0    0  7.0 21  30   M    M   6 168    26  20
13  32  17  25  -6  40   0    T    M    0  9.8 18 310   M    M   7        24 310
14  28  15  22  -9  43   0 0.00  0.0    0  1.8  8 350   M    M   2        10 340
15  30  11  21 -10  44   0 0.00  0.0    0  3.0 12  50   M    M   6        14  50
16  42  14  28  -3  37   0 0.00  0.0    0  4.6 15 240   M    M   1        21 240
17  43  21  32   1  33   0 0.00  0.0    0  5.0 16 350   M    M   2        21 330
18  56  18  37   6  28   0 0.00  0.0    0  7.8 18 210   M    M   0        25 190
19  65  43  54  23  11   0 0.00  0.0    0 12.8 25 230   M    M   1        32 230
20  47  24  36   5  29   0 0.00  0.0    0  8.1 21 330   M    M   4        26 330
21  27  15  21 -10  44   0 0.00  0.0    0 11.8 24 320   M    M   6        32 310
22  18  13  16 -15  49   0    T    M    0  2.7  9 320   M    M   7        13  50
23  44  10  27  -4  38   0 0.00  0.0    0  4.0 14 330   M    M   1        18 330
24  28  15  22  -9  43   0 0.00  0.0    0 10.5 17  60   M    M   5        22  20
25  44  25  35   4  30   0 0.00  0.0    0  6.2 15 250   M    M   6        21 250
26  42  24  33   1  32   0 0.00  0.0    0  4.2  9  50   M    M   2        13  80
27  56  29  43  11  22   0 0.23  0.0    0  6.6 14 200   M    M   8 16     22 180
28  74  55  65  33   0   0    T  0.0    0  7.8 17 200   M    M   7        24 190
29  69  53  61  29   4   0 1.30  0.0    0  7.6 30 300   M    M   7 13     37 300
30  54  28  41   9  24   0 0.12    M    0 16.1 29 290   M    M   8 18     40 290
31  33  11  22 -10  43   0    T    M    0 16.2 33 300   M    M   8 8      40 310
================================================================================
SM 1405  721       943   0  2.34     0.0 207.4          M      139
================================================================================
AV 45.3 23.3                               6.7 FASTST   M    M   4    MAX(MPH)
                                 MISC ---->  # 33 300               # 40  290
================================================================================
NOTES:
# LAST OF SEVERAL OCCURRENCES

COLUMN 17 PEAK WIND IN M.P.H.

PRELIMINARY LOCAL CLIMATOLOGICAL DATA (WS FORM: F-6) , PAGE 2

                                          STATION:  SPIRIT OF ST LOUIS MO
                                          MONTH:    JANUARY
                                          YEAR:     2013
                                          LATITUDE:   38 39 N
                                          LONGITUDE:  90 38 W

[TEMPERATURE DATA]      [PRECIPITATION DATA]       SYMBOLS USED IN COLUMN 16

AVERAGE MONTHLY: 34.3   TOTAL FOR MONTH:   2.34    1 = FOG OR MIST
DPTR FM NORMAL:   3.2   DPTR FM NORMAL:   -0.01    2 = FOG REDUCING VISIBILITY
HIGHEST:    74 ON 28    GRTST 24HR  1.42 ON 29-30      TO 1/4 MILE OR LESS
LOWEST:      8 ON  2                               3 = THUNDER
                        SNOW, ICE PELLETS, HAIL    4 = ICE PELLETS
                        TOTAL MONTH:   0.0 INCH    5 = HAIL
                        GRTST 24HR     0.0         6 = FREEZING RAIN OR DRIZZLE
                        GRTST DEPTH:   0           7 = DUSTSTORM OR SANDSTORM:
                                                       VSBY 1/2 MILE OR LESS
                                                   8 = SMOKE OR HAZE
[NO. OF DAYS WITH]      [WEATHER - DAYS WITH]      9 = BLOWING SNOW
                                                   X = TORNADO
MAX 32 OR BELOW:   7    0.01 INCH OR MORE:   5
MAX 90 OR ABOVE:   0    0.10 INCH OR MORE:   5
MIN 32 OR BELOW:  25    0.50 INCH OR MORE:   1
MIN  0 OR BELOW:   0    1.00 INCH OR MORE:   1

[HDD (BASE 65) ]
TOTAL THIS MO.   943    CLEAR  (SCALE 0-3)  10
DPTR FM NORMAL  -106    PTCLDY (SCALE 4-7)  21
TOTAL FM JUL 1  2760    CLOUDY (SCALE 8-10)  0
DPTR FM NORMAL  -171

[CDD (BASE 65) ]
TOTAL THIS MO.     0
DPTR FM NORMAL     0    [PRESSURE DATA]
TOTAL FM JAN 1     0    HIGHEST SLP 30.63 ON 24
DPTR FM NORMAL     0    LOWEST  SLP 29.35 ON 30

[REMARKS]
#FINAL-01-13#
