000
CXUS53 KLSX 011600
CF6SUS
PRELIMINARY LOCAL CLIMATOLOGICAL DATA (WS FORM: F-6)

                                          STATION:   SPIRIT OF ST LOUIS MO
                                          MONTH:     NOVEMBER
                                          YEAR:      2012
                                          LATITUDE:   38 39 N
                                          LONGITUDE:  90 38 W

  TEMPERATURE IN F:       :PCPN:    SNOW:  WIND      :SUNSHINE: SKY     :PK WND
================================================================================
1   2   3   4   5  6A  6B    7    8   9   10  11  12  13   14  15   16   17  18
                                     12Z  AVG MX 2MIN
DY MAX MIN AVG DEP HDD CDD  WTR  SNW DPTH SPD SPD DIR MIN PSBL S-S WX    SPD DR
================================================================================

 1  64  31  48  -4  17   0 0.00  0.0    0  2.0 12 240   M    M   4 8      16 240
 2  56  35  46  -6  19   0 0.00  0.0    0  4.3 13  40   M    M   3        15  60
 3  51  33  42  -9  23   0 0.00  0.0    0  6.8 13  90   M    M   6 1      16  70
 4  51  26  39 -12  26   0 0.00  0.0    0  1.7  8  30   M    M   6 12     12  70
 5  44  41  43  -7  22   0 0.04  0.0    0  6.2 12  90   M    M  10 1      16 120
 6  48  39  44  -6  21   0 0.01  0.0    0  5.0 14 330   M    M  10 18     17 250
 7  49  30  40 -10  25   0    T  0.0    0  5.9 18 320   M    M   8 1      22 320
 8  59  26  43  -6  22   0 0.00  0.0    0  2.8 12 150   M    M   0 1      16 170
 9  72  40  56   7   9   0 0.00  0.0    0  6.4 16 200   M    M   3        24 210
10  82  60  71  23   0   6 0.00  0.0    0 11.0 23 200   M    M   1        33 200
11  69  37  53   5  12   0    M    T    0 11.8 25 170   M    M   7 1      41 190
12  46  27  37 -10  28   0    T    T    0  9.2 22 250   M    M   3        30 280
13  51  23  37 -10  28   0 0.00  0.0    0  1.5  8 130   M    M   1        12 140
14  52  25  39  -7  26   0 0.00  0.0    0  1.3  8 120   M    M   2        10  90
15  55  24  40  -6  25   0 0.00  0.0    0  0.0  5 240   M    M   3 1       6  90
16  60  26  43  -2  22   0 0.00  0.0    0  0.9  7  80   M    M   0 1       8 100
17  59  24  42  -3  23   0 0.00  0.0    0  2.1 12  90   M    M   1 18     14 120
18  64  25  45   1  20   0 0.00  0.0    0  2.2  9 120   M    M   2 1      13 120
19  59  36  48   4  17   0 0.01  0.0    0  3.3 13 200   M    M   4        17 200
20  63  34  49   6  16   0 0.00  0.0    0  2.3 13 340   M    M   1 128    16 340
21  64  36  50   7  15   0 0.00  0.0    0  1.4  8 180   M    M   5 128    12 170
22  71  45  58  16   7   0 0.05  0.0    0  8.5 26 310   M    M   6        31 320
23  52  28  40  -2  25   0 0.00  0.0    0 13.1 25 300   M    M   2        32 300
24  38  23  31 -10  34   0 0.00  0.0    0  4.5 12 300   M    M   1        15 320
25  57  32  45   4  20   0 0.00  0.0    0  5.1 15 250   M    M   1        20 230
26  45  28  37  -3  28   0 0.00  0.0    0  7.1 16  20   M    M   7        21  10
27  42  19  31  -9  34   0 0.00  0.0    0  0.8 10 340   M    M   1        13 340
28  51  19  35  -5  30   0 0.00  0.0    0  1.1  8 210   M    M   0        13 170
29  63  26  45   6  20   0 0.00  0.0    0  3.6 14 160   M    M   3        18 170
30  67  39  53  14  12   0 0.00  0.0    0  5.2 16 250   M    M   0        23 250
================================================================================
SM 1704  937       626   6  0.11    T    137.1          M      101
================================================================================
AV 56.8 31.2                               4.6 FASTST   M    M   3    MAX(MPH)
                                 MISC ---->  # 26 310               # 41  190
================================================================================
NOTES:
# LAST OF SEVERAL OCCURRENCES

COLUMN 17 PEAK WIND IN M.P.H.

PRELIMINARY LOCAL CLIMATOLOGICAL DATA (WS FORM: F-6) , PAGE 2

                                          STATION:  SPIRIT OF ST LOUIS MO
                                          MONTH:    NOVEMBER
                                          YEAR:     2012
                                          LATITUDE:   38 39 N
                                          LONGITUDE:  90 38 W

[TEMPERATURE DATA]      [PRECIPITATION DATA]       SYMBOLS USED IN COLUMN 16

AVERAGE MONTHLY: 44.0   TOTAL FOR MONTH:   0.11    1 = FOG OR MIST
DPTR FM NORMAL:  -1.5   DPTR FM NORMAL:   -3.70    2 = FOG REDUCING VISIBILITY
HIGHEST:    82 ON 10    GRTST 24HR  0.46 ON 10-11      TO 1/4 MILE OR LESS
LOWEST:     19 ON 28,27                            3 = THUNDER
                        SNOW, ICE PELLETS, HAIL    4 = ICE PELLETS
                        TOTAL MONTH:    T          5 = HAIL
                        GRTST 24HR    T  ON 12-12  6 = FREEZING RAIN OR DRIZZLE
                        GRTST DEPTH:   0           7 = DUSTSTORM OR SANDSTORM:
                                                       VSBY 1/2 MILE OR LESS
                                                   8 = SMOKE OR HAZE
[NO. OF DAYS WITH]      [WEATHER - DAYS WITH]      9 = BLOWING SNOW
                                                   X = TORNADO
MAX 32 OR BELOW:   0    0.01 INCH OR MORE:   4
MAX 90 OR ABOVE:   0    0.10 INCH OR MORE:   0
MIN 32 OR BELOW:  18    0.50 INCH OR MORE:   0
MIN  0 OR BELOW:   0    1.00 INCH OR MORE:   0

[HDD (BASE 65) ]
TOTAL THIS MO.   626    CLEAR  (SCALE 0-3)  18
DPTR FM NORMAL    37    PTCLDY (SCALE 4-7)   9
TOTAL FM JUL 1  1039    CLOUDY (SCALE 8-10)  3
DPTR FM NORMAL   121

[CDD (BASE 65) ]
TOTAL THIS MO.     6
DPTR FM NORMAL     4    [PRESSURE DATA]
TOTAL FM JAN 1  1755    HIGHEST SLP 30.57 ON 13
DPTR FM NORMAL   394    LOWEST  SLP 29.75 ON 11

[REMARKS]
#FINAL-11-12#
