000
CXUS53 KLSX 011600
CF6SUS
PRELIMINARY LOCAL CLIMATOLOGICAL DATA (WS FORM: F-6)

                                          STATION:   SPIRIT OF ST LOUIS MO
                                          MONTH:     JUNE
                                          YEAR:      2014
                                          LATITUDE:   38 39 N
                                          LONGITUDE:  90 38 W

  TEMPERATURE IN F:       :PCPN:    SNOW:  WIND      :SUNSHINE: SKY     :PK WND
================================================================================
1   2   3   4   5  6A  6B    7    8   9   10  11  12  13   14  15   16   17  18
                                     12Z  AVG MX 2MIN
DY MAX MIN AVG DEP HDD CDD  WTR  SNW DPTH SPD SPD DIR MIN PSBL S-S WX    SPD DR
================================================================================

 1  88  66  77   7   0  12 0.04  0.0    0  6.1 21 230   M    M   3 18     29 210
 2  84  69  77   7   0  12    T  0.0    0  7.6 21 190   M    M   5        29 190
 3  90  67  79   8   0  14 0.00  0.0    0  4.9 10 210   M    M   3        16 200
 4  83  68  76   5   0  11 0.71  0.0    0  7.0 23 310   M    M   6 123    31 300
 5  74  62  68  -3   0   3 0.00  0.0    0  6.9 15  80   M    M   8 1      21  80
 6  82  60  71  -1   0   6 0.00  0.0    0  1.6 13  70   M    M   6 18     15  60
 7  78  62  70  -2   0   5 0.80  0.0    0  8.7 24 250   M    M   7 138    32 340
 8  76  62  69  -3   0   4 0.00  0.0    0  3.6 17 350   M    M   9        23 340
 9  76  61  69  -3   0   4 1.03  0.0    0  7.5 17  70   M    M   8 1      22  70
10  80  62  71  -2   0   6 1.41  0.0    0  3.7 17 300   M    M   8 123    25 250
11  73  60  67  -6   0   2 0.01  0.0    0  4.5 13 290   M    M   7 12     16 290
12  78  58  68  -5   0   3 0.19  0.0    0  3.5 17 330   M    M   8 123    21 320
13  75  54  65  -9   0   0 0.00  0.0    0  3.7 13  20   M    M   1        15 340
14  79  48  64 -10   1   0 0.00  0.0    0  4.7 15 140   M    M   1 1      20 130
15  86  58  72  -2   0   7    T  0.0    0  6.2 18 170   M    M   6        26 130
16  91  68  80   6   0  15 0.00  0.0    0  6.1 16 210   M    M   4        23 220
17  90  72  81   6   0  16 0.00  0.0    0  8.1 16 180   M    M   3        25 220
18  92  74  83   8   0  18 0.00  0.0    0  5.7 15 200   M    M   3        21 200
19  92  70  81   6   0  16 0.00  0.0    0  4.7 14 230   M    M   4        18 210
20  92  70  81   6   0  16    T  0.0    0  4.9 15 240   M    M   6 3      18 240
21  91  67  79   3   0  14 0.56  0.0    0  2.8 32  10   M    M   5 13     41 360
22  86  66  76   0   0  11    T  0.0    0  2.9 20 170   M    M   5 38     29 160
23  86  71  79   3   0  14 0.07  0.0    0  3.3 12 360   M    M   6 3      15 220
24  86  67  77   1   0  12 0.06  0.0    0  5.0 16 320   M    M   5 13     21 320
25  88  64  76   0   0  11 0.00  0.0    0  2.4 10 250   M    M   3        18 290
26  90  67  79   2   0  14    T  0.0    0  3.8 16 230   M    M   4        23 230
27  86  68  77   0   0  12 0.23  0.0    0  5.6 18 220   M    M   4 38     25 220
28  88  72  80   3   0  15 0.00  0.0    0  7.2 20 200   M    M   6        25 200
29  84  70  77   0   0  12 0.00  0.0    0  6.7 15 180   M    M   7        22 180
30  92  75  84   7   0  19 0.00  0.0    0  9.4 18 220   M    M   5        25 210
================================================================================
SM 2536 1958         1 304  5.11     0.0 158.8          M      156
================================================================================
AV 84.5 65.3                               5.3 FASTST   M    M   5    MAX(MPH)
                                 MISC ---->  # 32  10               # 41  360
================================================================================
NOTES:
# LAST OF SEVERAL OCCURRENCES

COLUMN 17 PEAK WIND IN M.P.H.

PRELIMINARY LOCAL CLIMATOLOGICAL DATA (WS FORM: F-6) , PAGE 2

                                          STATION:  SPIRIT OF ST LOUIS MO
                                          MONTH:    JUNE
                                          YEAR:     2014
                                          LATITUDE:   38 39 N
                                          LONGITUDE:  90 38 W

[TEMPERATURE DATA]      [PRECIPITATION DATA]       SYMBOLS USED IN COLUMN 16

AVERAGE MONTHLY: 74.9   TOTAL FOR MONTH:   5.11    1 = FOG OR MIST
DPTR FM NORMAL:   0.8   DPTR FM NORMAL:    0.83    2 = FOG REDUCING VISIBILITY
HIGHEST:    92 ON 30,20 GRTST 24HR  2.44 ON  9-10      TO 1/4 MILE OR LESS
LOWEST:     48 ON 14                               3 = THUNDER
                        SNOW, ICE PELLETS, HAIL    4 = ICE PELLETS
                        TOTAL MONTH:   0.0 INCH    5 = HAIL
                        GRTST 24HR     0.0         6 = FREEZING RAIN OR DRIZZLE
                        GRTST DEPTH:   0           7 = DUSTSTORM OR SANDSTORM:
                                                       VSBY 1/2 MILE OR LESS
                                                   8 = SMOKE OR HAZE
[NO. OF DAYS WITH]      [WEATHER - DAYS WITH]      9 = BLOWING SNOW
                                                   X = TORNADO
MAX 32 OR BELOW:   0    0.01 INCH OR MORE:  11
MAX 90 OR ABOVE:   9    0.10 INCH OR MORE:   7
MIN 32 OR BELOW:   0    0.50 INCH OR MORE:   5
MIN  0 OR BELOW:   0    1.00 INCH OR MORE:   2

[HDD (BASE 65) ]
TOTAL THIS MO.     1    CLEAR  (SCALE 0-3)   6
DPTR FM NORMAL    -7    PTCLDY (SCALE 4-7)  22
TOTAL FM JUL 1  5517    CLOUDY (SCALE 8-10)  2
DPTR FM NORMAL   742

[CDD (BASE 65) ]
TOTAL THIS MO.   304
DPTR FM NORMAL    23    [PRESSURE DATA]
TOTAL FM JAN 1   467    HIGHEST SLP 30.09 ON 14
DPTR FM NORMAL    49    LOWEST  SLP 29.64 ON 10

[REMARKS]
#FINAL-06-14#
