000
CXUS53 KLSX 011600
CF6SUS
PRELIMINARY LOCAL CLIMATOLOGICAL DATA (WS FORM: F-6)

                                          STATION:   SPIRIT OF ST LOUIS MO
                                          MONTH:     JANUARY
                                          YEAR:      2016
                                          LATITUDE:   38 39 N
                                          LONGITUDE:  90 38 W

  TEMPERATURE IN F:       :PCPN:    SNOW:  WIND      :SUNSHINE: SKY     :PK WND
================================================================================
1   2   3   4   5  6A  6B    7    8   9   10  11  12  13   14  15   16   17  18
                                     12Z  AVG MX 2MIN
DY MAX MIN AVG DEP HDD CDD  WTR  SNW DPTH SPD SPD DIR MIN PSBL S-S WX    SPD DR
================================================================================

 1  41  25  33   2  32   0 0.00  0.0    0  8.7 17 290   M    M   1        22 290
 2  46  26  36   5  29   0 0.00  0.0    0  7.4 15 260   M    M   0        20 250
 3  39  26  33   2  32   0 0.00  0.0    0  8.8 16 330   M    M   3        25 330
 4  36  21  29  -2  36   0 0.00  0.0    0  4.6 13 360   M    M   7        18  10
 5  42  17  30  -1  35   0 0.00  0.0    0  3.2 15 150   M    M   2        21 210
 6  46  23  35   4  30   0    T  0.0    0  3.5 12 180   M    M   4        17 190
 7  51  37  44  13  21   0 0.06    M    0  4.6 13 160   M    M  10 18     17 100
 8  55  44  50  19  15   0 0.01  0.0    0  6.0 16 250   M    M  10 1      23 250
 9  44  16  30  -1  35   0 0.35    M    0 11.8 26 300   M    M  10 12     33 300
10  19   5  12 -19  53   0    T    M    M 11.6 25 290   M    M   3        33 300
11  40  12  26  -5  39   0 0.00  0.0    M  7.6 28 280   M    M   7        38 290
12  38  16  27  -4  38   0 0.00  0.0    M 11.3 28 320   M    M   3        33 310
13  48  14  31   0  34   0 0.00  0.0    0  4.1 16 230   M    M   1        22 240
14  65  25  45  14  20   0 0.00  0.0    0  6.6 21 230   M    M   0 18     31 250
15  50  29  40   9  25   0 0.09  0.0    0 10.5 23 290   M    M   8 18     31 280
16  34  22  28  -3  37   0 0.00  0.0    0  6.9 16 310   M    M   7        21 290
17  24   7  16 -15  49   0    T    M    M  9.6 18 330   M    M   4 18     24 320
18  19   4  12 -19  53   0 0.00  0.0    M  7.1 18 310   M    M   1        23 300
19  24   9  17 -14  48   0 0.09    M    M  5.0 12  90   M    M   8 18     15  90
20  26   5  16 -15  49   0    T    M    M  3.1 13  80   M    M   4 1      14  70
21  28  17  23  -8  42   0 0.00  0.0    M  8.2 14  70   M    M   6 8      16  30
22  31  22  27  -4  38   0 0.00  0.0    M 10.3 20  20   M    M   7 1      24  20
23  35  21  28  -3  37   0 0.00  0.0    M  4.2 13 330   M    M   5        17 330
24  52  19  36   5  29   0 0.00  0.0    0  3.8 13 180   M    M   1        18 180
25  52  30  41  10  24   0 0.00  0.0    0  9.4 28 250   M    M   5        37 250
26  37  31  34   2  31   0 0.00  0.0    0  9.9 23 290   M    M  10        31 290
27  43  30  37   5  28   0 0.00  0.0    0  4.7 16 210   M    M   5        21 210
28  56  28  42  10  23   0 0.00  0.0    0 12.1 25 300   M    M   3        31 310
29  53  23  38   6  27   0 0.00  0.0    0  4.1 14 170   M    M   1        21 170
30  66  35  51  19  14   0 0.00  0.0    0  6.1 15 250   M    M   1        21 190
31  69  40  55  23  10   0 0.00  0.0    0  6.8 17 220   M    M   2        25 240
================================================================================
SM 1309  679      1013   0  0.60     0.0 221.6          M      139
================================================================================
AV 42.2 21.9                               7.1 FASTST   M    M   4    MAX(MPH)
                                 MISC ---->  # 28 280               # 38  290
================================================================================
NOTES:
# LAST OF SEVERAL OCCURRENCES

COLUMN 17 PEAK WIND IN M.P.H.

PRELIMINARY LOCAL CLIMATOLOGICAL DATA (WS FORM: F-6) , PAGE 2

                                          STATION:  SPIRIT OF ST LOUIS MO
                                          MONTH:    JANUARY
                                          YEAR:     2016
                                          LATITUDE:   38 39 N
                                          LONGITUDE:  90 38 W

[TEMPERATURE DATA]      [PRECIPITATION DATA]       SYMBOLS USED IN COLUMN 16

AVERAGE MONTHLY: 32.1   TOTAL FOR MONTH:   0.60    1 = FOG OR MIST
DPTR FM NORMAL:   1.0   DPTR FM NORMAL:   -1.75    2 = FOG REDUCING VISIBILITY
HIGHEST:    69 ON 31    GRTST 24HR  0.36 ON  8- 9      TO 1/4 MILE OR LESS
LOWEST:      4 ON 18                               3 = THUNDER
                        SNOW, ICE PELLETS, HAIL    4 = ICE PELLETS
                        TOTAL MONTH:   0.0 INCH    5 = HAIL
                        GRTST 24HR     0.0         6 = FREEZING RAIN OR DRIZZLE
                        GRTST DEPTH:   0           7 = DUSTSTORM OR SANDSTORM:
                                                       VSBY 1/2 MILE OR LESS
                                                   8 = SMOKE OR HAZE
[NO. OF DAYS WITH]      [WEATHER - DAYS WITH]      9 = BLOWING SNOW
                                                   X = TORNADO
MAX 32 OR BELOW:   7    0.01 INCH OR MORE:   5
MAX 90 OR ABOVE:   0    0.10 INCH OR MORE:   1
MIN 32 OR BELOW:  27    0.50 INCH OR MORE:   0
MIN  0 OR BELOW:   0    1.00 INCH OR MORE:   0

[HDD (BASE 65) ]
TOTAL THIS MO.  1013    CLEAR  (SCALE 0-3)  13
DPTR FM NORMAL   -36    PTCLDY (SCALE 4-7)  14
TOTAL FM JUL 1  2386    CLOUDY (SCALE 8-10)  4
DPTR FM NORMAL  -545

[CDD (BASE 65) ]
TOTAL THIS MO.     0
DPTR FM NORMAL     0    [PRESSURE DATA]
TOTAL FM JAN 1     0    HIGHEST SLP 30.56 ON 19
DPTR FM NORMAL     0    LOWEST  SLP 29.45 ON 15

[REMARKS]
#FINAL-01-16#
