000
CXUS53 KLSX 011600
CF6SUS
PRELIMINARY LOCAL CLIMATOLOGICAL DATA (WS FORM: F-6)

                                          STATION:   SPIRIT OF ST LOUIS MO
                                          MONTH:     JUNE
                                          YEAR:      2016
                                          LATITUDE:   38 39 N
                                          LONGITUDE:  90 38 W

  TEMPERATURE IN F:       :PCPN:    SNOW:  WIND      :SUNSHINE: SKY     :PK WND
================================================================================
1   2   3   4   5  6A  6B    7    8   9   10  11  12  13   14  15   16   17  18
                                     12Z  AVG MX 2MIN
DY MAX MIN AVG DEP HDD CDD  WTR  SNW DPTH SPD SPD DIR MIN PSBL S-S WX    SPD DR
================================================================================

 1  84  67  76   6   0  11 0.23  0.0    0  3.0 15 350   M    M   7 138    20 340
 2  85  66  76   6   0  11 0.00  0.0    0  2.8 13  70   M    M   6        16  70
 3  77  63  70  -1   0   5    T  0.0    0  1.0  8 160   M    M   8        10 150
 4  82  66  74   3   0   9 0.12  0.0    0  4.7 10 300   M    M   6 1      17 250
 5  81  62  72   1   0   7 0.00  0.0    0  7.6 17 300   M    M   3        23 300
 6  89  61  75   3   0  10 0.00  0.0    0  8.3 17 290   M    M   2        22 290
 7  80  57  69  -3   0   4 0.00  0.0    0  5.0 15 300   M    M   2        20 320
 8  83  53  68  -4   0   3 0.00  0.0    0  1.4  8 330   M    M   1        13 320
 9  92  60  76   4   0  11 0.00  0.0    0  5.1 13 200   M    M   1        16 160
10  93  68  81   8   0  16 0.00  0.0    0  4.6 12 200   M    M   1        15 210
11  94  68  81   8   0  16 0.00  0.0    0  3.6 15 260   M    M   2        17 260
12  96  70  83  10   0  18 0.00  0.0    0  2.5 18  60   M    M   2 1      23  60
13  95  70  83   9   0  18 0.05  0.0    0  2.0 30 250   M    M   2 138    38 240
14  93  71  82   8   0  17 0.00  0.0    0  4.7 14 190   M    M   2 1      20 180
15  98  76  87  13   0  22    T  0.0    0  6.3 14 250   M    M   3 1      18 250
16 100  74  87  13   0  22 0.00  0.0    0  5.9 13 250   M    M   2        17 260
17  88  69  79   4   0  14 0.00  0.0    0  6.5 15  40   M    M   1        20  40
18  91  65  78   3   0  13 0.00  0.0    0  3.0 13  50   M    M   3 1      25  50
19  92  65  79   4   0  14 0.00  0.0    0  4.6 14 200   M    M   2        17 210
20  96  71  84   9   0  19 0.02  0.0    0  6.5 25 310   M    M   2        37 310
21  87  71  79   3   0  14    T  0.0    0  2.7 12 230   M    M   4        15 240
22  96  73  85   9   0  20 0.00  0.0    0  8.3 16 220   M    M   3        24 210
23  99  72  86  10   0  21 0.00  0.0    0  9.5 15 300   M    M   4        19 260
24  94  65  80   4   0  15 0.00  0.0    0  2.6 12 290   M    M   3        18 260
25  95  73  84   8   0  19 0.73  0.0    0  3.2 28 230   M    M   6 138    38 220
26  93  73  83   6   0  18    T  0.0    0  3.5 17  10   M    M   2 13     22  10
27  95  74  85   8   0  20    T  0.0    0  3.1 10  60   M    M   1        15  50
28  86  66  76  -1   0  11 0.02  0.0    0  5.2 16  20   M    M   2        20  20
29  82  61  72  -5   0   7 0.00  0.0    0  2.1 10  50   M    M   3        13  60
30  80  60  70  -7   0   5 0.11  0.0    0  3.8 14 260   M    M   6 13     18 150
================================================================================
SM 2696 2010         0 410  1.28     0.0 133.1          M       92
================================================================================
AV 89.9 67.0                               4.4 FASTST   M    M   3    MAX(MPH)
                                 MISC ---->  # 30 250               # 38  240
================================================================================
NOTES:
# LAST OF SEVERAL OCCURRENCES

COLUMN 17 PEAK WIND IN M.P.H.

PRELIMINARY LOCAL CLIMATOLOGICAL DATA (WS FORM: F-6) , PAGE 2

                                          STATION:  SPIRIT OF ST LOUIS MO
                                          MONTH:    JUNE
                                          YEAR:     2016
                                          LATITUDE:   38 39 N
                                          LONGITUDE:  90 38 W

[TEMPERATURE DATA]      [PRECIPITATION DATA]       SYMBOLS USED IN COLUMN 16

AVERAGE MONTHLY: 78.4   TOTAL FOR MONTH:   1.28    1 = FOG OR MIST
DPTR FM NORMAL:   4.3   DPTR FM NORMAL:   -3.00    2 = FOG REDUCING VISIBILITY
HIGHEST:   100 ON 16    GRTST 24HR  0.73 ON 25-25      TO 1/4 MILE OR LESS
LOWEST:     53 ON  8                               3 = THUNDER
                        SNOW, ICE PELLETS, HAIL    4 = ICE PELLETS
                        TOTAL MONTH:   0.0 INCH    5 = HAIL
                        GRTST 24HR     0.0         6 = FREEZING RAIN OR DRIZZLE
                        GRTST DEPTH:   0           7 = DUSTSTORM OR SANDSTORM:
                                                       VSBY 1/2 MILE OR LESS
                                                   8 = SMOKE OR HAZE
[NO. OF DAYS WITH]      [WEATHER - DAYS WITH]      9 = BLOWING SNOW
                                                   X = TORNADO
MAX 32 OR BELOW:   0    0.01 INCH OR MORE:   7
MAX 90 OR ABOVE:  17    0.10 INCH OR MORE:   4
MIN 32 OR BELOW:   0    0.50 INCH OR MORE:   1
MIN  0 OR BELOW:   0    1.00 INCH OR MORE:   0

[HDD (BASE 65) ]
TOTAL THIS MO.     0    CLEAR  (SCALE 0-3)  21
DPTR FM NORMAL    -8    PTCLDY (SCALE 4-7)   9
TOTAL FM JUL 1  3902    CLOUDY (SCALE 8-10)  0
DPTR FM NORMAL  -873

[CDD (BASE 65) ]
TOTAL THIS MO.   410
DPTR FM NORMAL   129    [PRESSURE DATA]
TOTAL FM JAN 1   536    HIGHEST SLP 30.13 ON 29
DPTR FM NORMAL   118    LOWEST  SLP 29.85 ON 30

[REMARKS]
#FINAL-06-16#
