000
CXUS53 KLSX 011600
CF6SUS
PRELIMINARY LOCAL CLIMATOLOGICAL DATA (WS FORM: F-6)

                                          STATION:   SPIRIT OF ST LOUIS MO
                                          MONTH:     SEPTEMBER
                                          YEAR:      2012
                                          LATITUDE:   38 39 N
                                          LONGITUDE:  90 38 W

  TEMPERATURE IN F:       :PCPN:    SNOW:  WIND      :SUNSHINE: SKY     :PK WND
================================================================================
1   2   3   4   5  6A  6B    7    8   9   10  11  12  13   14  15   16   17  18
                                     12Z  AVG MX 2MIN
DY MAX MIN AVG DEP HDD CDD  WTR  SNW DPTH SPD SPD DIR MIN PSBL S-S WX    SPD DR
================================================================================

 1  81  74  78   5   0  13 0.28  0.0    0  4.4 15 200   M    M   9 1      21 220
 2  82  74  78   5   0  13 0.02  0.0    0  8.0 18 280   M    M   8 18     23 280
 3  88  72  80   7   0  15 0.00  0.0    0  4.3 12  20   M    M   6        17  20
 4  89  70  80   8   0  15 0.01  0.0    0  1.5  9 280   M    M   3 1      18 210
 5  86  69  78   6   0  13 0.16  0.0    0  3.4 21  40   M    M   2 13     26  30
 6  91  64  78   6   0  13 0.00  0.0    0  1.7 31 240   M    M   4 12     43 230
 7  92  63  78   7   0  13 0.59  0.0    0  5.8 24 310   M    M   5 13     33 310
 8  74  57  66  -5   0   1 0.00  0.0    0  8.1 16 290   M    M   1        23 280
 9  75  54  65  -6   0   0 0.00  0.0    0  5.0 16 330   M    M   1        22 360
10  79  50  65  -5   0   0 0.00  0.0    0  2.5 10 100   M    M   1 1      15 100
11  84  53  69  -1   0   4 0.00  0.0    0  3.4 14 200   M    M   0 1      18 190
12  85  55  70   0   0   5 0.00  0.0    0  4.2 16 210   M    M   1 1      22 200
13  86  56  71   2   0   6 0.00  0.0    0  5.3 20 350   M    M   5 1      23  10
14  68  54  61  -8   4   0 0.08  0.0    0  4.7 12  80   M    M   9 1      14  80
15  68  50  59  -9   6   0 0.00  0.0    0  1.6  8  90   M    M   7 12     12 100
16  72  59  66  -2   0   1 0.00  0.0    0  1.4  7 170   M    M   8 12     12 200
17  76  59  68   1   0   3 0.22  0.0    0  1.7 20 340   M    M   8 1238   25 330
18  68  46  57 -10   8   0 0.04  0.0    0  6.1 18 300   M    M   3 18     23 320
19  76  41  59  -8   6   0 0.00  0.0    0  6.3 16 170   M    M   1 18     22 170
20  77  50  64  -2   1   0    T  0.0    0  5.7 14 290   M    M   3        21 290
21  83  50  67   1   0   2 0.00  0.0    0  5.5 21 230   M    M   3        25 260
22  69  41  55 -10  10   0 0.00  0.0    0  5.4 17 320   M    M   0        23 330
23  67  37  52 -13  13   0 0.00  0.0    0  2.2 13 320   M    M   1        17 320
24  71  38  55 -10  10   0 0.00  0.0    0  3.5 14 160   M    M   1 8      21 130
25  85  59  72   8   0   7 0.66  0.0    0  5.4 26 220   M    M   6 138    38 230
26  78  62  70   6   0   5 0.05  0.0    0  3.5 14 310   M    M   7 13     18 310
27  70  60  65   1   0   0    T  0.0    0  2.5 10  50   M    M   9 128    13  40
28  72  49  61  -2   4   0 0.12  0.0    0  3.0 10 360   M    M   6 1      14 360
29  75  45  60  -3   5   0 0.00  0.0    0  1.2  9  40   M    M   0 1      13 360
30  73  49  61  -1   4   0 0.00  0.0    0  1.2  9  70   M    M   3 1      10  40
================================================================================
SM 2340 1660        71 129  2.23     0.0 118.5          M      121
================================================================================
AV 78.0 55.3                               3.9 FASTST   M    M   4    MAX(MPH)
                                 MISC ---->  # 31 240               # 43  230
================================================================================
NOTES:
# LAST OF SEVERAL OCCURRENCES

COLUMN 17 PEAK WIND IN M.P.H.

PRELIMINARY LOCAL CLIMATOLOGICAL DATA (WS FORM: F-6) , PAGE 2

                                          STATION:  SPIRIT OF ST LOUIS MO
                                          MONTH:    SEPTEMBER
                                          YEAR:     2012
                                          LATITUDE:   38 39 N
                                          LONGITUDE:  90 38 W

[TEMPERATURE DATA]      [PRECIPITATION DATA]       SYMBOLS USED IN COLUMN 16

AVERAGE MONTHLY: 66.7   TOTAL FOR MONTH:   2.23    1 = FOG OR MIST
DPTR FM NORMAL:  -1.3   DPTR FM NORMAL:   -1.21    2 = FOG REDUCING VISIBILITY
HIGHEST:    92 ON  7    GRTST 24HR  1.29 ON 31- 1      TO 1/4 MILE OR LESS
LOWEST:     37 ON 23                               3 = THUNDER
                        SNOW, ICE PELLETS, HAIL    4 = ICE PELLETS
                        TOTAL MONTH:   0.0 INCH    5 = HAIL
                        GRTST 24HR     0.0         6 = FREEZING RAIN OR DRIZZLE
                        GRTST DEPTH:   0           7 = DUSTSTORM OR SANDSTORM:
                                                       VSBY 1/2 MILE OR LESS
                                                   8 = SMOKE OR HAZE
[NO. OF DAYS WITH]      [WEATHER - DAYS WITH]      9 = BLOWING SNOW
                                                   X = TORNADO
MAX 32 OR BELOW:   0    0.01 INCH OR MORE:  11
MAX 90 OR ABOVE:   2    0.10 INCH OR MORE:   6
MIN 32 OR BELOW:   0    0.50 INCH OR MORE:   2
MIN  0 OR BELOW:   0    1.00 INCH OR MORE:   0

[HDD (BASE 65) ]
TOTAL THIS MO.    71    CLEAR  (SCALE 0-3)  15
DPTR FM NORMAL    15    PTCLDY (SCALE 4-7)  12
TOTAL FM JUL 1    71    CLOUDY (SCALE 8-10)  3
DPTR FM NORMAL    13

[CDD (BASE 65) ]
TOTAL THIS MO.   129
DPTR FM NORMAL   -17    [PRESSURE DATA]
TOTAL FM JAN 1  1721    HIGHEST SLP 30.35 ON 14
DPTR FM NORMAL   392    LOWEST  SLP 29.61 ON  7

[REMARKS]
#FINAL-09-12#
