000
CXUS53 KLSX 011645
CF6SUS
PRELIMINARY LOCAL CLIMATOLOGICAL DATA (WS FORM: F-6)

                                          STATION:   SPIRIT OF ST LOUIS MO
                                          MONTH:     OCTOBER
                                          YEAR:      2012
                                          LATITUDE:   38 39 N
                                          LONGITUDE:  90 38 W

  TEMPERATURE IN F:       :PCPN:    SNOW:  WIND      :SUNSHINE: SKY     :PK WND
================================================================================
1   2   3   4   5  6A  6B    7    8   9   10  11  12  13   14  15   16   17  18
                                     12Z  AVG MX 2MIN
DY MAX MIN AVG DEP HDD CDD  WTR  SNW DPTH SPD SPD DIR MIN PSBL S-S WX    SPD DR
================================================================================

 1  66  46  56  -6   9   0 0.00  0.0    0  3.4 14  20   M    M   5 18     17  30
 2  71  44  58  -4   7   0    T  0.0    0  3.6 12 340   M    M   4        15 330
 3  73  57  65   4   0   0 0.03  0.0    0  1.9 10 230   M    M   9        14 250
 4  81  53  67   6   0   2 0.00  0.0    0  5.7 18 250   M    M   4 1      23 230
 5  54  37  46 -15  19   0 0.31  0.0    0  6.7 15 330   M    M   8 138    17 330
 6  50  34  42 -18  23   0 0.00  0.0    0  5.1 12 300   M    M   7        15 330
 7  55  33  44 -16  21   0 0.00  0.0    0  4.3 14 350   M    M   2        25 310
 8  61  30  46 -14  19   0 0.00  0.0    0  4.2 15 230   M    M   1 1      20 250
 9  68  36  52  -7  13   0    T  0.0    0  6.3 21 320   M    M   3 1      26 330
10  59  35  47 -12  18   0    T  0.0    0  4.0 14 300   M    M   1        21  10
11  65  33  49 -10  16   0 0.01  0.0    0  4.0 15 190   M    M   6 1      20 200
12  65  48  57  -1   8   0 0.00  0.0    0  5.0 20  30   M    M   5 1      25  20
13  78  48  63   5   2   0 0.29  0.0    0  6.5 20 200   M    M   7 1      26 200
14  73  49  61   3   4   0 0.36  0.0    0  9.6 29 250   M    M   6 18     35 260
15  72  41  57  -1   8   0 0.00  0.0    0  1.1  9 340   M    M   0 18     12 330
16  83  44  64   7   1   0 0.00  0.0    0  5.8 20 210   M    M   2 18     26 230
17  68  52  60   3   5   0 0.27  0.0    0  8.4 31 250   M    M   7 138    44 250
18  61  47  54  -3  11   0    T  0.0    0 13.1 21 260   M    M   7        29 280
19  54  47  51  -5  14   0    T  0.0    0 11.6 24 270   M    M   9 1      37 250
20  66  47  57   1   8   0 0.00  0.0    0  3.7 12 250   M    M   5        17 260
21  80  44  62   6   3   0 0.00  0.0    0  3.5 13 170   M    M   2        17 170
22  79  66  73  18   0   8 0.01  0.0    0  5.7 15 220   M    M   8 3      23 230
23  81  64  73  18   0   8 0.19  0.0    0  5.8 14 230   M    M   4 13     20 240
24  84  66  75  20   0  10 0.00  0.0    0  7.2 16 160   M    M   2 8      21 190
25  82  45  64  10   1   0 0.23  0.0    0 11.2 25 300   M    M   5 13     35 300
26  51  38  45  -9  20   0 0.00  0.0    0 11.0 22 340   M    M   5        29 360
27  51  33  42 -12  23   0 0.00  0.0    0  5.7 14 340   M    M   1        18 330
28  52  29  41 -12  24   0 0.00  0.0    0  4.5 15 340   M    M   1        21  20
29  55  25  40 -13  25   0 0.00  0.0    0  4.2 12 340   M    M   1        18 300
30  58  31  45  -8  20   0 0.00  0.0    0  8.1 24 310   M    M   2        32 290
31  57  33  45  -7  20   0 0.00  0.0    0  7.4 18 300   M    M   0        24 300
================================================================================
SM 2053 1335       342  28  1.70     0.0 188.3          M      129
================================================================================
AV 66.2 43.1                               6.1 FASTST   M    M   4    MAX(MPH)
                                 MISC ---->  # 31 250               # 44  250
================================================================================
NOTES:
# LAST OF SEVERAL OCCURRENCES

COLUMN 17 PEAK WIND IN M.P.H.

PRELIMINARY LOCAL CLIMATOLOGICAL DATA (WS FORM: F-6) , PAGE 2

                                          STATION:  SPIRIT OF ST LOUIS MO
                                          MONTH:    OCTOBER
                                          YEAR:     2012
                                          LATITUDE:   38 39 N
                                          LONGITUDE:  90 38 W

[TEMPERATURE DATA]      [PRECIPITATION DATA]       SYMBOLS USED IN COLUMN 16

AVERAGE MONTHLY: 54.6   TOTAL FOR MONTH:   1.70    1 = FOG OR MIST
DPTR FM NORMAL:  -2.6   DPTR FM NORMAL:   -2.05    2 = FOG REDUCING VISIBILITY
HIGHEST:    84 ON 24    GRTST 24HR  0.65 ON 13-14      TO 1/4 MILE OR LESS
LOWEST:     25 ON 29                               3 = THUNDER
                        SNOW, ICE PELLETS, HAIL    4 = ICE PELLETS
                        TOTAL MONTH:   0.0 INCH    5 = HAIL
                        GRTST 24HR     0.0         6 = FREEZING RAIN OR DRIZZLE
                        GRTST DEPTH:   0           7 = DUSTSTORM OR SANDSTORM:
                                                       VSBY 1/2 MILE OR LESS
                                                   8 = SMOKE OR HAZE
[NO. OF DAYS WITH]      [WEATHER - DAYS WITH]      9 = BLOWING SNOW
                                                   X = TORNADO
MAX 32 OR BELOW:   0    0.01 INCH OR MORE:   9
MAX 90 OR ABOVE:   0    0.10 INCH OR MORE:   6
MIN 32 OR BELOW:   4    0.50 INCH OR MORE:   0
MIN  0 OR BELOW:   0    1.00 INCH OR MORE:   0

[HDD (BASE 65) ]
TOTAL THIS MO.   342    CLEAR  (SCALE 0-3)  13
DPTR FM NORMAL    71    PTCLDY (SCALE 4-7)  16
TOTAL FM JUL 1   413    CLOUDY (SCALE 8-10)  2
DPTR FM NORMAL    84

[CDD (BASE 65) ]
TOTAL THIS MO.    28
DPTR FM NORMAL    -2    [PRESSURE DATA]
TOTAL FM JAN 1  1749    HIGHEST SLP 30.35 ON 26
DPTR FM NORMAL   390    LOWEST  SLP 29.39 ON 17

[REMARKS]
#FINAL-10-12#
