000
CXUS53 KLSX 011600
CF6SUS
PRELIMINARY LOCAL CLIMATOLOGICAL DATA (WS FORM: F-6)

                                          STATION:   SPIRIT OF ST LOUIS MO
                                          MONTH:     JUNE
                                          YEAR:      2012
                                          LATITUDE:   38 39 N
                                          LONGITUDE:  90 38 W

  TEMPERATURE IN F:       :PCPN:    SNOW:  WIND      :SUNSHINE: SKY     :PK WND
================================================================================
1   2   3   4   5  6A  6B    7    8   9   10  11  12  13   14  15   16   17  18
                                     12Z  AVG MX 2MIN
DY MAX MIN AVG DEP HDD CDD  WTR  SNW DPTH SPD SPD DIR MIN PSBL S-S WX    SPD DR
================================================================================

 1  72  48  60 -10   5   0 0.00  0.0    0  8.7 21 300   M    M   6        25 290
 2  81  49  65  -5   0   0 0.00  0.0    0  6.4 18 250   M    M   4        24 290
 3  87  53  70  -1   0   5 0.00  0.0    0  1.9 14 240   M    M   4        18 240
 4  94  59  77   6   0  12 0.03  0.0    0  5.7 30  70   M    M   3 13     39 350
 5  85  56  71   0   0   6 0.00  0.0    0  5.0 16  40   M    M   2 1      21  30
 6  81  54  68  -4   0   3 0.00  0.0    0  4.6 15  50   M    M   2        22  50
 7  84  50  67  -5   0   2 0.00  0.0    0  2.8 12  40   M    M   2        17 100
 8  86  52  69  -3   0   4 0.00  0.0    0  2.3 10 170   M    M   2 1      15 170
 9  91  55  73   1   0   8 0.00  0.0    0  5.2 14 210   M    M   2        22 190
10  88  65  77   4   0  12 0.00  0.0    0  7.1 17 150   M    M   4        24 140
11  78  67  73   0   0   8 0.42  0.0    0  5.0  M 999   M    M   6 13      M 999
12  84  56  70  -3   0   5 0.00  0.0    0  5.0 15 320   M    M   2 1      21 320
13  84  50  67  -7   0   2 0.00  0.0    0  4.0 15  50   M    M   2        18  50
14  89  53  71  -3   0   6 0.00  0.0    0  3.7 15 100   M    M   3        29  60
15  92  59  76   2   0  11 0.00  0.0    0  5.8 16 150   M    M   2        23 130
16  96  68  82   8   0  17 0.59  0.0    0  8.0 29 300   M    M   4 13     35 290
17  90  69  80   5   0  15    T  0.0    0  6.0 15 220   M    M   6        20 210
18  94  75  85  10   0  20 0.00  0.0    0  9.0 20 210   M    M   2        26 230
19  92  75  84   9   0  19 0.00  0.0    0  9.6 20 200   M    M   2        26 200
20  94  73  84   9   0  19 0.00  0.0    0  7.9 16 190   M    M   1        23 210
21  86  64  75  -1   0  10 0.00  0.0    0  6.8 22 320   M    M   4        26 330
22  88  61  75  -1   0  10 0.00  0.0    0  3.3 13  50   M    M   1 8      17  20
23  90  58  74  -2   0   9 0.00  0.0    0  2.4 10  90   M    M   3        15 180
24 100  63  82   6   0  17 0.00  0.0    0  2.0  9 110   M    M   2         M  M
25  91  64  78   2   0  13 0.00  0.0    0  8.4 17  50   M    M   2        23  40
26  89  56  73  -4   0   8 0.00  0.0    0  4.8 14  70   M    M   0        17  70
27 100  55  78   1   0  13 0.00  0.0    0  3.8 13 160   M    M   0        18 200
28 109  70  90  13   0  25 0.00  0.0    0  4.9 15 260   M    M   0        23 250
29 106  67  87  10   0  22 0.00  0.0    0  3.7 14 250   M    M   0        18 250
30 105  70  88  11   0  23 0.00  0.0    0  3.4 14 260   M    M   2        20 250
================================================================================
SM 2706 1814         5 324  1.04     0.0 157.2          M       75
================================================================================
AV 90.2 60.5                               5.2 FASTST   M    M   3    MAX(MPH)
                                 MISC ---->  # 30  70               # 39  350
================================================================================
NOTES:
# LAST OF SEVERAL OCCURRENCES

COLUMN 17 PEAK WIND IN M.P.H.

PRELIMINARY LOCAL CLIMATOLOGICAL DATA (WS FORM: F-6) , PAGE 2

                                          STATION:  SPIRIT OF ST LOUIS MO
                                          MONTH:    JUNE
                                          YEAR:     2012
                                          LATITUDE:   38 39 N
                                          LONGITUDE:  90 38 W

[TEMPERATURE DATA]      [PRECIPITATION DATA]       SYMBOLS USED IN COLUMN 16

AVERAGE MONTHLY: 75.3   TOTAL FOR MONTH:   1.04    1 = FOG OR MIST
DPTR FM NORMAL:   1.2   DPTR FM NORMAL:   -3.24    2 = FOG REDUCING VISIBILITY
HIGHEST:   109 ON 28    GRTST 24HR  0.59 ON 16-16      TO 1/4 MILE OR LESS
LOWEST:     48 ON  1                               3 = THUNDER
                        SNOW, ICE PELLETS, HAIL    4 = ICE PELLETS
                        TOTAL MONTH:   0.0 INCH    5 = HAIL
                        GRTST 24HR     0.0         6 = FREEZING RAIN OR DRIZZLE
                        GRTST DEPTH:   0           7 = DUSTSTORM OR SANDSTORM:
                                                       VSBY 1/2 MILE OR LESS
                                                   8 = SMOKE OR HAZE
[NO. OF DAYS WITH]      [WEATHER - DAYS WITH]      9 = BLOWING SNOW
                                                   X = TORNADO
MAX 32 OR BELOW:   0    0.01 INCH OR MORE:   3
MAX 90 OR ABOVE:  15    0.10 INCH OR MORE:   2
MIN 32 OR BELOW:   0    0.50 INCH OR MORE:   1
MIN  0 OR BELOW:   0    1.00 INCH OR MORE:   0

[HDD (BASE 65) ]
TOTAL THIS MO.     5    CLEAR  (SCALE 0-3)  21
DPTR FM NORMAL    -3    PTCLDY (SCALE 4-7)   9
TOTAL FM JUL 1  3709    CLOUDY (SCALE 8-10)  0
DPTR FM NORMAL -1066

[CDD (BASE 65) ]
TOTAL THIS MO.   324
DPTR FM NORMAL    43    [PRESSURE DATA]
TOTAL FM JAN 1   612    HIGHEST SLP 30.14 ON 13
DPTR FM NORMAL   194    LOWEST  SLP 29.69 ON  4

[REMARKS]
#FINAL-06-12#
