000
CXUS53 KLSX 011602
CF6SUS
PRELIMINARY LOCAL CLIMATOLOGICAL DATA (WS FORM: F-6)

                                          STATION:   SPIRIT OF ST LOUIS MO
                                          MONTH:     MARCH
                                          YEAR:      2012
                                          LATITUDE:   38 39 N
                                          LONGITUDE:  90 38 W

  TEMPERATURE IN F:       :PCPN:    SNOW:  WIND      :SUNSHINE: SKY     :PK WND
================================================================================
1   2   3   4   5  6A  6B    7    8   9   10  11  12  13   14  15   16   17  18
                                     12Z  AVG MX 2MIN
DY MAX MIN AVG DEP HDD CDD  WTR  SNW DPTH SPD SPD DIR MIN PSBL S-S WX    SPD DR
================================================================================

 1  69  31  50  10  15   0 0.00  0.0    0  5.8 17 290   M    M   0        23 150
 2  58  33  46   6  19   0 0.27  0.0    0  9.3 33 300   M    M   4 138    43 290
 3  47  25  36  -5  29   0 0.00  0.0    0  9.9 23 290   M    M   3        29 290
 4  45  25  35  -6  30   0    T  0.0    0  5.1 24 320   M    M   6        33 290
 5  51  27  39  -2  26   0 0.00  0.0    0  6.3 20 320   M    M   2        23 310
 6  75  44  60  18   5   0 0.00  0.0    0 13.2 31 210   M    M   1        44 210
 7  72  60  66  24   0   1 0.01  0.0    0 13.7 30 200   M    M   5        43 210
 8  69  30  50   8  15   0 0.21  0.0    0  8.7 24 320   M    M   6 13     35 320
 9  56  27  42  -1  23   0 0.00  0.0    0  3.9 14 360   M    M   0        24  10
10  65  27  46   3  19   0 0.00  0.0    0  5.2 13 160   M    M   0        20 180
11  60  35  48   5  17   0 0.26  0.0    0  5.8 17 140   M    M   7 1      24 150
12  82  50  66  22   0   1 0.00  0.0    0  9.3 25 230   M    M   1        38 240
13  83  43  63  19   2   0 0.00  0.0    0  2.4  9 160   M    M   0        17 200
14  86  56  71  27   0   6 0.00  0.0    0  8.4 22 240   M    M   2 3      31 230
15  83  59  71  26   0   6 0.42  0.0    0  8.9 25 210   M    M   5 13     30 200
16  77  54  66  21   0   1 0.06  0.0    0  5.8 18 210   M    M   4 3      26 210
17  81  55  68  22   0   3 1.10  0.0    0  4.6 23 310   M    M   5 123    29 290
18  81  57  69  23   0   4 0.01  0.0    0  6.9 17 220   M    M   3        28 220
19  82  66  74  28   0   9    T  0.0    0  9.0 22 140   M    M   3        33 170
20  81  65  73  26   0   8 0.00  0.0    0 10.1 23 150   M    M   4        38 180
21  79  61  70  23   0   5    T  0.0    0  8.5 22 150   M    M   8        32 160
22  74  51  63  16   2   0 0.09  0.0    0  4.4 20 250   M    M   7 1      23 250
23  66  49  58  10   7   0 0.06  0.0    0  6.1 23 230   M    M   5 13     32 230
24  73  48  61  13   4   0    T  0.0    0  6.3 15 280   M    M   6        21 310
25  76  51  64  16   1   0 0.00  0.0    0  3.5 12  10   M    M   3 18     14 360
26  74  48  61  12   4   0 0.00  0.0    0  5.9 17  90   M    M   2 18     23  80
27  84  54  69  20   0   4 0.00  0.0    0  7.7 17 200   M    M   1        24 190
28  81  57  69  20   0   4 0.00  0.0    0  4.7 13 230   M    M   2        17 220
29  72  56  64  14   1   0 0.06  0.0    0  6.9 16  80   M    M   4 13     21  80
30  82  52  67  17   0   2 0.00  0.0    0  8.2 17 250   M    M   3        24 280
31  77  48  63  13   2   0 0.00  0.0    0  4.4 13  40   M    M   3 18     17  50
================================================================================
SM 2241 1444       221  54  2.55     0.0 218.9          M      105
================================================================================
AV 72.3 46.6                               7.1 FASTST   M    M   3    MAX(MPH)
                                 MISC ---->  # 33 300               # 44  210
================================================================================
NOTES:
# LAST OF SEVERAL OCCURRENCES

COLUMN 17 PEAK WIND IN M.P.H.

PRELIMINARY LOCAL CLIMATOLOGICAL DATA (WS FORM: F-6) , PAGE 2

                                          STATION:  SPIRIT OF ST LOUIS MO
                                          MONTH:    MARCH
                                          YEAR:     2012
                                          LATITUDE:   38 39 N
                                          LONGITUDE:  90 38 W

[TEMPERATURE DATA]      [PRECIPITATION DATA]       SYMBOLS USED IN COLUMN 16

AVERAGE MONTHLY: 59.4   TOTAL FOR MONTH:   2.55    1 = FOG OR MIST
DPTR FM NORMAL:  14.2   DPTR FM NORMAL:   -0.90    2 = FOG REDUCING VISIBILITY
HIGHEST:    86 ON 14    GRTST 24HR  1.11 ON 17-18      TO 1/4 MILE OR LESS
LOWEST:     25 ON  4, 3                            3 = THUNDER
                        SNOW, ICE PELLETS, HAIL    4 = ICE PELLETS
                        TOTAL MONTH:   0.0 INCH    5 = HAIL
                        GRTST 24HR     0.0         6 = FREEZING RAIN OR DRIZZLE
                        GRTST DEPTH:   0           7 = DUSTSTORM OR SANDSTORM:
                                                       VSBY 1/2 MILE OR LESS
                                                   8 = SMOKE OR HAZE
[NO. OF DAYS WITH]      [WEATHER - DAYS WITH]      9 = BLOWING SNOW
                                                   X = TORNADO
MAX 32 OR BELOW:   0    0.01 INCH OR MORE:  11
MAX 90 OR ABOVE:   0    0.10 INCH OR MORE:   5
MIN 32 OR BELOW:   7    0.50 INCH OR MORE:   1
MIN  0 OR BELOW:   0    1.00 INCH OR MORE:   1

[HDD (BASE 65) ]
TOTAL THIS MO.   221    CLEAR  (SCALE 0-3)  15
DPTR FM NORMAL  -398    PTCLDY (SCALE 4-7)  16
TOTAL FM JUL 1  3450    CLOUDY (SCALE 8-10)  0
DPTR FM NORMAL  -923

[CDD (BASE 65) ]
TOTAL THIS MO.    54
DPTR FM NORMAL    49    [PRESSURE DATA]
TOTAL FM JAN 1    54    HIGHEST SLP 30.57 ON  9
DPTR FM NORMAL    49    LOWEST  SLP 29.34 ON  2

[REMARKS]
#FINAL-03-12#
