000
CXUS53 KLSX 011600
CF6SUS
PRELIMINARY LOCAL CLIMATOLOGICAL DATA (WS FORM: F-6)

                                          STATION:   SPIRIT OF ST LOUIS MO
                                          MONTH:     JULY
                                          YEAR:      2012
                                          LATITUDE:   38 39 N
                                          LONGITUDE:  90 38 W

  TEMPERATURE IN F:       :PCPN:    SNOW:  WIND      :SUNSHINE: SKY     :PK WND
================================================================================
1   2   3   4   5  6A  6B    7    8   9   10  11  12  13   14  15   16   17  18
                                     12Z  AVG MX 2MIN
DY MAX MIN AVG DEP HDD CDD  WTR  SNW DPTH SPD SPD DIR MIN PSBL S-S WX    SPD DR
================================================================================

 1 102  70  86   9   0  21 0.00  0.0    0  4.2 12 200   M    M   4        29  90
 2 101  70  86   8   0  21 0.36  0.0    0  3.1 29 200   M    M   3 138    37 210
 3  99  69  84   6   0  19 0.00  0.0    0  2.9 14 220   M    M   2 1      17 230
 4 103  75  89  11   0  24 0.00  0.0    0  4.5 13 240   M    M   1        17 230
 5 104  72  88  10   0  23 0.00  0.0    0  2.4 12 250   M    M   1        14  70
 6 107  75  91  13   0  26 0.00  0.0    0  2.5 13  60   M    M   3        16  40
 7 108  73  91  13   0  26 0.01  0.0    0  4.7 24 240   M    M   4 3      31 250
 8  98  72  85   7   0  20 0.04  0.0    0  4.5 23 240   M    M   6 13     30 230
 9  92  69  81   3   0  16 0.00  0.0    0  4.4 14  60   M    M   5 1      17  70
10  95  65  80   2   0  15 0.00  0.0    0  4.3 13  70   M    M   2        18  90
11  94  67  81   3   0  16 0.00  0.0    0  5.0 13  30   M    M   3        22  60
12  96  66  81   3   0  16 0.00  0.0    0  3.8 17  70   M    M   1        22  60
13  94  67  81   3   0  16 0.00  0.0    0  3.5 17 320   M    M   3 13     25 340
14  91  70  81   3   0  16    T  0.0    0  2.3  9 150   M    M   5 3      12 180
15  96  68  82   4   0  17 0.00  0.0    0  3.9 12 110   M    M   3        16 120
16  98  73  86   8   0  21 0.00  0.0    0  3.1 10 200   M    M   3        14 210
17 102  77  90  12   0  25 0.00  0.0    0  6.7 15 280   M    M   2        23 220
18 104  77  91  13   0  26 0.00  0.0    0  6.5 20 250   M    M   2 3      25 260
19 103  80  92  14   0  27 0.00  0.0    0  8.0 16 240   M    M   4        22 250
20  86  68  77  -1   0  12 0.00  0.0    0  6.5 14 360   M    M   5 8      18 360
21  95  65  80   2   0  15 0.00  0.0    0  3.0 13  60   M    M   3 18     18  50
22  99  67  83   5   0  18 0.00  0.0    0  3.0 13 120   M    M   2        17 120
23 106  79  93  15   0  28 0.00  0.0    0  7.0 15 280   M    M   1        23 290
24 106  80  93  15   0  28 0.00  0.0    0  7.2 16 240   M    M   2        22 240
25 106  83  95  17   0  30 0.00  0.0    0  9.3 22 250   M    M   2        33 240
26  95  74  85   7   0  20    T  0.0    0  7.8 20 320   M    M   6        24 320
27 101  71  86   8   0  21 0.00  0.0    0  7.5 23 320   M    M   1        30 300
28  93  64  79   1   0  14 0.00  0.0    0  3.5 14  40   M    M   3        18 340
29  90  68  79   1   0  14 0.28  0.0    0  4.8 14 160   M    M   4 13     18 160
30  87  70  79   1   0  14    T  0.0    0  2.5 12  20   M    M   4 12     15  10
31 102  68  85   7   0  20 0.00  0.0    0  1.2  9 310   M    M   3 128    13 270
================================================================================
SM 3053 2212         0 625  0.69     0.0 143.6          M       93
================================================================================
AV 98.5 71.4                               4.6 FASTST   M    M   3    MAX(MPH)
                                 MISC ---->  # 29 200               # 37  210
================================================================================
NOTES:
# LAST OF SEVERAL OCCURRENCES

COLUMN 17 PEAK WIND IN M.P.H.

PRELIMINARY LOCAL CLIMATOLOGICAL DATA (WS FORM: F-6) , PAGE 2

                                          STATION:  SPIRIT OF ST LOUIS MO
                                          MONTH:    JULY
                                          YEAR:     2012
                                          LATITUDE:   38 39 N
                                          LONGITUDE:  90 38 W

[TEMPERATURE DATA]      [PRECIPITATION DATA]       SYMBOLS USED IN COLUMN 16

AVERAGE MONTHLY: 84.9   TOTAL FOR MONTH:   0.69    1 = FOG OR MIST
DPTR FM NORMAL:   6.8   DPTR FM NORMAL:   -3.52    2 = FOG REDUCING VISIBILITY
HIGHEST:   108 ON  7    GRTST 24HR  0.41 ON  1- 2      TO 1/4 MILE OR LESS
LOWEST:     64 ON 28                               3 = THUNDER
                        SNOW, ICE PELLETS, HAIL    4 = ICE PELLETS
                        TOTAL MONTH:   0.0 INCH    5 = HAIL
                        GRTST 24HR     0.0         6 = FREEZING RAIN OR DRIZZLE
                        GRTST DEPTH:   0           7 = DUSTSTORM OR SANDSTORM:
                                                       VSBY 1/2 MILE OR LESS
                                                   8 = SMOKE OR HAZE
[NO. OF DAYS WITH]      [WEATHER - DAYS WITH]      9 = BLOWING SNOW
                                                   X = TORNADO
MAX 32 OR BELOW:   0    0.01 INCH OR MORE:   4
MAX 90 OR ABOVE:  29    0.10 INCH OR MORE:   2
MIN 32 OR BELOW:   0    0.50 INCH OR MORE:   0
MIN  0 OR BELOW:   0    1.00 INCH OR MORE:   0

[HDD (BASE 65) ]
TOTAL THIS MO.     0    CLEAR  (SCALE 0-3)  19
DPTR FM NORMAL     0    PTCLDY (SCALE 4-7)  12
TOTAL FM JUL 1     0    CLOUDY (SCALE 8-10)  0
DPTR FM NORMAL     0

[CDD (BASE 65) ]
TOTAL THIS MO.   625
DPTR FM NORMAL   219    [PRESSURE DATA]
TOTAL FM JAN 1  1237    HIGHEST SLP 30.10 ON 29
DPTR FM NORMAL   413    LOWEST  SLP 29.65 ON 25

[REMARKS]
#FINAL-07-12#
