000
CXUS53 KLSX 011600
CF6SUS
PRELIMINARY LOCAL CLIMATOLOGICAL DATA (WS FORM: F-6)

                                          STATION:   SPIRIT OF ST LOUIS MO
                                          MONTH:     MAY
                                          YEAR:      2012
                                          LATITUDE:   38 39 N
                                          LONGITUDE:  90 38 W

  TEMPERATURE IN F:       :PCPN:    SNOW:  WIND      :SUNSHINE: SKY     :PK WND
================================================================================
1   2   3   4   5  6A  6B    7    8   9   10  11  12  13   14  15   16   17  18
                                     12Z  AVG MX 2MIN
DY MAX MIN AVG DEP HDD CDD  WTR  SNW DPTH SPD SPD DIR MIN PSBL S-S WX    SPD DR
================================================================================

 1  84  57  71  10   0   6 0.16  0.0    0  6.7 18 250   M    M   4 13     25 250
 2  89  70  80  19   0  15 0.00  0.0    0  8.7 22 230   M    M   1        35 230
 3  86  66  76  14   0  11 0.00  0.0    0  7.4 17 190   M    M   2        28 170
 4  84  65  75  13   0  10 0.31  0.0    0  2.7 24 340   M    M   5 13     36 350
 5  91  69  80  18   0  15    T  0.0    0  1.0 13 190   M    M   4 138    16 190
 6  91  65  78  16   0  13 0.00  0.0    0  3.5 17 310   M    M   2 13     24 310
 7  74  60  67   4   0   2 0.49  0.0    0  6.2 22 300   M    M   7 138    29 320
 8  75  53  64   1   1   0 0.00  0.0    0  5.7 17 310   M    M   5        22 310
 9  71  51  61  -2   4   0 0.00  0.0    0  5.8 16 290   M    M   4        20 280
10  75  47  61  -3   4   0 0.00  0.0    0  1.2  8 340   M    M   2        10 340
11  75  50  63  -1   2   0 0.00  0.0    0  1.9 12 160   M    M   2        16 160
12  79  55  67   3   0   2 0.00  0.0    0  1.7  8 110   M    M   4 1      13  80
13  77  53  65   1   0   0 0.00  0.0    0  4.3 13 330   M    M   1 1      18 340
14  80  47  64  -1   1   0 0.00  0.0    0  3.3 12  10   M    M   1        15 360
15  82  46  64  -1   1   0 0.00  0.0    0  3.4 13 300   M    M   0        20 240
16  79  52  66   1   0   1 0.00  0.0    0  4.6 14  50   M    M   0        20  40
17  80  45  63  -3   2   0 0.00  0.0    0  1.2 10 110   M    M   0        17 110
18  87  50  69   3   0   4 0.00  0.0    0  3.1 10 140   M    M   1        16 190
19  90  57  74   8   0   9 0.00  0.0    0  4.1 14 150   M    M   2        22 170
20  89  68  79  12   0  14 0.01  0.0    0  5.5 15 210   M    M   4 3      21 220
21  74  51  63  -4   2   0 0.00  0.0    0  7.0 21 320   M    M   3        24 330
22  78  46  62  -5   3   0 0.00  0.0    0  1.7  9 330   M    M   1 1      15  10
23  84  50  67   0   0   2 0.00  0.0    0  5.2 14 200   M    M   2        20 170
24  91  67  79  11   0  14 0.00  0.0    0 11.1 23 160   M    M   2        36 170
25  90  68  79  11   0  14 0.00  0.0    0  4.6 14 150   M    M   4 8      18 110
26  95  67  81  13   0  16 0.00  0.0    0  5.3 13 140   M    M   1 1      18 140
27  93  69  81  12   0  16 0.00  0.0    0  6.1 13 180   M    M   1        20 250
28  95  70  83  14   0  18 0.04  0.0    0  7.0 20 240   M    M   4 38     28 220
29  90  63  77   8   0  12 0.03  0.0    0  3.7 23 360   M    M   3 38     31 290
30  84  61  73   3   0   8    T  0.0    0  1.3 10 240   M    M   3        17 180
31  69  54  62  -8   3   0 0.04  0.0    0  8.3 20 340   M    M   9 1      23 330
================================================================================
SM 2581 1792        23 202  1.08     0.0 143.3          M       84
================================================================================
AV 83.3 57.8                               4.6 FASTST   M    M   3    MAX(MPH)
                                 MISC ---->  # 24 340               # 36  350
================================================================================
NOTES:
# LAST OF SEVERAL OCCURRENCES

COLUMN 17 PEAK WIND IN M.P.H.

PRELIMINARY LOCAL CLIMATOLOGICAL DATA (WS FORM: F-6) , PAGE 2

                                          STATION:  SPIRIT OF ST LOUIS MO
                                          MONTH:    MAY
                                          YEAR:     2012
                                          LATITUDE:   38 39 N
                                          LONGITUDE:  90 38 W

[TEMPERATURE DATA]      [PRECIPITATION DATA]       SYMBOLS USED IN COLUMN 16

AVERAGE MONTHLY: 70.5   TOTAL FOR MONTH:   1.08    1 = FOG OR MIST
DPTR FM NORMAL:   5.1   DPTR FM NORMAL:   -3.48    2 = FOG REDUCING VISIBILITY
HIGHEST:    95 ON 28,26 GRTST 24HR  0.49 ON  7- 7      TO 1/4 MILE OR LESS
LOWEST:     45 ON 17                               3 = THUNDER
                        SNOW, ICE PELLETS, HAIL    4 = ICE PELLETS
                        TOTAL MONTH:   0.0 INCH    5 = HAIL
                        GRTST 24HR     0.0         6 = FREEZING RAIN OR DRIZZLE
                        GRTST DEPTH:   0           7 = DUSTSTORM OR SANDSTORM:
                                                       VSBY 1/2 MILE OR LESS
                                                   8 = SMOKE OR HAZE
[NO. OF DAYS WITH]      [WEATHER - DAYS WITH]      9 = BLOWING SNOW
                                                   X = TORNADO
MAX 32 OR BELOW:   0    0.01 INCH OR MORE:   7
MAX 90 OR ABOVE:   9    0.10 INCH OR MORE:   3
MIN 32 OR BELOW:   0    0.50 INCH OR MORE:   0
MIN  0 OR BELOW:   0    1.00 INCH OR MORE:   0

[HDD (BASE 65) ]
TOTAL THIS MO.    23    CLEAR  (SCALE 0-3)  20
DPTR FM NORMAL   -68    PTCLDY (SCALE 4-7)  10
TOTAL FM JUL 1  3704    CLOUDY (SCALE 8-10)  1
DPTR FM NORMAL -1063

[CDD (BASE 65) ]
TOTAL THIS MO.   202
DPTR FM NORMAL    99    [PRESSURE DATA]
TOTAL FM JAN 1   288    HIGHEST SLP 30.20 ON 12
DPTR FM NORMAL   151    LOWEST  SLP 29.55 ON 24

[REMARKS]
#FINAL-05-12#
