000
CXUS53 KLSX 011618 CCA
CF6SUS

PRELIMINARY LOCAL CLIMATOLOGICAL DATA (WS FORM: F-6)

                                          STATION:   SPIRIT OF ST LOUIS MO
                                          MONTH:     JANUARY
                                          YEAR:      2012
                                          LATITUDE:   38 39 N
                                          LONGITUDE:  90 38 W

  TEMPERATURE IN F:       :PCPN:    SNOW:  WIND      :SUNSHINE: SKY     :PK WND
================================================================================
1   2   3   4   5  6A  6B    7    8   9   10  11  12  13   14  15   16   17  18
                                     12Z  AVG MX 2MIN
DY MAX MIN AVG DEP HDD CDD  WTR  SNW DPTH SPD SPD DIR MIN PSBL S-S WX    SPD DR
================================================================================

 1  56  33  45  14  20   0    T  0.0    0 18.5 33 300   M    M   3        43 310
 2  34  18  26  -5  39   0 0.00  0.0    0 17.4 31 320   M    M   2        44 290
 3  40  12  26  -5  39   0 0.00  0.0    0  5.1 14 190   M    M   1        18 180
 4  52  28  40   9  25   0 0.00  0.0    0 10.0 18 300   M    M   1        24 310
 5  66  27  47  16  18   0 0.00  0.0    0  9.1 18 240   M    M   1 8      25 240
 6  70  43  57  26   8   0 0.00  0.0    0  9.4 21 250   M    M   0        28 260
 7  52  30  41  10  24   0 0.00  0.0    0  2.9 14 340   M    M   3        17 330
 8  43  22  33   2  32   0 0.00  0.0    0  1.1  9  50   M    M   6        12  50
 9  51  21  36   5  29   0 0.00  0.0    0  1.3 10 230   M    M   2 1      13 220
10  56  22  39   8  26   0 0.00  0.0    0  1.0  8  90   M    M   1        10 100
11  57  33  45  14  20   0 0.02  0.0    0  5.5 26 310   M    M   6 1      33 300
12  35  16  26  -5  39   0    M    M    M 16.0 26 280   M    M  10 189    33 280
13  25   8  17 -14  48   0    T    M    M  7.8 21 290   M    M   5        25 280
14  36   8  22  -9  43   0 0.00  0.0    M  3.9 16 320   M    M   5        20 320
15  48  15  32   1  33   0 0.00  0.0    M  5.5 18 170   M    M   0        25 180
16  67  44  56  25   9   0 0.00  0.0    0 10.4 22 210   M    M   3        32 200
17  67  21  44  13  21   0 1.03  0.0    0 15.0 35 280   M    M   7 138    46 310
18  35  14  25  -6  40   0 0.00  0.0    0  5.1 15 200   M    M   2        22 200
19  36  18  27  -4  38   0 0.00  0.0    0  7.6 15  40   M    M   5        18  40
20  29  16  23  -8  42   0    T  0.0    0  8.8 16  70   M    M   7 18     20  80
21  31  22  27  -4  38   0 0.00  0.0    0  7.6 15 340   M    M   9 18     22 330
22  55  29  42  11  23   0 0.00  0.0    0  8.1 16 140   M    M  10 1      21 180
23  56  28  42  11  23   0 0.00  0.0    0 12.6 35 260   M    M   6        46 250
24  47  21  34   3  31   0 0.00  0.0    0  2.4  9  70   M    M   2        10  70
25  35  28  32   1  33   0 0.46    T    0  5.7 13  80   M    M   7 1      16  40
26  40  30  35   3  30   0 0.22  0.0    0  4.4 15 290   M    M   9 1      17 290
27  42  30  36   4  29   0 0.11  0.0    0  3.2 10 300   M    M   7 1      13 290
28  43  29  36   4  29   0 0.04    M    M 11.1 22 290   M    M   2 1      26 290
29  48  27  38   6  27   0 0.00  0.0    0  7.4 20 280   M    M   0        24 280
30  67  27  47  15  18   0 0.00  0.0    0  8.0 17 220   M    M   3        26 230
31  65  43  54  22  11   0    T  0.0    0  9.1 22 220   M    M   5        28 210
================================================================================
SM 1484  763       885   0  1.88    T    241.0          M      130
================================================================================
AV 47.9 24.6                               7.8 FASTST   M    M   4    MAX(MPH)
                                 MISC ---->  # 35 280               # 46  310
================================================================================
NOTES:
# LAST OF SEVERAL OCCURRENCES

COLUMN 17 PEAK WIND IN M.P.H.

PRELIMINARY LOCAL CLIMATOLOGICAL DATA (WS FORM: F-6) , PAGE 2

                                          STATION:  SPIRIT OF ST LOUIS MO
                                          MONTH:    JANUARY
                                          YEAR:     2012
                                          LATITUDE:   38 39 N
                                          LONGITUDE:  90 38 W

[TEMPERATURE DATA]      [PRECIPITATION DATA]       SYMBOLS USED IN COLUMN 16

AVERAGE MONTHLY: 36.2   TOTAL FOR MONTH:   1.88    1 = FOG OR MIST
DPTR FM NORMAL:   5.1   DPTR FM NORMAL:   -0.47    2 = FOG REDUCING VISIBILITY
HIGHEST:    70 ON  6    GRTST 24HR  M                  TO 1/4 MILE OR LESS
LOWEST:      8 ON 14,13                            3 = THUNDER
                        SNOW, ICE PELLETS, HAIL    4 = ICE PELLETS
                        TOTAL MONTH:    M          5 = HAIL
                        GRTST 24HR      M          6 = FREEZING RAIN OR DRIZZLE
                        GRTST DEPTH:    M          7 = DUSTSTORM OR SANDSTORM:
                                                       VSBY 1/2 MILE OR LESS
                                                   8 = SMOKE OR HAZE
[NO. OF DAYS WITH]      [WEATHER - DAYS WITH]      9 = BLOWING SNOW
                                                   X = TORNADO
MAX 32 OR BELOW:   3    0.01 INCH OR MORE:   M
MAX 90 OR ABOVE:   0    0.10 INCH OR MORE:   M
MIN 32 OR BELOW:  26    0.50 INCH OR MORE:   M
MIN  0 OR BELOW:   0    1.00 INCH OR MORE:   M

[HDD (BASE 65) ]
TOTAL THIS MO.   885    CLEAR  (SCALE 0-3)  14
DPTR FM NORMAL  -164    PTCLDY (SCALE 4-7)  13
TOTAL FM JUL 1  2496    CLOUDY (SCALE 8-10)  4
DPTR FM NORMAL  -435

[CDD (BASE 65) ]
TOTAL THIS MO.     0
DPTR FM NORMAL     0    [PRESSURE DATA]
TOTAL FM JAN 1     0    HIGHEST SLP 30.56 ON  3
DPTR FM NORMAL     0    LOWEST  SLP 29.41 ON 23

[REMARKS]
#FINAL-01-12#
