000
CXUS53 KLSX 011600
CF6SUS
PRELIMINARY LOCAL CLIMATOLOGICAL DATA (WS FORM: F-6)

                                          STATION:   SPIRIT OF ST LOUIS MO
                                          MONTH:     APRIL
                                          YEAR:      2012
                                          LATITUDE:   38 39 N
                                          LONGITUDE:  90 38 W

  TEMPERATURE IN F:       :PCPN:    SNOW:  WIND      :SUNSHINE: SKY     :PK WND
================================================================================
1   2   3   4   5  6A  6B    7    8   9   10  11  12  13   14  15   16   17  18
                                     12Z  AVG MX 2MIN
DY MAX MIN AVG DEP HDD CDD  WTR  SNW DPTH SPD SPD DIR MIN PSBL S-S WX    SPD DR
================================================================================

 1  90  53  72  21   0   7 0.00  0.0    0  3.6 16 230   M    M   2 1      22 220
 2  91  55  73  22   0   8 0.00  0.0    0  3.1  9 110   M    M   0 18     13 150
 3  82  53  68  16   0   3 0.02  0.0    0  2.9 20 250   M    M   5 1      25 250
 4  66  53  60   8   5   0 0.19  0.0    0  5.8 16  50   M    M   9 138    22  40
 5  61  46  54   2  11   0 0.47  0.0    0  8.2 18  40   M    M   8 1      24  40
 6  62  38  50  -3  15   0 0.00  0.0    0  5.8 13  70   M    M   1        17  40
 7  70  33  52  -1  13   0    T  0.0    0  3.7 13 310   M    M   5 1      17 100
 8  69  40  55   2  10   0 0.00  0.0    0  3.4 13  40   M    M   0        16  30
 9  71  37  54   0  11   0 0.00  0.0    0  6.2 21 310   M    M   0        25 290
10  61  37  49  -5  16   0 0.00  0.0    0  7.2 18 300   M    M   0        26 310
11  57  33  45  -9  20   0 0.00  0.0    0  3.1 13 340   M    M   0        20  20
12  66  28  47  -8  18   0    T  0.0    0  3.8 14 180   M    M   5 12     20 140
13  57  49  53  -2  12   0 0.93  0.0    0  5.3 18 120   M    M   9 13     28 120
14  80  52  66  11   0   1 1.01  0.0    0  6.1 20 290   M    M   8 13     29 180
15  77  57  67  11   0   2 0.81  0.0    0 12.1 44 260   M    M   6 13     58 250
16  68  46  57   1   8   0 0.00  0.0    0 11.1 29 240   M    M   3 1      38 240
17  71  43  57   1   8   0 0.00  0.0    0  3.4 10  80   M    M   1 1      15  20
18  75  44  60   3   5   0 0.00  0.0    0  3.8 14 180   M    M   2 1      17 180
19  79  48  64   7   1   0 0.00  0.0    0  6.6 17 180   M    M   3 8      24 150
20  65  48  57   0   8   0 0.10  0.0    0  9.5 17 290   M    M   8 1      23 290
21  61  36  49  -9  16   0    T  0.0    0  4.6 15  10   M    M   4        21  40
22  60  37  49  -9  16   0 0.07  0.0    0  7.4 20 320   M    M   7 1      29 360
23  64  34  49  -9  16   0 0.00  0.0    0  9.2 22 300   M    M   2        29 300
24  78  42  60   1   5   0 0.00  0.0    0  6.5 17 220   M    M   3        24 230
25  90  52  71  12   0   6 0.00  0.0    0  4.6 15 210   M    M   3        20 230
26  80  57  69  10   0   4 0.00  0.0    0  7.2 15  90   M    M   2        24 320
27  59  48  54  -6  11   0    T  0.0    0 11.9 25  90   M    M   6        32 100
28  79  53  66   6   0   1 0.35  0.0    0  5.6 24 300   M    M   7 13     32 300
29  66  51  59  -1   6   0 0.00  0.0    0  5.4 13  60   M    M   9 138    16  70
30  73  57  65   4   0   0 0.06  0.0    0  3.2 15 330   M    M   7 123    18 330
================================================================================
SM 2128 1360       231  32  4.01     0.0 180.3          M      125
================================================================================
AV 70.9 45.3                               6.0 FASTST   M    M   4    MAX(MPH)
                                 MISC ---->  # 44 260               # 58  250
================================================================================
NOTES:
# LAST OF SEVERAL OCCURRENCES

COLUMN 17 PEAK WIND IN M.P.H.

PRELIMINARY LOCAL CLIMATOLOGICAL DATA (WS FORM: F-6) , PAGE 2

                                          STATION:  SPIRIT OF ST LOUIS MO
                                          MONTH:    APRIL
                                          YEAR:     2012
                                          LATITUDE:   38 39 N
                                          LONGITUDE:  90 38 W

[TEMPERATURE DATA]      [PRECIPITATION DATA]       SYMBOLS USED IN COLUMN 16

AVERAGE MONTHLY: 58.1   TOTAL FOR MONTH:   4.01    1 = FOG OR MIST
DPTR FM NORMAL:   2.2   DPTR FM NORMAL:   -0.13    2 = FOG REDUCING VISIBILITY
HIGHEST:    91 ON  2    GRTST 24HR  1.82 ON 13-14      TO 1/4 MILE OR LESS
LOWEST:     28 ON 12                               3 = THUNDER
                        SNOW, ICE PELLETS, HAIL    4 = ICE PELLETS
                        TOTAL MONTH:   0.0 INCH    5 = HAIL
                        GRTST 24HR     0.0         6 = FREEZING RAIN OR DRIZZLE
                        GRTST DEPTH:   0           7 = DUSTSTORM OR SANDSTORM:
                                                       VSBY 1/2 MILE OR LESS
                                                   8 = SMOKE OR HAZE
[NO. OF DAYS WITH]      [WEATHER - DAYS WITH]      9 = BLOWING SNOW
                                                   X = TORNADO
MAX 32 OR BELOW:   0    0.01 INCH OR MORE:  10
MAX 90 OR ABOVE:   3    0.10 INCH OR MORE:   7
MIN 32 OR BELOW:   1    0.50 INCH OR MORE:   3
MIN  0 OR BELOW:   0    1.00 INCH OR MORE:   1

[HDD (BASE 65) ]
TOTAL THIS MO.   231    CLEAR  (SCALE 0-3)  14
DPTR FM NORMAL   -72    PTCLDY (SCALE 4-7)  13
TOTAL FM JUL 1  3681    CLOUDY (SCALE 8-10)  3
DPTR FM NORMAL  -995

[CDD (BASE 65) ]
TOTAL THIS MO.    32
DPTR FM NORMAL     3    [PRESSURE DATA]
TOTAL FM JAN 1    86    HIGHEST SLP 30.37 ON  8
DPTR FM NORMAL    52    LOWEST  SLP 29.49 ON 25

[REMARKS]
#FINAL-04-12#
