000
CXUS53 KLSX 011600
CF6SUS
PRELIMINARY LOCAL CLIMATOLOGICAL DATA (WS FORM: F-6)

                                          STATION:   SPIRIT OF ST LOUIS MO
                                          MONTH:     NOVEMBER
                                          YEAR:      2016
                                          LATITUDE:   38 39 N
                                          LONGITUDE:  90 38 W

  TEMPERATURE IN F:       :PCPN:    SNOW:  WIND      :SUNSHINE: SKY     :PK WND
================================================================================
1   2   3   4   5  6A  6B    7    8   9   10  11  12  13   14  15   16   17  18
                                     12Z  AVG MX 2MIN
DY MAX MIN AVG DEP HDD CDD  WTR  SNW DPTH SPD SPD DIR MIN PSBL S-S WX    SPD DR
================================================================================

 1  85  55  70  18   0   5 0.00  0.0    0  8.2 21 210   M    M   2        28 200
 2  83  57  70  18   0   5 1.18  0.0    0  5.9 22 350   M    M   5 13     26 350
 3  68  50  59   8   6   0 0.33  0.0    0  4.4 12  20   M    M   6 13     17 150
 4  68  43  56   5   9   0 0.00  0.0    0  2.2 12  70   M    M   0 1      14  80
 5  65  40  53   3  12   0 0.00  0.0    0  1.2  8  70   M    M   3 1      10  70
 6  65  35  50   0  15   0 0.00  0.0    0  2.9 14  90   M    M   1 12     18 100
 7  71  43  57   7   8   0 0.00  0.0    0  2.3 12 210   M    M   7        16 220
 8  61  44  53   4  12   0 0.16  0.0    0  2.8  9 260   M    M   8 1      12 230
 9  61  35  48  -1  17   0 0.00  0.0    0  2.0 13 340   M    M   0 1      15  10
10  65  32  49   1  16   0 0.00  0.0    0  4.4 14 250   M    M   1 12     19 240
11  63  41  52   4  13   0 0.00  0.0    0  8.4 17  50   M    M   1        23  20
12  55  30  43  -4  22   0 0.00  0.0    0  1.5 12  60   M    M   0        15  60
13  62  26  44  -3  21   0 0.00  0.0    0  2.3 12 260   M    M   0 12     15 280
14  69  31  50   4  15   0 0.00  0.0    0  2.9 13 260   M    M   2        17 240
15  65  36  51   5  14   0 0.00  0.0    0  2.4 12 300   M    M   1 1      14 280
16  72  37  55  10  10   0 0.00  0.0    0  2.9  7 190   M    M   0         9 130
17  83  48  66  21   0   1 0.00  0.0    0  8.5 22 210   M    M   2        31 220
18  69  43  56  12   9   0 0.02  0.0    0 14.9 32 290   M    M   5 3      40 290
19  48  32  40  -4  25   0 0.00  0.0    0 14.8 31 290   M    M   1        41 290
20  47  24  36  -7  29   0 0.00  0.0    0  2.3  7  90   M    M   1         8 310
21  51  26  39  -4  26   0 0.00  0.0    0  5.8 13 100   M    M   1        17 100
22  51  37  44   2  21   0 0.05  0.0    0  7.0 15 120   M    M   6        25 110
23  57  45  51   9  14   0 0.01  0.0    0  7.9 21 300   M    M  10 1      24 300
24  45  30  38  -3  27   0 0.00  0.0    0  4.3 17 320   M    M   8 18     21 310
25  47  29  38  -3  27   0 0.00  0.0    0  3.5 13 280   M    M   8 1      17 300
26  53  25  39  -1  26   0 0.00  0.0    0  3.3 13 200   M    M   2 128    17 190
27  51  37  44   4  21   0 0.05  0.0    0  6.5 17 170   M    M   9 1      23 160
28  55  46  51  11  14   0 0.25  0.0    0 11.1 22 150   M    M   7 13     31 170
29  62  40  51  12  14   0 0.00  0.0    0  5.3 16 230   M    M   2        24 240
30  44  28  36  -3  29   0 0.00  0.0    0  9.3 21 250   M    M   5        26 260
================================================================================
SM 1841 1125       472  11  2.05     0.0 161.2          M      104
================================================================================
AV 61.4 37.5                               5.4 FASTST   M    M   3    MAX(MPH)
                                 MISC ---->  # 32 290               # 41  290
================================================================================
NOTES:
# LAST OF SEVERAL OCCURRENCES

COLUMN 17 PEAK WIND IN M.P.H.

PRELIMINARY LOCAL CLIMATOLOGICAL DATA (WS FORM: F-6) , PAGE 2

                                          STATION:  SPIRIT OF ST LOUIS MO
                                          MONTH:    NOVEMBER
                                          YEAR:     2016
                                          LATITUDE:   38 39 N
                                          LONGITUDE:  90 38 W

[TEMPERATURE DATA]      [PRECIPITATION DATA]       SYMBOLS USED IN COLUMN 16

AVERAGE MONTHLY: 49.4   TOTAL FOR MONTH:   2.05    1 = FOG OR MIST
DPTR FM NORMAL:   3.9   DPTR FM NORMAL:   -1.76    2 = FOG REDUCING VISIBILITY
HIGHEST:    85 ON  1    GRTST 24HR  1.51 ON  2- 3      TO 1/4 MILE OR LESS
LOWEST:     24 ON 20                               3 = THUNDER
                        SNOW, ICE PELLETS, HAIL    4 = ICE PELLETS
                        TOTAL MONTH:   0.0 INCH    5 = HAIL
                        GRTST 24HR     0.0         6 = FREEZING RAIN OR DRIZZLE
                        GRTST DEPTH:   0           7 = DUSTSTORM OR SANDSTORM:
                                                       VSBY 1/2 MILE OR LESS
                                                   8 = SMOKE OR HAZE
[NO. OF DAYS WITH]      [WEATHER - DAYS WITH]      9 = BLOWING SNOW
                                                   X = TORNADO
MAX 32 OR BELOW:   0    0.01 INCH OR MORE:   8
MAX 90 OR ABOVE:   0    0.10 INCH OR MORE:   4
MIN 32 OR BELOW:  11    0.50 INCH OR MORE:   1
MIN  0 OR BELOW:   0    1.00 INCH OR MORE:   1

[HDD (BASE 65) ]
TOTAL THIS MO.   472    CLEAR  (SCALE 0-3)  18
DPTR FM NORMAL  -117    PTCLDY (SCALE 4-7)   9
TOTAL FM JUL 1   615    CLOUDY (SCALE 8-10)  3
DPTR FM NORMAL  -303

[CDD (BASE 65) ]
TOTAL THIS MO.    11
DPTR FM NORMAL     9    [PRESSURE DATA]
TOTAL FM JAN 1  1733    HIGHEST SLP 30.50 ON 12
DPTR FM NORMAL   372    LOWEST  SLP 29.22 ON 28

[REMARKS]
#FINAL-11-16#
