000
CXUS53 KLSX 011600
CF6SUS
PRELIMINARY LOCAL CLIMATOLOGICAL DATA (WS FORM: F-6)

                                          STATION:   SPIRIT OF ST LOUIS MO
                                          MONTH:     DECEMBER
                                          YEAR:      2016
                                          LATITUDE:   38 39 N
                                          LONGITUDE:  90 38 W

  TEMPERATURE IN F:       :PCPN:    SNOW:  WIND      :SUNSHINE: SKY     :PK WND
================================================================================
1   2   3   4   5  6A  6B    7    8   9   10  11  12  13   14  15   16   17  18
                                     12Z  AVG MX 2MIN
DY MAX MIN AVG DEP HDD CDD  WTR  SNW DPTH SPD SPD DIR MIN PSBL S-S WX    SPD DR
================================================================================

 1  46  25  36  -2  29   0 0.00  0.0    0  6.4 17 250   M    M   2        20 250
 2  50  23  37  -1  28   0 0.00  0.0    0  2.5 12 310   M    M   0        15 340
 3  44  25  35  -3  30   0 0.00  0.0    0  3.1 10 160   M    M   5 1      13 150
 4  41  30  36  -1  29   0 0.24  0.0    0  5.5 14 280   M    M   9 1      18 290
 5  47  26  37   0  28   0 0.00  0.0    0  3.8 12  90   M    M   6 12     17 120
 6  42  31  37   1  28   0    T  0.0    0  7.0 17 290   M    M   7 1      22 280
 7  39  26  33  -3  32   0 0.00  0.0    0  6.8 18 300   M    M   6        26 290
 8  31  20  26 -10  39   0 0.00  0.0    0 11.5 22 290   M    M   1        28 310
 9  32  14  23 -12  42   0 0.00  0.0    0  4.2 14 310   M    M   2        17 320
10  37  22  30  -5  35   0 0.00  0.0    0  4.4 15 150   M    M  10        22 160
11  48  37  43   8  22   0    T  0.0    0  7.3 20 300   M    M  10 1      23 290
12  40  28  34   0  31   0 0.00  0.0    0  6.6 20 290   M    M   7        24 290
13  37  17  27  -7  38   0 0.01    M    0  6.8 15 330   M    M   8 18     18 360
14  31  14  23 -11  42   0 0.00  0.0    0  5.2 20 330   M    M   4        27 320
15  20  14  17 -17  48   0 0.00  0.0    0  6.4 13 310   M    M   4        17 320
16  36  19  28  -5  37   0    T    M    0  6.9 14 130   M    M  10 168    21 150
17  40  14  27  -6  38   0 0.01    M    0 10.0 24 300   M    M  10 16     30 300
18  15   0   8 -25  57   0    T    M    M  9.2 24 300   M    M   2        32 300
19  24  -2  11 -22  54   0 0.00  0.0    M  1.7  8 170   M    M   0        11 140
20  44   6  25  -8  40   0 0.00  0.0    M  3.0 15 230   M    M   2        21 250
21  54  17  36   4  29   0 0.00  0.0    0  3.8 17 210   M    M   1        23 190
22  46  28  37   5  28   0 0.00  0.0    0  4.2 12 320   M    M   5        15 300
23  42  32  37   5  28   0 0.14    M    0  3.3 13 170   M    M  10 14     17 160
24  46  39  43  11  22   0 0.00  0.0    0  4.6 12 140   M    M  10 1      14 120
25  66  41  54  22  11   0 0.43  0.0    0  8.3 17 180   M    M  10 1      28 180
26  68  35  52  20  13   0 0.47  0.0    0  9.1 24 250   M    M   6 1      40 200
27  48  24  36   4  29   0 0.00  0.0    0  5.6 13 280   M    M   0        17 300
28  53  23  38   6  27   0 0.11  0.0    0  4.5 14 290   M    M   3 1      20 200
29  48  32  40   9  25   0 0.00  0.0    0 16.2 31 290   M    M   1        42 280
30  51  24  38   7  27   0 0.00  0.0    0  8.0 20 290   M    M   1        27 290
31  54  26  40   9  25   0 0.00  0.0    0 10.1 20 280   M    M   5        29 230
================================================================================
SM 1320  710       991   0  1.41     0.0 196.0          M      157
================================================================================
AV 42.6 22.9                               6.3 FASTST   M    M   5    MAX(MPH)
                                 MISC ---->  # 31 290               # 42  280
================================================================================
NOTES:
# LAST OF SEVERAL OCCURRENCES

COLUMN 17 PEAK WIND IN M.P.H.

PRELIMINARY LOCAL CLIMATOLOGICAL DATA (WS FORM: F-6) , PAGE 2

                                          STATION:  SPIRIT OF ST LOUIS MO
                                          MONTH:    DECEMBER
                                          YEAR:     2016
                                          LATITUDE:   38 39 N
                                          LONGITUDE:  90 38 W

[TEMPERATURE DATA]      [PRECIPITATION DATA]       SYMBOLS USED IN COLUMN 16

AVERAGE MONTHLY: 32.7   TOTAL FOR MONTH:   1.41    1 = FOG OR MIST
DPTR FM NORMAL:  -1.2   DPTR FM NORMAL:   -1.52    2 = FOG REDUCING VISIBILITY
HIGHEST:    68 ON 26    GRTST 24HR  0.83 ON 25-26      TO 1/4 MILE OR LESS
LOWEST:     -2 ON 19                               3 = THUNDER
                        SNOW, ICE PELLETS, HAIL    4 = ICE PELLETS
                        TOTAL MONTH:   0.0 INCH    5 = HAIL
                        GRTST 24HR     0.0         6 = FREEZING RAIN OR DRIZZLE
                        GRTST DEPTH:   0           7 = DUSTSTORM OR SANDSTORM:
                                                       VSBY 1/2 MILE OR LESS
                                                   8 = SMOKE OR HAZE
[NO. OF DAYS WITH]      [WEATHER - DAYS WITH]      9 = BLOWING SNOW
                                                   X = TORNADO
MAX 32 OR BELOW:   6    0.01 INCH OR MORE:   7
MAX 90 OR ABOVE:   0    0.10 INCH OR MORE:   5
MIN 32 OR BELOW:  27    0.50 INCH OR MORE:   0
MIN  0 OR BELOW:   2    1.00 INCH OR MORE:   0

[HDD (BASE 65) ]
TOTAL THIS MO.   991    CLEAR  (SCALE 0-3)  11
DPTR FM NORMAL    27    PTCLDY (SCALE 4-7)  12
TOTAL FM JUL 1  1606    CLOUDY (SCALE 8-10)  8
DPTR FM NORMAL  -276

[CDD (BASE 65) ]
TOTAL THIS MO.     0
DPTR FM NORMAL     0    [PRESSURE DATA]
TOTAL FM JAN 1  1733    HIGHEST SLP 30.88 ON 19
DPTR FM NORMAL   372    LOWEST  SLP 29.56 ON 17

[REMARKS]
#FINAL-12-16#
