000
CXUS53 KLSX 011600
CF6SUS
PRELIMINARY LOCAL CLIMATOLOGICAL DATA (WS FORM: F-6)

                                          STATION:   SPIRIT OF ST LOUIS MO
                                          MONTH:     OCTOBER
                                          YEAR:      2016
                                          LATITUDE:   38 39 N
                                          LONGITUDE:  90 38 W

  TEMPERATURE IN F:       :PCPN:    SNOW:  WIND      :SUNSHINE: SKY     :PK WND
================================================================================
1   2   3   4   5  6A  6B    7    8   9   10  11  12  13   14  15   16   17  18
                                     12Z  AVG MX 2MIN
DY MAX MIN AVG DEP HDD CDD  WTR  SNW DPTH SPD SPD DIR MIN PSBL S-S WX    SPD DR
================================================================================

 1  71  58  65   3   0   0    T  0.0    0  5.0 15 330   M    M  10 18     18 320
 2  71  54  63   1   2   0 0.02  0.0    0  1.5  9 230   M    M   9 1      12 220
 3  74  58  66   5   0   1 0.00  0.0    0  1.9  9  90   M    M   8 1      12 170
 4  82  59  71  10   0   6 0.00  0.0    0  5.3 14 150   M    M   2        19 130
 5  84  57  71  10   0   6 0.01  0.0    0  5.4 13 220   M    M   3 1      18 230
 6  83  65  74  14   0   9 0.00  0.0    0  3.6 14 210   M    M   4        20 210
 7  71  44  58  -2   7   0 0.00  0.0    0  8.1 22 300   M    M   3 1      28 320
 8  71  39  55  -5  10   0 0.00  0.0    0  2.5  8  80   M    M   0        11  40
 9  77  42  60   1   5   0 0.00  0.0    0  1.1  8 240   M    M   3 12     13 250
10  75  44  60   1   5   0 0.00  0.0    0  2.1 10 150   M    M   4 1      16 140
11  82  49  66   7   0   1 0.00  0.0    0  3.7 13 180   M    M   3 1      18 180
12  76  51  64   6   1   0 0.08  0.0    0  7.9 22 300   M    M   7 13     28 310
13  60  45  53  -5  12   0 0.00  0.0    0  4.2 12 360   M    M   6        14 360
14  69  46  58   0   7   0 0.00  0.0    0  4.0 10 200   M    M   5        16 210
15  81  62  72  14   0   7 0.00  0.0    0  8.1 20 210   M    M   7        26 220
16  86  69  78  21   0  13 0.00  0.0    0  8.3 16 230   M    M   5        23 230
17  89  70  80  23   0  15 0.00  0.0    0 11.3 26 200   M    M   3        39 200
18  84  64  74  17   0   9 0.00  0.0    0  7.5 18 210   M    M   4 1      28 210
19  68  57  63   7   2   0 1.67  0.0    0  6.6 17  20   M    M   9 13     23  20
20  62  48  55  -1  10   0 0.41  0.0    0 10.1 23 310   M    M   8 13     28 310
21  61  39  50  -6  15   0 0.00  0.0    0  4.2 12 310   M    M   0        14 310
22  69  36  53  -2  12   0 0.00  0.0    0  3.7 10 220   M    M   1 12     15 230
23  80  45  63   8   2   0 0.00  0.0    0  6.0 16 250   M    M   0        22 250
24  67  43  55   0  10   0 0.00  0.0    0  2.7 14  40   M    M   0 1      17  40
25  68  42  55   1  10   0 0.00  0.0    0  4.8 10 100   M    M   4 12     15 140
26  70  46  58   4   7   0 0.05  0.0    0  5.2 17 320   M    M   6        22 340
27  62  48  55   1  10   0 0.00  0.0    0  4.6 12 320   M    M   6 1      16 300
28  81  44  63  10   2   0 0.00  0.0    0  5.3 15 210   M    M   1 1      21 200
29  84  59  72  19   0   7 0.00  0.0    0  8.1 20 240   M    M   3        27 230
30  72  54  63  10   2   0 0.00  0.0    0  7.3 13  60   M    M   5 18     17 330
31  74  51  63  11   2   0 0.00  0.0    0  5.0 10 180   M    M   4 18     15 200
================================================================================
SM 2304 1588       133  74  2.24     0.0 165.1          M      133
================================================================================
AV 74.3 51.2                               5.3 FASTST   M    M   4    MAX(MPH)
                                 MISC ---->  # 26 200               # 39  200
================================================================================
NOTES:
# LAST OF SEVERAL OCCURRENCES

COLUMN 17 PEAK WIND IN M.P.H.

PRELIMINARY LOCAL CLIMATOLOGICAL DATA (WS FORM: F-6) , PAGE 2

                                          STATION:  SPIRIT OF ST LOUIS MO
                                          MONTH:    OCTOBER
                                          YEAR:     2016
                                          LATITUDE:   38 39 N
                                          LONGITUDE:  90 38 W

[TEMPERATURE DATA]      [PRECIPITATION DATA]       SYMBOLS USED IN COLUMN 16

AVERAGE MONTHLY: 62.8   TOTAL FOR MONTH:   2.24    1 = FOG OR MIST
DPTR FM NORMAL:   5.6   DPTR FM NORMAL:   -1.51    2 = FOG REDUCING VISIBILITY
HIGHEST:    89 ON 17    GRTST 24HR  2.05 ON 19-20      TO 1/4 MILE OR LESS
LOWEST:     36 ON 22                               3 = THUNDER
                        SNOW, ICE PELLETS, HAIL    4 = ICE PELLETS
                        TOTAL MONTH:   0.0 INCH    5 = HAIL
                        GRTST 24HR     0.0         6 = FREEZING RAIN OR DRIZZLE
                        GRTST DEPTH:   0           7 = DUSTSTORM OR SANDSTORM:
                                                       VSBY 1/2 MILE OR LESS
                                                   8 = SMOKE OR HAZE
[NO. OF DAYS WITH]      [WEATHER - DAYS WITH]      9 = BLOWING SNOW
                                                   X = TORNADO
MAX 32 OR BELOW:   0    0.01 INCH OR MORE:   6
MAX 90 OR ABOVE:   0    0.10 INCH OR MORE:   2
MIN 32 OR BELOW:   0    0.50 INCH OR MORE:   1
MIN  0 OR BELOW:   0    1.00 INCH OR MORE:   1

[HDD (BASE 65) ]
TOTAL THIS MO.   133    CLEAR  (SCALE 0-3)  12
DPTR FM NORMAL  -138    PTCLDY (SCALE 4-7)  16
TOTAL FM JUL 1   143    CLOUDY (SCALE 8-10)  3
DPTR FM NORMAL  -186

[CDD (BASE 65) ]
TOTAL THIS MO.    74
DPTR FM NORMAL    44    [PRESSURE DATA]
TOTAL FM JAN 1  1722    HIGHEST SLP 30.37 ON 24
DPTR FM NORMAL   363    LOWEST  SLP 29.52 ON 17

[REMARKS]
#FINAL-10-16#
