000
CXUS53 KLSX 011600
CF6SUS
PRELIMINARY LOCAL CLIMATOLOGICAL DATA (WS FORM: F-6)

                                          STATION:   SPIRIT OF ST LOUIS MO
                                          MONTH:     MARCH
                                          YEAR:      2016
                                          LATITUDE:   38 39 N
                                          LONGITUDE:  90 38 W

  TEMPERATURE IN F:       :PCPN:    SNOW:  WIND      :SUNSHINE: SKY     :PK WND
================================================================================
1   2   3   4   5  6A  6B    7    8   9   10  11  12  13   14  15   16   17  18
                                     12Z  AVG MX 2MIN
DY MAX MIN AVG DEP HDD CDD  WTR  SNW DPTH SPD SPD DIR MIN PSBL S-S WX    SPD DR
================================================================================

 1  56  26  41   1  24   0    T    M    0 12.0 29 300   M    M   6        41 300
 2  44  19  32  -8  33   0 0.00  0.0    0  3.2 15 140   M    M   5        21 140
 3  49  37  43   2  22   0 0.03  0.0    0  5.1 17 330   M    M  10 1      21 330
 4  45  36  41   0  24   0 0.00  0.0    0  4.4 12 140   M    M   8 18     16 140
 5  59  29  44   3  21   0 0.00  0.0    0  6.2 23 330   M    M   2 1      29 320
 6  65  24  45   3  20   0 0.04  0.0    0  5.5 16 180   M    M   4 13     24 180
 7  75  56  66  24   0   1 0.07  0.0    0  8.3 22 190   M    M   7 3      29 200
 8  73  60  67  25   0   2 0.15  0.0    0  8.2 21 210   M    M   5 1      31 200
 9  66  57  62  19   3   0 0.02  0.0    0  3.9 10 250   M    M   9 18     16 220
10  57  40  49   6  16   0 0.26  0.0    0  5.1 12  10   M    M   8 1      15  20
11  61  35  48   5  17   0    T  0.0    0  3.3 14  80   M    M   4 12     17  90
12  57  48  53   9  12   0 0.06  0.0    0  3.3  9  90   M    M   9 1      12  90
13  64  50  57  13   8   0 0.06  0.0    0  2.3 10 220   M    M   8 12     13 230
14  70  53  62  18   3   0    T  0.0    0  3.5 14 210   M    M   6 12     16 220
15  85  52  69  24   0   4 0.00  0.0    0 10.4 32 290   M    M   2        40 280
16  66  48  57  12   8   0 0.00  0.0    0 12.7 24 250   M    M   2        38 250
17  65  37  51   5  14   0 0.00  0.0    0  4.8 20 310   M    M   1        24 280
18  52  33  43  -3  22   0 0.05  0.0    0  4.8 15 360   M    M   7        20  20
19  50  32  41  -5  24   0    T  0.0    0  6.9 23 290   M    M   7        28 290
20  47  32  40  -7  25   0 0.13    M    M  7.7 17 300   M    M   9 12     21 320
21  60  28  44  -3  21   0 0.00  0.0    0  8.1 17 230   M    M   0        23 230
22  76  47  62  15   3   0 0.00  0.0    0 10.4 23 210   M    M   3        35 210
23  70  55  63  15   2   0 0.00  0.0    0  9.8 18 150   M    M   5        29 130
24  67  37  52   4  13   0 0.28  0.0    0 14.1 28 250   M    M   9 18     38 260
25  54  37  46  -2  19   0 0.00  0.0    0  6.0 14 130   M    M   4        20 130
26  65  36  51   2  14   0 0.00  0.0    0  6.0 16  90   M    M   1 1      21 170
27  60  38  49   0  16   0 0.19  0.0    0  7.3 24 290   M    M   5 1      31 290
28  63  30  47  -2  18   0 0.00  0.0    0  3.6 12 340   M    M   0 1      16 310
29  63  33  48  -2  17   0 0.00  0.0    0  6.4 18  90   M    M   1        26  90
30  69  48  59   9   6   0 1.32  0.0    0  6.9 17 170   M    M   8 1358   28 170
31  70  45  58   8   7   0 0.32  0.0    0 11.7 25 260   M    M   5 13     35 280
================================================================================
SM 1923 1238       432   7  2.98     0.0 211.9          M      160
================================================================================
AV 62.0 39.9                               6.8 FASTST   M    M   5    MAX(MPH)
                                 MISC ---->  # 32 290               # 41  300
================================================================================
NOTES:
# LAST OF SEVERAL OCCURRENCES

COLUMN 17 PEAK WIND IN M.P.H.

PRELIMINARY LOCAL CLIMATOLOGICAL DATA (WS FORM: F-6) , PAGE 2

                                          STATION:  SPIRIT OF ST LOUIS MO
                                          MONTH:    MARCH
                                          YEAR:     2016
                                          LATITUDE:   38 39 N
                                          LONGITUDE:  90 38 W

[TEMPERATURE DATA]      [PRECIPITATION DATA]       SYMBOLS USED IN COLUMN 16

AVERAGE MONTHLY: 51.0   TOTAL FOR MONTH:   2.98    1 = FOG OR MIST
DPTR FM NORMAL:   5.8   DPTR FM NORMAL:   -0.47    2 = FOG REDUCING VISIBILITY
HIGHEST:    85 ON 15    GRTST 24HR  1.63 ON 30-31      TO 1/4 MILE OR LESS
LOWEST:     19 ON  2                               3 = THUNDER
                        SNOW, ICE PELLETS, HAIL    4 = ICE PELLETS
                        TOTAL MONTH:   0.0 INCH    5 = HAIL
                        GRTST 24HR     0.0         6 = FREEZING RAIN OR DRIZZLE
                        GRTST DEPTH:   0           7 = DUSTSTORM OR SANDSTORM:
                                                       VSBY 1/2 MILE OR LESS
                                                   8 = SMOKE OR HAZE
[NO. OF DAYS WITH]      [WEATHER - DAYS WITH]      9 = BLOWING SNOW
                                                   X = TORNADO
MAX 32 OR BELOW:   0    0.01 INCH OR MORE:  14
MAX 90 OR ABOVE:   0    0.10 INCH OR MORE:   7
MIN 32 OR BELOW:   8    0.50 INCH OR MORE:   1
MIN  0 OR BELOW:   0    1.00 INCH OR MORE:   1

[HDD (BASE 65) ]
TOTAL THIS MO.   432    CLEAR  (SCALE 0-3)   9
DPTR FM NORMAL  -187    PTCLDY (SCALE 4-7)  16
TOTAL FM JUL 1  3575    CLOUDY (SCALE 8-10)  6
DPTR FM NORMAL  -798

[CDD (BASE 65) ]
TOTAL THIS MO.     7
DPTR FM NORMAL     2    [PRESSURE DATA]
TOTAL FM JAN 1     7    HIGHEST SLP 30.35 ON 11
DPTR FM NORMAL     2    LOWEST  SLP 29.37 ON 15

[REMARKS]
#FINAL-03-16#
