000
CXUS53 KLSX 011600
CF6SUS
PRELIMINARY LOCAL CLIMATOLOGICAL DATA (WS FORM: F-6)

                                          STATION:   SPIRIT OF ST LOUIS MO
                                          MONTH:     FEBRUARY
                                          YEAR:      2012
                                          LATITUDE:   38 39 N
                                          LONGITUDE:  90 38 W

  TEMPERATURE IN F:       :PCPN:    SNOW:  WIND      :SUNSHINE: SKY     :PK WND
================================================================================
1   2   3   4   5  6A  6B    7    8   9   10  11  12  13   14  15   16   17  18
                                     12Z  AVG MX 2MIN
DY MAX MIN AVG DEP HDD CDD  WTR  SNW DPTH SPD SPD DIR MIN PSBL S-S WX    SPD DR
================================================================================

 1  61  33  47  15  18   0 0.00  0.0    0  2.2 12 340   M    M   3 1      14 340
 2  64  27  46  14  19   0 0.00  0.0    0  1.3  8 140   M    M   1 1      13  80
 3  53  29  41   8  24   0 0.90  0.0    0  6.8 16 100   M    M   6 13     23  90
 4  48  43  46  13  19   0 0.22  0.0    0  6.2 23  90   M    M  10 1      31  70
 5  48  30  39   6  26   0 0.01  0.0    0  4.9 12 360   M    M   7 18     15  10
 6  47  27  37   4  28   0 0.00  0.0    0  3.8 15 250   M    M   4 12     18 250
 7  51  26  39   5  26   0 0.07    M    0  3.6 14  20   M    M   6 18     16 350
 8  36  32  34   0  31   0 0.01    M    M  4.7 12 340   M    M  10 18     14 350
 9  39  29  34   0  31   0 0.00  0.0    0  3.3 12 230   M    M   9        14 250
10  40  22  31  -3  34   0 0.02    T    0 11.0 24 320   M    M  10 18     30 320
11  30  16  23 -11  42   0 0.00  0.0    0 13.7 24 310   M    M   2        31 300
12  38  14  26  -9  39   0 0.00  0.0    0  6.0 14 330   M    M   1        18 320
13  33  23  28  -7  37   0    M    M    0  5.4 17 220   M    M   9 12     23 240
14  40  28  34  -1  31   0 0.00  0.0    M  4.4 12 240   M    M   8 1      16 230
15  47  29  38   2  27   0 0.20  0.0    0  3.2 17 130   M    M   9 1      23 130
16  50  29  40   4  25   0 0.14  0.0    0  5.8 15 320   M    M   7 18     21 320
17  58  25  42   6  23   0 0.00  0.0    0  2.9 16 210   M    M   2 1      22 210
18  46  31  39   3  26   0 0.00  0.0    0  6.5 13  60   M    M   2        16  60
19  44  25  35  -2  30   0 0.00  0.0    0  4.2 12  50   M    M   3        17  40
20  52  21  37   0  28   0 0.03  0.0    0  7.1 17 120   M    M   3        24 180
21  55  34  45   8  20   0 0.00  0.0    0 11.1 24 250   M    M   6        32 250
22  64  27  46   8  19   0 0.00  0.0    0  5.8 25 250   M    M   4        32 250
23  70  39  55  17  10   0 0.02    M    0  8.6 26 290   M    M   6        36 290
24  47  32  40   2  25   0    T    M    0 16.3 35 290   M    M   7        44 250
25  42  27  35  -4  30   0 0.00  0.0    0  8.5 24 300   M    M   1        32 300
26  65  28  47   8  18   0 0.00  0.0    0  8.7 25 210   M    M   0        38 200
27  52  36  44   5  21   0 0.00  0.0    0  6.4 18 320   M    M   4        23 320
28  62  31  47   7  18   0    T  0.0    0  6.9 20 170   M    M   6        28 180
29  67  47  57  17   8   0 0.24  0.0    0 17.6 39 260   M    M   2 3      52 260
================================================================================
SM 1449  840       733   0  1.86    T    196.9          M      148
================================================================================
AV 50.0 29.0                               6.8 FASTST   M    M   5    MAX(MPH)
                                 MISC ---->  # 39 260               # 52  260
================================================================================
NOTES:
# LAST OF SEVERAL OCCURRENCES

COLUMN 17 PEAK WIND IN M.P.H.

PRELIMINARY LOCAL CLIMATOLOGICAL DATA (WS FORM: F-6) , PAGE 2

                                          STATION:  SPIRIT OF ST LOUIS MO
                                          MONTH:    FEBRUARY
                                          YEAR:     2012
                                          LATITUDE:   38 39 N
                                          LONGITUDE:  90 38 W

[TEMPERATURE DATA]      [PRECIPITATION DATA]       SYMBOLS USED IN COLUMN 16

AVERAGE MONTHLY: 39.5   TOTAL FOR MONTH:   1.86    1 = FOG OR MIST
DPTR FM NORMAL:   3.9   DPTR FM NORMAL:   -0.14    2 = FOG REDUCING VISIBILITY
HIGHEST:    70 ON 23    GRTST 24HR  1.08 ON  3- 4      TO 1/4 MILE OR LESS
LOWEST:     14 ON 12                               3 = THUNDER
                        SNOW, ICE PELLETS, HAIL    4 = ICE PELLETS
                        TOTAL MONTH:    T          5 = HAIL
                        GRTST 24HR    T  ON 10-10  6 = FREEZING RAIN OR DRIZZLE
                        GRTST DEPTH:   0           7 = DUSTSTORM OR SANDSTORM:
                                                       VSBY 1/2 MILE OR LESS
                                                   8 = SMOKE OR HAZE
[NO. OF DAYS WITH]      [WEATHER - DAYS WITH]      9 = BLOWING SNOW
                                                   X = TORNADO
MAX 32 OR BELOW:   1    0.01 INCH OR MORE:  11
MAX 90 OR ABOVE:   0    0.10 INCH OR MORE:   5
MIN 32 OR BELOW:  23    0.50 INCH OR MORE:   1
MIN  0 OR BELOW:   0    1.00 INCH OR MORE:   0

[HDD (BASE 65) ]
TOTAL THIS MO.   733    CLEAR  (SCALE 0-3)  11
DPTR FM NORMAL   -90    PTCLDY (SCALE 4-7)  12
TOTAL FM JUL 1  3229    CLOUDY (SCALE 8-10)  6
DPTR FM NORMAL  -550

[CDD (BASE 65) ]
TOTAL THIS MO.     0
DPTR FM NORMAL     0    [PRESSURE DATA]
TOTAL FM JAN 1     0    HIGHEST SLP 30.63 ON 12
DPTR FM NORMAL     0    LOWEST  SLP 29.22 ON 23

[REMARKS]
#FINAL-02-12#
