000
CXUS53 KLSX 042000 RRA
CF6SUS

PRELIMINARY LOCAL CLIMATOLOGICAL DATA (WS FORM: F-6)

                                          STATION:   SPIRIT OF ST LOUIS MO
                                          MONTH:     SEPTEMBER
                                          YEAR:      2011
                                          LATITUDE:   38 39 N
                                          LONGITUDE:  90 38 W

  TEMPERATURE IN F:       :PCPN:    SNOW:  WIND      :SUNSHINE: SKY     :PK WND
================================================================================
1   2   3   4   5  6A  6B    7    8   9   10  11  12  13   14  15   16   17  18
                                     12Z  AVG MX 2MIN
DY MAX MIN AVG DEP HDD CDD  WTR  SNW DPTH SPD SPD DIR MIN PSBL S-S WX    SPD DR
================================================================================

 1 101  74  88  15   0  23 0.00  0.0    0  6.5 14 220   M    M   0        20 220
 2  99  70  85  12   0  20 0.00  0.0    0  3.7 14 230   M    M   1        20 280
 3  99  69  84  11   0  19 0.00  0.0    0  4.5 18 230   M    M   1 18     22 340
 4  80  64  72   0   0   7    T  0.0    0  7.7 16 360   M    M   5        21 360
 5  76  57  67  -5   0   2 0.00  0.0    0 11.1 21  10   M    M   2        29  40
 6  75  49  62 -10   3   0 0.00  0.0    0  7.0 17  40   M    M   0        23 360
 7  78  46  62  -9   3   0 0.00  0.0    0  5.4 17  30   M    M   1        24  40
 8  82  45  64  -7   1   0 0.00  0.0    0  6.0 17 330   M    M   3        25 320
 9  68  60  64  -7   1   0 0.20  0.0    0  4.5 16 320   M    M  10 1      20 320
10  75  59  67  -3   0   2 0.06  0.0    0  1.2  7 200   M    M   8 12      8 180
11  83  57  70   0   0   5 0.00  0.0    0  1.5  7 300   M    M   5 128    10 350
12  88  56  72   2   0   7 0.00  0.0    0  2.6 13 270   M    M   0 12     18 280
13  93  59  76   7   0  11 0.00  0.0    0  3.6 15 350   M    M   2 3      18 330
14  70  53  62  -7   3   0 1.00  0.0    0  7.8 18 360   M    M   8 13     25  10
15  64  41  53 -15  12   0 0.00  0.0    0  6.3 20  60   M    M   4        28  40
16  67  52  60  -8   5   0 0.01  0.0    0  3.1 12  40   M    M   9        13  40
17  67  56  62  -5   3   0    T  0.0    0  2.0  9 120   M    M   9        14 140
18  70  56  63  -4   2   0 0.55  0.0    0  3.3 15 160   M    M   7 13     21 140
19  72  52  62  -5   3   0 0.02  0.0    0  4.2 12 330   M    M   8 12     15 320
20  76  50  63  -3   2   0 0.00  0.0    0  1.2  9 310   M    M   5 128    24 300
21  78  53  66   0   0   1 0.01  0.0    0  4.8 15 310   M    M   3 1      20 310
22  61  49  55 -10  10   0 0.03  0.0    0  2.9 10 200   M    M   6 1      13 180
23  65  46  56  -9   9   0 0.01  0.0    0  1.0  7 280   M    M   7 1238   10 310
24  67  41  54 -11  11   0 0.00  0.0    0  1.7 12  20   M    M   4 12     14  10
25  68  39  54 -10  11   0 0.00  0.0    0  3.2 10 350   M    M   3 12     15  10
26  72  42  57  -7   8   0    T  0.0    0  9.4 24 250   M    M   3        36 230
27  73  50  62  -2   3   0 0.00  0.0    0  7.0 20 290   M    M   5 1      25 290
28  77  51  64   1   1   0 0.00  0.0    0  3.7 15 340   M    M   8        20 340
29  87  53  70   7   0   5 0.00  0.0    0  8.0 23 310   M    M   2 1      32 320
30  73  45  59  -3   6   0 0.00  0.0    0  8.6 21 300   M    M   0        26 310
================================================================================
SM 2304 1594        97 102  1.89     0.0 143.5          M      129
================================================================================
AV 76.8 53.1                               4.8 FASTST   M    M   4    MAX(MPH)
                                 MISC ---->  # 24 250               # 36  230
================================================================================
NOTES:
# LAST OF SEVERAL OCCURRENCES

COLUMN 17 PEAK WIND IN M.P.H.

PRELIMINARY LOCAL CLIMATOLOGICAL DATA (WS FORM: F-6) , PAGE 2

                                          STATION:  SPIRIT OF ST LOUIS MO
                                          MONTH:    SEPTEMBER
                                          YEAR:     2011
                                          LATITUDE:   38 39 N
                                          LONGITUDE:  90 38 W

[TEMPERATURE DATA]      [PRECIPITATION DATA]       SYMBOLS USED IN COLUMN 16

AVERAGE MONTHLY: 65.0   TOTAL FOR MONTH:   1.89    1 = FOG OR MIST
DPTR FM NORMAL:  -3.0   DPTR FM NORMAL:   -1.55    2 = FOG REDUCING VISIBILITY
HIGHEST:   101 ON  1    GRTST 24HR  1.00 ON 14-14      TO 1/4 MILE OR LESS
LOWEST:     39 ON 25                               3 = THUNDER
                        SNOW, ICE PELLETS, HAIL    4 = ICE PELLETS
                        TOTAL MONTH:   0.0 INCH    5 = HAIL
                        GRTST 24HR     0.0         6 = FREEZING RAIN OR DRIZZLE
                        GRTST DEPTH:   0           7 = DUSTSTORM OR SANDSTORM:
                                                       VSBY 1/2 MILE OR LESS
                                                   8 = SMOKE OR HAZE
[NO. OF DAYS WITH]      [WEATHER - DAYS WITH]      9 = BLOWING SNOW
                                                   X = TORNADO
MAX 32 OR BELOW:   0    0.01 INCH OR MORE:   9
MAX 90 OR ABOVE:   4    0.10 INCH OR MORE:   3
MIN 32 OR BELOW:   0    0.50 INCH OR MORE:   2
MIN  0 OR BELOW:   0    1.00 INCH OR MORE:   1

[HDD (BASE 65) ]
TOTAL THIS MO.    97    CLEAR  (SCALE 0-3)  14
DPTR FM NORMAL    41    PTCLDY (SCALE 4-7)  13
TOTAL FM JUL 1    97    CLOUDY (SCALE 8-10)  3
DPTR FM NORMAL    39

[CDD (BASE 65) ]
TOTAL THIS MO.   102
DPTR FM NORMAL   -44    [PRESSURE DATA]
TOTAL FM JAN 1  1647    HIGHEST SLP 30.37 ON 15
DPTR FM NORMAL   318    LOWEST  SLP 29.71 ON 27

[REMARKS]
#FINAL-09-11#
