000
CXUS53 KLSX 011600
CF6SUS
PRELIMINARY LOCAL CLIMATOLOGICAL DATA (WS FORM: F-6)

                                          STATION:   SPIRIT OF ST LOUIS MO
                                          MONTH:     NOVEMBER
                                          YEAR:      2011
                                          LATITUDE:   38 39 N
                                          LONGITUDE:  90 38 W

  TEMPERATURE IN F:       :PCPN:    SNOW:  WIND      :SUNSHINE: SKY     :PK WND
================================================================================
1   2   3   4   5  6A  6B    7    8   9   10  11  12  13   14  15   16   17  18
                                     12Z  AVG MX 2MIN
DY MAX MIN AVG DEP HDD CDD  WTR  SNW DPTH SPD SPD DIR MIN PSBL S-S WX    SPD DR
================================================================================

 1  75  34  55   3  10   0 0.00  0.0    0  3.9 17 160   M    M   0        23 190
 2  75  40  58   6   7   0 0.05  0.0    0  6.3 18 210   M    M   3 1      26 220
 3  56  46  51   0  14   0 0.33  0.0    0 11.6 23 330   M    M  10 1      32 330
 4  56  36  46  -5  19   0 0.00  0.0    0  3.8 12 330   M    M   5 12     16 360
 5  59  33  46  -4  19   0 0.00  0.0    0  5.1 16 190   M    M   2 128    23 190
 6  66  52  59   9   6   0 0.02  0.0    0  9.4 22 200   M    M   8        31 180
 7  64  54  59   9   6   0 0.78  0.0    0  2.6 10 170   M    M   9 1      16 140
 8  65  59  62  13   3   0 0.30  0.0    0  5.8 18 170   M    M   7 1      24 160
 9  62  37  50   1  15   0 0.02  0.0    0 15.2 33 250   M    M   6 1      43 260
10  49  26  38 -10  27   0 0.00  0.0    0 10.1 28 290   M    M   1        36 300
11  67  24  46  -2  19   0 0.00  0.0    0  7.2 17 210   M    M   2        24 230
12  64  36  50   3  15   0 0.00  0.0    0  9.4 23 210   M    M   5        33 200
13  78  54  66  19   0   1    T  0.0    0 11.9 26 230   M    M   4        38 230
14  77  54  66  20   0   1 0.00  0.0    0 11.2 33 250   M    M   7        41 250
15  64  46  55   9  10   0 0.00  0.0    0  5.3 17 340   M    M   4        22 330
16  52  32  42  -3  23   0 0.00  0.0    0  8.5 18  10   M    M   5        24 320
17  48  27  38  -7  27   0 0.00  0.0    0  5.7 15 240   M    M   2        21 280
18  57  35  46   2  19   0 0.00  0.0    0  9.7 22 200   M    M   3        35 200
19  63  50  57  13   8   0    T  0.0    0 10.0 20 200   M    M   8        31 190
20  61  38  50   7  15   0 0.04  0.0    0  5.7 17 340   M    M  10 18     21 340
21  47  42  45   2  20   0 0.00  0.0    0  4.3  8  40   M    M  10 138    10  40
22  49  45  47   5  18   0 0.78  0.0    0  9.1 17 330   M    M  10 13     24 320
23  46  43  45   3  20   0 0.00  0.0    0  5.0 17 320   M    M  10 1      22 320
24  62  43  53  12  12   0 0.00  0.0    0  5.8 12 180   M    M   5        17 180
25  68  41  55  14  10   0 0.00  0.0    0  8.7 18 210   M    M   1        25 170
26  65  41  53  13  12   0 0.18  0.0    0  9.6 30 330   M    M   9 1      39 320
27  41  36  39  -1  26   0    T  0.0    0 11.9 20 330   M    M  10 1      25 330
28  39  33  36  -4  29   0 0.03    M    0 10.7 20 320   M    M  10 18     26 330
29  43  30  37  -2  28   0 0.01  0.0    0 10.2 22 340   M    M   5        28 330
30  46  23  35  -4  30   0 0.00  0.0    0  3.5 12 160   M    M   1        18 160
================================================================================
SM 1764 1190       467   2  2.54     0.0 237.2          M      172
================================================================================
AV 58.8 39.7                               7.9 FASTST   M    M   6    MAX(MPH)
                                 MISC ---->  # 33 250               # 43  260
================================================================================
NOTES:
# LAST OF SEVERAL OCCURRENCES

COLUMN 17 PEAK WIND IN M.P.H.

PRELIMINARY LOCAL CLIMATOLOGICAL DATA (WS FORM: F-6) , PAGE 2

                                          STATION:  SPIRIT OF ST LOUIS MO
                                          MONTH:    NOVEMBER
                                          YEAR:     2011
                                          LATITUDE:   38 39 N
                                          LONGITUDE:  90 38 W

[TEMPERATURE DATA]      [PRECIPITATION DATA]       SYMBOLS USED IN COLUMN 16

AVERAGE MONTHLY: 49.2   TOTAL FOR MONTH:   2.54    1 = FOG OR MIST
DPTR FM NORMAL:   3.7   DPTR FM NORMAL:   -1.27    2 = FOG REDUCING VISIBILITY
HIGHEST:    78 ON 13    GRTST 24HR  0.80 ON  6- 7      TO 1/4 MILE OR LESS
LOWEST:     23 ON 30                               3 = THUNDER
                        SNOW, ICE PELLETS, HAIL    4 = ICE PELLETS
                        TOTAL MONTH:   0.0 INCH    5 = HAIL
                        GRTST 24HR     0.0         6 = FREEZING RAIN OR DRIZZLE
                        GRTST DEPTH:   0           7 = DUSTSTORM OR SANDSTORM:
                                                       VSBY 1/2 MILE OR LESS
                                                   8 = SMOKE OR HAZE
[NO. OF DAYS WITH]      [WEATHER - DAYS WITH]      9 = BLOWING SNOW
                                                   X = TORNADO
MAX 32 OR BELOW:   0    0.01 INCH OR MORE:  11
MAX 90 OR ABOVE:   0    0.10 INCH OR MORE:   5
MIN 32 OR BELOW:   6    0.50 INCH OR MORE:   2
MIN  0 OR BELOW:   0    1.00 INCH OR MORE:   0

[HDD (BASE 65) ]
TOTAL THIS MO.   467    CLEAR  (SCALE 0-3)   8
DPTR FM NORMAL  -122    PTCLDY (SCALE 4-7)  13
TOTAL FM JUL 1   805    CLOUDY (SCALE 8-10)  9
DPTR FM NORMAL  -113

[CDD (BASE 65) ]
TOTAL THIS MO.     2
DPTR FM NORMAL     0    [PRESSURE DATA]
TOTAL FM JAN 1  1655    HIGHEST SLP 30.39 ON 17
DPTR FM NORMAL   294    LOWEST  SLP 29.49 ON 13

[REMARKS]
#FINAL-11-11#
