000
CXUS53 KLSX 011600
CF6SUS
PRELIMINARY LOCAL CLIMATOLOGICAL DATA (WS FORM: F-6)

                                          STATION:   SPIRIT OF ST LOUIS MO
                                          MONTH:     JULY
                                          YEAR:      2011
                                          LATITUDE:   38 39 N
                                          LONGITUDE:  90 38 W

  TEMPERATURE IN F:       :PCPN:    SNOW:  WIND      :SUNSHINE: SKY     :PK WND
================================================================================
1   2   3   4   5  6A  6B    7    8   9   10  11  12  13   14  15   16   17  18
                                     12Z  AVG MX 2MIN
DY MAX MIN AVG DEP HDD CDD  WTR  SNW DPTH SPD SPD DIR MIN PSBL S-S WX    SPD DR
================================================================================

 1  94  74  84   M   0  19 0.00  0.0    0  4.9 13 230   M    M   1 18     15 220
 2  98  73  86   M   0  21 0.00  0.0    0  4.0 10 250   M    M   1 1      14 220
 3  92  70  81   M   0  16 0.78  0.0    0  5.6 30 230   M    M   7 13     41 240
 4  86  70  78   M   0  13 0.14  0.0    0  2.1 12  20   M    M   5 13     14  10
 5  89  69  79   M   0  14 0.00  0.0    0  3.1 10  60   M    M   3 128    13  60
 6  92  69  81   M   0  16 0.00  0.0    0  1.7 10  40   M    M   3 18     13  30
 7  86  70  78   M   0  13 1.94  0.0    0  3.9 25 290   M    M   7 123    29 290
 8  87  69  78   M   0  13 0.00  0.0    0  5.0 12  10   M    M   3 18     17  10
 9  89  66  78   M   0  13 0.00  0.0    0  3.4 12 130   M    M   2 128    15 160
10  97  71  84   M   0  19 0.00  0.0    0  4.3 13 170   M    M   1 18     16 140
11  97  80  89   M   0  24    T  0.0    0  4.6 14 250   M    M   1 1      17 240
12  99  76  88   M   0  23 0.01  0.0    0  3.6 28 360   M    M   2 13     37  10
13  89  75  82   M   0  17 0.07  0.0    0  5.7 14  40   M    M   5 18     18  60
14  89  70  80   M   0  15 0.00  0.0    0  4.8  9  90   M    M   3        14 150
15  89  71  80   M   0  15 0.00  0.0    0  2.6 12  40   M    M   2 1      14  70
16  92  70  81   M   0  16 0.00  0.0    0  1.8 10 170   M    M   2 18     14 150
17  94  73  84   M   0  19 0.00  0.0    0  2.8  9 180   M    M   1 18     13 230
18  94  75  85   M   0  20 0.00  0.0    0  3.5 12 250   M    M   2        16 280
19  97  77  87   M   0  22 0.00  0.0    0  4.8 13 240   M    M   0        17 240
20  97  76  87   M   0  22 0.00  0.0    0  3.5 13 230   M    M   2        16 230
21 100  77  89   M   0  24 0.00  0.0    0  4.1 12 240   M    M   1        14 240
22  99  78  89   M   0  24 0.00  0.0    0  4.5 12 200   M    M   2        16 200
23  98  78  88   M   0  23 0.00  0.0    0  4.4 12 200   M    M   1        16 190
24  93  73  83   M   0  18    T  0.0    0  4.4 20  50   M    M   4        24  40
25  95  70  83   M   0  18 0.00  0.0    0  1.3  8 350   M    M   2        12 310
26  97  73  85   M   0  20 0.00  0.0    0  3.5 10 190   M    M   2 1      16 200
27  98  72  85   M   0  20 0.00  0.0    0  5.3 15 170   M    M   1 1      20 170
28  99  77  88   M   0  23 0.00  0.0    0  7.4 13 200   M    M   1        21 170
29  97  75  86   M   0  21 0.00  0.0    0  4.2  9  10   M    M   4        13  20
30  86  75  81   M   0  16 0.09  0.0    0  1.8 23 330   M    M   5 138    29 330
31  96  74  85   M   0  20 0.00  0.0    0  1.7  9  60   M    M   3 18     12  60
================================================================================
SM 2905 2266         0 577  3.03     0.0 118.3          M       79
================================================================================
AV 93.7 73.1                               3.8 FASTST   M    M   3    MAX(MPH)
                                 MISC ---->  # 30 230               # 41  240
================================================================================
NOTES:
# LAST OF SEVERAL OCCURRENCES

COLUMN 17 PEAK WIND IN M.P.H.

PRELIMINARY LOCAL CLIMATOLOGICAL DATA (WS FORM: F-6) , PAGE 2

                                          STATION:  SPIRIT OF ST LOUIS MO
                                          MONTH:    JULY
                                          YEAR:     2011
                                          LATITUDE:   38 39 N
                                          LONGITUDE:  90 38 W

[TEMPERATURE DATA]      [PRECIPITATION DATA]       SYMBOLS USED IN COLUMN 16

AVERAGE MONTHLY: 83.4   TOTAL FOR MONTH:   3.03    1 = FOG OR MIST
DPTR FM NORMAL:     M   DPTR FM NORMAL:       M    2 = FOG REDUCING VISIBILITY
HIGHEST:   100 ON 21    GRTST 24HR  1.94 ON  7- 7      TO 1/4 MILE OR LESS
LOWEST:     66 ON  9                               3 = THUNDER
                        SNOW, ICE PELLETS, HAIL    4 = ICE PELLETS
                        TOTAL MONTH:   0.0 INCH    5 = HAIL
                        GRTST 24HR     0.0         6 = FREEZING RAIN OR DRIZZLE
                        GRTST DEPTH:   0           7 = DUSTSTORM OR SANDSTORM:
                                                       VSBY 1/2 MILE OR LESS
                                                   8 = SMOKE OR HAZE
[NO. OF DAYS WITH]      [WEATHER - DAYS WITH]      9 = BLOWING SNOW
                                                   X = TORNADO
MAX 32 OR BELOW:   0    0.01 INCH OR MORE:   6
MAX 90 OR ABOVE:  22    0.10 INCH OR MORE:   3
MIN 32 OR BELOW:   0    0.50 INCH OR MORE:   2
MIN  0 OR BELOW:   0    1.00 INCH OR MORE:   1

[HDD (BASE 65) ]
TOTAL THIS MO.     0    CLEAR  (SCALE 0-3)  19
DPTR FM NORMAL     M    PTCLDY (SCALE 4-7)  12
TOTAL FM JUL 1     0    CLOUDY (SCALE 8-10)  0
DPTR FM NORMAL     M

[CDD (BASE 65) ]
TOTAL THIS MO.   577
DPTR FM NORMAL     M    [PRESSURE DATA]
TOTAL FM JAN 1  1103    HIGHEST SLP 30.10 ON 17
DPTR FM NORMAL     M    LOWEST  SLP 29.75 ON  7

[REMARKS]
#FINAL-07-11#
