000
CXUS53 KLSX 011600
CF6SUS
PRELIMINARY LOCAL CLIMATOLOGICAL DATA (WS FORM: F-6)

                                          STATION:   SPIRIT OF ST LOUIS MO
                                          MONTH:     AUGUST
                                          YEAR:      2011
                                          LATITUDE:   38 39 N
                                          LONGITUDE:  90 38 W

  TEMPERATURE IN F:       :PCPN:    SNOW:  WIND      :SUNSHINE: SKY     :PK WND
================================================================================
1   2   3   4   5  6A  6B    7    8   9   10  11  12  13   14  15   16   17  18
                                     12Z  AVG MX 2MIN
DY MAX MIN AVG DEP HDD CDD  WTR  SNW DPTH SPD SPD DIR MIN PSBL S-S WX    SPD DR
================================================================================

 1 100  73  87   9   0  22 0.00  0.0    0  3.1 12  90   M    M   1 18     18  70
 2 102  73  88  10   0  23 0.00  0.0    0  4.6 13 220   M    M   1 18     17 220
 3  96  77  87   9   0  22 0.00  0.0    0  5.1 13  40   M    M   2 1      16  30
 4  88  72  80   2   0  15    T  0.0    0  2.7 12 150   M    M   5        17 150
 5  86  74  80   2   0  15 0.57  0.0    0  3.4 28 270   M    M   6 13     37 200
 6  95  74  85   7   0  20 0.00  0.0    0  5.0 13 210   M    M   6 12     16 200
 7  97  75  86   8   0  21    T  0.0    0  4.6 14 270   M    M   4 128    20 260
 8  88  71  80   2   0  15    T  0.0    0  6.5 20 250   M    M   3        26 230
 9  94  68  81   3   0  16 0.00  0.0    0  4.5 13 320   M    M   2        18 330
10  79  64  72  -6   0   7 0.07  0.0    0  3.1 15 310   M    M   3        20 310
11  85  60  73  -4   0   8    T  0.0    0  2.3 13  80   M    M   2 1      17  70
12  88  61  75  -2   0  10 0.34  0.0    0  3.0 14 200   M    M   4 13     20 190
13  90  67  79   2   0  14    T  0.0    0  5.1 17 260   M    M   4 3      23 260
14  85  63  74  -3   0   9 0.00  0.0    0  5.5 16  30   M    M   2        21  30
15  82  58  70  -7   0   5 0.00  0.0    0  0.5  6 210   M    M   5 12      8 290
16  81  57  69  -8   0   4 0.01  0.0    0  2.5 13 150   M    M   5 1      20 150
17  89  69  79   2   0  14 0.04  0.0    0  2.7  7 360   M    M   8 18     10  10
18  93  67  80   3   0  15 0.00  0.0    0  1.0  8  10   M    M   2 128    12 310
19  92  70  81   5   0  16 0.19  0.0    0  3.1 28 170   M    M   3 1      36 190
20  92  70  81   5   0  16 0.15  0.0    0  3.4 22 240   M    M   7 13     30 230
21  92  68  80   4   0  15 0.00  0.0    0  2.2 10 300   M    M   2 1      18 320
22  88  69  79   3   0  14    M  0.0    0  2.8 10 100   M    M   5 3      14 100
23  96  73  85   9   0  20 0.00  0.0    0  6.3 16 210   M    M   1        22 200
24  97  78  88  12   0  23 0.00  0.0    0 10.8 23 230   M    M   1        31 260
25  88  63  76   1   0  11 0.00  0.0    0  4.0 16  30   M    M   1        21  40
26  90  60  75   0   0  10 0.00  0.0    0  1.7  9  50   M    M   2        12  40
27  94  64  79   4   0  14 0.00  0.0    0  4.9 14  20   M    M   1        18  20
28  88  59  74  -1   0   9    T  0.0    0  3.7 13  60   M    M   2        17  60
29  87  62  75   1   0  10 0.00  0.0    0  2.8 12  50   M    M   2        16  20
30  90  60  75   1   0  10 0.00  0.0    0  5.5 14 110   M    M   4        22 130
31 100  67  84  10   0  19 0.00  0.0    0  5.6 18 230   M    M   1        25 230
================================================================================
SM 2812 2086         0 442  1.37     0.0 122.0          M       97
================================================================================
AV 90.7 67.3                               3.9 FASTST   M    M   3    MAX(MPH)
                                 MISC ---->  # 28 270               # 37  200
================================================================================
NOTES:
# LAST OF SEVERAL OCCURRENCES

COLUMN 17 PEAK WIND IN M.P.H.

PRELIMINARY LOCAL CLIMATOLOGICAL DATA (WS FORM: F-6) , PAGE 2

                                          STATION:  SPIRIT OF ST LOUIS MO
                                          MONTH:    AUGUST
                                          YEAR:     2011
                                          LATITUDE:   38 39 N
                                          LONGITUDE:  90 38 W

[TEMPERATURE DATA]      [PRECIPITATION DATA]       SYMBOLS USED IN COLUMN 16

AVERAGE MONTHLY: 79.0   TOTAL FOR MONTH:   1.37    1 = FOG OR MIST
DPTR FM NORMAL:   2.5   DPTR FM NORMAL:   -1.79    2 = FOG REDUCING VISIBILITY
HIGHEST:   102 ON  2    GRTST 24HR  0.58 ON  5- 6      TO 1/4 MILE OR LESS
LOWEST:     57 ON 16                               3 = THUNDER
                        SNOW, ICE PELLETS, HAIL    4 = ICE PELLETS
                        TOTAL MONTH:   0.0 INCH    5 = HAIL
                        GRTST 24HR     0.0         6 = FREEZING RAIN OR DRIZZLE
                        GRTST DEPTH:   0           7 = DUSTSTORM OR SANDSTORM:
                                                       VSBY 1/2 MILE OR LESS
                                                   8 = SMOKE OR HAZE
[NO. OF DAYS WITH]      [WEATHER - DAYS WITH]      9 = BLOWING SNOW
                                                   X = TORNADO
MAX 32 OR BELOW:   0    0.01 INCH OR MORE:   7
MAX 90 OR ABOVE:  17    0.10 INCH OR MORE:   4
MIN 32 OR BELOW:   0    0.50 INCH OR MORE:   1
MIN  0 OR BELOW:   0    1.00 INCH OR MORE:   0

[HDD (BASE 65) ]
TOTAL THIS MO.     0    CLEAR  (SCALE 0-3)  17
DPTR FM NORMAL    -2    PTCLDY (SCALE 4-7)  14
TOTAL FM JUL 1     0    CLOUDY (SCALE 8-10)  0
DPTR FM NORMAL    -2

[CDD (BASE 65) ]
TOTAL THIS MO.   442
DPTR FM NORMAL    83    [PRESSURE DATA]
TOTAL FM JAN 1  1545    HIGHEST SLP 30.07 ON 22
DPTR FM NORMAL   362    LOWEST  SLP 29.70 ON  8

[REMARKS]
#FINAL-08-11#
