000
CXUS53 KLSX 011400
CF6SUS
PRELIMINARY LOCAL CLIMATOLOGICAL DATA (WS FORM: F-6)
STATION: SPIRIT OF ST LOUIS MO
MONTH: APRIL
YEAR: 2021
LATITUDE: 38 39 N
LONGITUDE: 90 38 W
TEMPERATURE IN F: :PCPN: SNOW: WIND :SUNSHINE: SKY :PK WND
================================================================================
1 2 3 4 5 6A 6B 7 8 9 10 11 12 13 14 15 16 17 18
12Z AVG MX 2MIN
DY MAX MIN AVG DEP HDD CDD WTR SNW DPTH SPD SPD DIR MIN PSBL S-S WX SPD DR
================================================================================
1 48 27 38 -13 27 0 0.00 0.0 0 5.7 16 330 M M 0 24 320
2 58 23 41 -10 24 0 0.00 0.0 0 5.5 14 170 M M 0 23 90
3 75 37 56 4 9 0 0.00 0.0 0 7.0 21 240 M M 0 32 250
4 79 48 64 12 1 0 0.00 0.0 0 4.7 15 230 M M 0 20 210
5 82 48 65 13 0 0 0.00 0.0 0 6.9 20 230 M M 1 28 190
6 83 54 69 16 0 4 0.00 0.0 0 7.8 18 190 M M 2 8 27 210
7 74 54 64 11 1 0 1.14 0.0 0 8.6 28 230 M M 6 138 42 240
8 55 45 50 -3 15 0 0.08 0.0 0 7.8 22 230 M M 8 18 30 250
9 79 42 61 7 4 0 T 0.0 0 6.3 16 240 M M 3 12 25 220
10 62 49 56 2 9 0 1.07 0.0 0 13.9 30 250 M M 10 18 40 260
11 71 46 59 5 6 0 T 0.0 0 12.0 28 290 M M 3 41 300
12 68 41 55 0 10 0 0.00 0.0 0 6.2 17 330 M M 3 24 320
13 65 49 57 2 8 0 T 0.0 0 3.8 17 330 M M 6 23 330
14 63 46 55 0 10 0 0.00 0.0 0 7.5 20 320 M M 2 26 310
15 60 37 49 -7 16 0 0.00 0.0 0 5.8 15 330 M M 2 23 330
16 60 39 50 -6 15 0 0.05 0.0 0 3.0 10 20 M M 6 20 20
17 59 44 52 -4 13 0 0.03 0.0 0 5.9 12 270 M M 9 1 16 240
18 64 40 52 -5 13 0 0.00 0.0 0 4.8 20 290 M M 5 1 27 250
19 72 38 55 -2 10 0 0.00 0.0 0 10.0 21 360 M M 1 30 340
20 42 30 36 -21 29 0 0.28 M 0 6.9 18 330 M M 7 12 25 330
21 51 28 40 -18 25 0 T 0.0 0 5.9 25 280 M M 4 34 280
22 58 28 43 -15 22 0 0.00 0.0 0 3.4 12 240 M M 1 16 320
23 62 45 54 -4 11 0 0.03 0.0 0 6.3 14 170 M M 10 3 24 180
24 60 44 52 -7 13 0 0.98 0.0 0 4.5 14 330 M M 8 123 18 330
25 68 38 53 -6 12 0 0.00 0.0 0 5.0 13 110 M M 2 12 20 100
26 84 48 66 7 0 1 0.00 0.0 0 10.1 20 170 M M 0 33 180
27 84 65 75 15 0 10 0.00 M M 9.5 20 200 M M 0 8 30 200
28 72 67 70 10 0 5 0.66 M M 3.8 17 280 M M 8 138 23 280
29 74 53 64 4 1 0 0.18 0.0 0 8.1 23 300 M M 6 18 33 300
30 79 44 62 1 3 0 0.00 0.0 0 4.9 17 330 M M 0 25 330
================================================================================
SM 2011 1297 307 20 4.50 0.0 201.6 M 113
================================================================================
AV 67.0 43.2 6.7 FASTST M M 4 MAX(MPH)
MISC ----> 30 250 42 240
================================================================================
NOTES:
# LAST OF SEVERAL OCCURRENCES
COLUMN 17 PEAK WIND IN M.P.H.
PRELIMINARY LOCAL CLIMATOLOGICAL DATA (WS FORM: F-6) , PAGE 2
STATION: SPIRIT OF ST LOUIS MO
MONTH: APRIL
YEAR: 2021
LATITUDE: 38 39 N
LONGITUDE: 90 38 W
[TEMPERATURE DATA] [PRECIPITATION DATA] SYMBOLS USED IN COLUMN 16
AVERAGE MONTHLY: 55.1 TOTAL FOR MONTH: 4.50 1 = FOG OR MIST
DPTR FM NORMAL: -0.8 DPTR FM NORMAL: 0.36 2 = FOG REDUCING VISIBILITY
HIGHEST: 84 ON 27,26 GRTST 24HR 1.15 ON 7- 8 TO 1/4 MILE OR LESS
LOWEST: 23 ON 2 3 = THUNDER
SNOW, ICE PELLETS, HAIL 4 = ICE PELLETS
TOTAL MONTH: 0.0 INCH 5 = HAIL
GRTST 24HR 0.0 6 = FREEZING RAIN OR DRIZZLE
GRTST DEPTH: 0 7 = DUSTSTORM OR SANDSTORM:
VSBY 1/2 MILE OR LESS
8 = SMOKE OR HAZE
[NO. OF DAYS WITH] [WEATHER - DAYS WITH] 9 = BLOWING SNOW
X = TORNADO
MAX 32 OR BELOW: 0 0.01 INCH OR MORE: 10
MAX 90 OR ABOVE: 0 0.10 INCH OR MORE: 6
MIN 32 OR BELOW: 5 0.50 INCH OR MORE: 4
MIN 0 OR BELOW: 0 1.00 INCH OR MORE: 2
[HDD (BASE 65) ]
TOTAL THIS MO. 307 CLEAR (SCALE 0-3) 16
DPTR FM NORMAL 4 PTCLDY (SCALE 4-7) 10
TOTAL FM JUL 1 4579 CLOUDY (SCALE 8-10) 4
DPTR FM NORMAL -96
[CDD (BASE 65) ]
TOTAL THIS MO. 20
DPTR FM NORMAL -9 [PRESSURE DATA]
TOTAL FM JAN 1 20 HIGHEST SLP 30.61 ON 1
DPTR FM NORMAL -14 LOWEST SLP 29.40 ON 10
[REMARKS]
#FINAL-04-21#