000
CXUS53 KLSX 011600
CF6SUS
PRELIMINARY LOCAL CLIMATOLOGICAL DATA (WS FORM: F-6)

                                          STATION:   SPIRIT OF ST LOUIS MO
                                          MONTH:     APRIL
                                          YEAR:      2011
                                          LATITUDE:   38 39 N
                                          LONGITUDE:  90 38 W

  TEMPERATURE IN F:       :PCPN:    SNOW:  WIND      :SUNSHINE: SKY     :PK WND
================================================================================
1   2   3   4   5  6A  6B    7    8   9   10  11  12  13   14  15   16   17  18
                                     12Z  AVG MX 2MIN
DY MAX MIN AVG DEP HDD CDD  WTR  SNW DPTH SPD SPD DIR MIN PSBL S-S WX    SPD DR
================================================================================

 1  61  29  45   M  20   0 0.00  0.0    0  8.4 24 320   M    M   4 1      32 320
 2  69  34  52   M  13   0 0.00  0.0    0  7.1 21 320   M    M   2        28 320
 3  90  49  70   M   0   5 0.00  0.0    0 14.8 36 200   M    M   3        49 200
 4  77  42  60   M   5   0 0.28  0.0    0 15.2 32 320   M    M   8 13     43 310
 5  66  29  48   M  17   0 0.00  0.0    0  9.2 23 240   M    M   1        29 210
 6  78  47  63   M   2   0 0.00  0.0    0  8.0 25 240   M    M   2        35 240
 7  69  42  56   M   9   0 0.00  0.0    0  5.9 16  90   M    M   5        21  80
 8  77  58  68   M   0   3 0.02  0.0    0  5.0 12 350   M    M   6 18     15 200
 9  90  57  74   M   0   9 0.21  0.0    0  7.2 22 340   M    M   3 138    29 170
10  90  66  78   M   0  13 0.25  0.0    0 13.3 29 220   M    M   3 13     36 220
11  67  53  60   M   5   0 0.11  0.0    0  8.1 17 280   M    M   6 13     26 280
12  68  45  57   M   8   0 0.00  0.0    0  4.4 14 320   M    M   2        20  10
13  75  41  58   M   7   0 0.00  0.0    0  4.4 14  60   M    M   1        17  60
14  73  51  62   M   3   0 0.00  0.0    0 10.0 18  90   M    M   3        26  90
15  70  47  59   M   6   0 0.41  0.0    0 13.1 26 240   M    M   8 1      38  90
16  54  38  46   M  19   0    T  0.0    0 13.9 31 290   M    M   6 18     41 290
17  76  37  57   M   8   0 0.00  0.0    0  6.6 16 190   M    M   4        24 200
18  73  54  64   M   1   0    T  0.0    0  7.9 16  50   M    M   5        21  60
19  88  46  67   M   0   2 2.13  0.0    0 10.5 39 290   M    M   8 12358  53 250
20  56  41  49   M  16   0 0.00  0.0    0  8.9 20 300   M    M   8        26 280
21  61  40  51   M  14   0 0.17  0.0    0  7.8 15 120   M    M   4        22 130
22  77  52  65   M   0   0 0.64  0.0    0  6.2 25 320   M    M   7 13     30 320
23  65  53  59   M   6   0 0.54  0.0    0  3.4 14 240   M    M   8 123    20 260
24  58  52  55   M  10   0 0.32  0.0    0  4.8 13 290   M    M  10 1      18 110
25  64  56  60   M   5   0 0.45  0.0    0  4.8 21 270   M    M   9 1      26 280
26  69  55  62   M   3   0 0.04  0.0    0 10.4 25 220   M    M   7 18     32 220
27  57  44  51   M  14   0 0.41  0.0    0  6.8 26  90   M    M   9 13     35  90
28  68  46  57   M   8   0 0.02  0.0    0 11.7 28 260   M    M   3        38 260
29  73  42  58   M   7   0 0.00  0.0    0  5.7 16 110   M    M   1        24 120
30  79  55  67   M   0   2 0.00  0.0    0  8.4 22 240   M    M   6        29 230
================================================================================
SM 2138 1401       206  34  6.00     0.0 251.9          M      152
================================================================================
AV 71.3 46.7                               8.4 FASTST   M    M   5    MAX(MPH)
                                 MISC ---->  # 39 290               # 53  250
================================================================================
NOTES:
# LAST OF SEVERAL OCCURRENCES

COLUMN 17 PEAK WIND IN M.P.H.

PRELIMINARY LOCAL CLIMATOLOGICAL DATA (WS FORM: F-6) , PAGE 2

                                          STATION:  SPIRIT OF ST LOUIS MO
                                          MONTH:    APRIL
                                          YEAR:     2011
                                          LATITUDE:   38 39 N
                                          LONGITUDE:  90 38 W

[TEMPERATURE DATA]      [PRECIPITATION DATA]       SYMBOLS USED IN COLUMN 16

AVERAGE MONTHLY: 59.0   TOTAL FOR MONTH:   6.00    1 = FOG OR MIST
DPTR FM NORMAL:     M   DPTR FM NORMAL:       M    2 = FOG REDUCING VISIBILITY
HIGHEST:    90 ON 10, 9 GRTST 24HR  2.13 ON 19-19      TO 1/4 MILE OR LESS
LOWEST:     29 ON  5, 1                            3 = THUNDER
                        SNOW, ICE PELLETS, HAIL    4 = ICE PELLETS
                        TOTAL MONTH:   0.0 INCH    5 = HAIL
                        GRTST 24HR     0.0         6 = FREEZING RAIN OR DRIZZLE
                        GRTST DEPTH:   0           7 = DUSTSTORM OR SANDSTORM:
                                                       VSBY 1/2 MILE OR LESS
                                                   8 = SMOKE OR HAZE
[NO. OF DAYS WITH]      [WEATHER - DAYS WITH]      9 = BLOWING SNOW
                                                   X = TORNADO
MAX 32 OR BELOW:   0    0.01 INCH OR MORE:  15
MAX 90 OR ABOVE:   3    0.10 INCH OR MORE:  12
MIN 32 OR BELOW:   2    0.50 INCH OR MORE:   3
MIN  0 OR BELOW:   0    1.00 INCH OR MORE:   1

[HDD (BASE 65) ]
TOTAL THIS MO.   206    CLEAR  (SCALE 0-3)  10
DPTR FM NORMAL     M    PTCLDY (SCALE 4-7)  16
TOTAL FM JUL 1  4744    CLOUDY (SCALE 8-10)  4
DPTR FM NORMAL     M

[CDD (BASE 65) ]
TOTAL THIS MO.    34
DPTR FM NORMAL     M    [PRESSURE DATA]
TOTAL FM JAN 1    47    HIGHEST SLP 30.35 ON 21
DPTR FM NORMAL     M    LOWEST  SLP 29.28 ON  3

[REMARKS]
#FINAL-04-11#
