000
CXUS53 KLSX 011637
CF6SUS
PRELIMINARY LOCAL CLIMATOLOGICAL DATA (WS FORM: F-6)

                                          STATION:   SPIRIT OF ST LOUIS MO
                                          MONTH:     MARCH
                                          YEAR:      2011
                                          LATITUDE:   38 39 N
                                          LONGITUDE:  90 38 W

  TEMPERATURE IN F:       :PCPN:    SNOW:  WIND      :SUNSHINE: SKY     :PK WND
================================================================================
1   2   3   4   5  6A  6B    7    8   9   10  11  12  13   14  15   16   17  18
                                     12Z  AVG MX 2MIN
DY MAX MIN AVG DEP HDD CDD  WTR  SNW DPTH SPD SPD DIR MIN PSBL S-S WX    SPD DR
================================================================================

 1  62  23  43   M  22   0 0.00  0.0    0  2.9 14 180   M    M   1 18     20 170
 2  53  28  41   M  24   0 0.00  0.0    0  5.2 14  60   M    M   2        17  60
 3  64  28  46   M  19   0 0.00  0.0    0  5.9 14 130   M    M   4        20 130
 4  70  46  58   M   7   0 1.38  0.0    0  5.7 37 290   M    M   9 1238   71 300
 5  51  33  42   M  23   0 0.22  0.0    0 12.3 21 330   M    M  10 138    28 320
 6  44  32  38   M  27   0 0.00  0.0    0  5.8 14  60   M    M   7        17 120
 7  48  34  41   M  24   0 0.00  0.0    0  8.1 16  90   M    M   9 8      24 100
 8  48  40  44   M  21   0 0.55  0.0    0  6.9 15 110   M    M   9 1      20 110
 9  49  37  43   M  22   0    T  0.0    0 11.7 21 290   M    M   9 18     26 290
10  39  27  33   M  32   0    T  0.0    0 10.3 21 300   M    M   8 18     28 290
11  62  24  43   M  22   0 0.00  0.0    0  5.3 17 200   M    M   2 1      26 190
12  65  35  50   M  15   0 0.00  0.0    0  8.5 22 300   M    M   4        26 300
13  47  34  41   M  24   0 0.44    M    0  8.0 17  60   M    M   6 1      20  60
14  37  32  35   M  30   0 0.98    M    M  7.1 15  40   M    M  10 1      21  20
15  47  30  39   M  26   0 0.05  0.0    M  4.9 14 280   M    M   8 1      16 290
16  67  29  48   M  17   0 0.00  0.0    0  5.1 15 180   M    M   1 1      21 180
17  82  53  68   M   0   3 0.00  0.0    0  9.5 24 220   M    M   5        35 240
18  68  48  58   M   7   0 0.02  0.0    0  5.9 20 330   M    M   9        26 330
19  59  43  51   M  14   0 0.38  0.0    0  8.2 16 120   M    M   8 13     22 120
20  82  45  64   M   1   0    T  0.0    0  8.7 22 210   M    M   3        30 220
21  81  65  73   M   0   8 0.00  0.0    0  9.3 17 230   M    M   4        22 240
22  75  56  66   M   0   1 0.01  0.0    0  7.9 22 210   M    M   4        35 220
23  73  42  58   M   7   0 0.00  0.0    0 17.1 35 310   M    M   2        46 290
24  43  33  38   M  27   0    T    M    0  8.1 24 320   M    M  10 8      32 320
25  38  32  35   M  30   0 0.20    M    M  6.3 13  70   M    M  10 12     15  80
26  38  31  35   M  30   0 0.34    M    0 10.6 18  60   M    M  10 128    24  60
27  42  21  32   M  33   0 0.00  0.0    M  7.6 15  70   M    M   7 1      18  60
28  48  31  40   M  25   0    T    M    0  7.9 16  40   M    M   7        20  50
29  45  38  42   M  23   0 0.01    M    0  8.1 15  70   M    M  10        20  60
30  51  33  42   M  23   0 0.03    M    0  5.7 15 330   M    M   6 1      18 330
31  52  32  42   M  23   0 0.00  0.0    0  1.7  8 240   M    M   7 18     10 240
================================================================================
SM 1730 1115       598  12  4.61     0.0 236.3          M      201
================================================================================
AV 55.8 36.0                               7.6 FASTST   M    M   6    MAX(MPH)
                                 MISC ---->  # 37 290               # 71  300
================================================================================
NOTES:
# LAST OF SEVERAL OCCURRENCES

COLUMN 17 PEAK WIND IN M.P.H.

PRELIMINARY LOCAL CLIMATOLOGICAL DATA (WS FORM: F-6) , PAGE 2

                                          STATION:  SPIRIT OF ST LOUIS MO
                                          MONTH:    MARCH
                                          YEAR:     2011
                                          LATITUDE:   38 39 N
                                          LONGITUDE:  90 38 W

[TEMPERATURE DATA]      [PRECIPITATION DATA]       SYMBOLS USED IN COLUMN 16

AVERAGE MONTHLY: 45.9   TOTAL FOR MONTH:   4.61    1 = FOG OR MIST
DPTR FM NORMAL:     M   DPTR FM NORMAL:       M    2 = FOG REDUCING VISIBILITY
HIGHEST:    82 ON 20,17 GRTST 24HR  1.38 ON  4- 4      TO 1/4 MILE OR LESS
LOWEST:     21 ON 27                               3 = THUNDER
                        SNOW, ICE PELLETS, HAIL    4 = ICE PELLETS
                        TOTAL MONTH:   0.0 INCH    5 = HAIL
                        GRTST 24HR     0.0         6 = FREEZING RAIN OR DRIZZLE
                        GRTST DEPTH:   0           7 = DUSTSTORM OR SANDSTORM:
                                                       VSBY 1/2 MILE OR LESS
                                                   8 = SMOKE OR HAZE
[NO. OF DAYS WITH]      [WEATHER - DAYS WITH]      9 = BLOWING SNOW
                                                   X = TORNADO
MAX 32 OR BELOW:   0    0.01 INCH OR MORE:  13
MAX 90 OR ABOVE:   0    0.10 INCH OR MORE:   8
MIN 32 OR BELOW:  14    0.50 INCH OR MORE:   3
MIN  0 OR BELOW:   0    1.00 INCH OR MORE:   1

[HDD (BASE 65) ]
TOTAL THIS MO.   598    CLEAR  (SCALE 0-3)   6
DPTR FM NORMAL     M    PTCLDY (SCALE 4-7)  13
TOTAL FM JUL 1  4538    CLOUDY (SCALE 8-10) 12
DPTR FM NORMAL     M

[CDD (BASE 65) ]
TOTAL THIS MO.    12
DPTR FM NORMAL     M    [PRESSURE DATA]
TOTAL FM JAN 1    13    HIGHEST SLP 30.43 ON 19
DPTR FM NORMAL     M    LOWEST  SLP 29.45 ON 23

[REMARKS]
#FINAL-03-11#
