000
CXUS53 KLSX 222349
CF6SUS
PRELIMINARY LOCAL CLIMATOLOGICAL DATA (WS FORM: F-6)

                                          STATION:   SPIRIT OF ST LOUIS MO
                                          MONTH:     MAY
                                          YEAR:      2011
                                          LATITUDE:   38 39 N
                                          LONGITUDE:  90 38 W

  TEMPERATURE IN F:       :PCPN:    SNOW:  WIND      :SUNSHINE: SKY     :PK WND
================================================================================
1   2   3   4   5  6A  6B    7    8   9   10  11  12  13   14  15   16   17  18
                                     12Z  AVG MX 2MIN
DY MAX MIN AVG DEP HDD CDD  WTR  SNW DPTH SPD SPD DIR MIN PSBL S-S WX    SPD DR
================================================================================

 1  65  45  55   M  10   0 0.28  0.0    0  7.6 16  10   M    M   7 1      20  10
 2  56  44  50   M  15   0    T  0.0    0  2.9  8 360   M    M   9        12 360
 3  62  38  50   M  15   0 0.00  0.0    0  7.8 25 310   M    M   2        31 310
 4  62  33  48   M  17   0 0.00  0.0    0  3.1 10  90   M    M   2 1      14  70
 5  73  43  58   M   7   0 0.04  0.0    0  7.2 25 310   M    M   5 1      33 300
 6  72  47  60   M   5   0 0.00  0.0    0  5.1 14 250   M    M   4 1      21 260
 7  81  57  69   M   0   4 0.03  0.0    0  8.6 22 240   M    M   3        26 250
 8  83  52  68   M   0   3 0.00  0.0    0  4.9 14 120   M    M   2 12     20  80
 9  87  66  77   M   0  12    T  0.0    0  8.0 31 170   M    M   3 18     43 170
10  84  64  74   M   0   9 0.01  0.0    0  4.3 20 200   M    M   5 138    28 220
11  90  64  77   M   0  12 0.00  0.0    0  4.4 13 190   M    M   4 18     18 210
12  87  62  75   M   0  10 0.01  0.0    0  7.0 32 240   M    M   4 3      44 240
13  72  58  65   M   0   0 0.22  0.0    0  7.8 23 250   M    M   7 13     31 250
14  58  50  54   M  11   0 0.24  0.0    0 12.6 21 310   M    M  10 1      29 310
15  55  46  51   M  14   0 0.25  0.0    0 10.8 20  20   M    M  10 1      26  20
16  64  42  53   M  12   0 0.00  0.0    0  6.5 16  20   M    M   3        23 320
17  65  36  51   M  14   0 0.00  0.0    0  4.1 14  40   M    M   3 1      18  30
18  72  43  58   M   7   0 0.07  0.0    0  2.4  9 190   M    M   5        17  20
19  62  56  59   M   6   0 0.24  0.0    0  4.0 13  80   M    M   8 1      15  90
20  78  56  67   M   0   2 0.01  0.0    0  5.2 23 200   M    M   5 1      43 210
21  84  63  74   M   0   9 0.02  0.0    0  6.9 16 210   M    M   3        24 190
22  86  63  75   M   0  10 0.26  0.0    0  9.0 24 210   M    M   4 13     35 220
23  80  60  70   M   0   5 0.34  0.0    0  6.8 41 240   M    M   4 13     51 240
24  84  57  71   M   0   6 0.00  0.0    0  3.9 13 130   M    M   3        17 150
25  84  62  73   M   0   8 1.06  0.0    0  6.5 38 280   M    M   6 13     48 280
26  62  50  56   M   9   0 0.03  0.0    0  8.0 24 320   M    M   9 1      31 320
27  71  45  58   M   7   0    T  0.0    0  3.6 14  90   M    M   7 1      20 100
28  75  58  67   M   0   2 0.01  0.0    0  4.0 12 130   M    M  10 18     14 110
29  92  64  78   M   0  13 0.00  0.0    0  8.3 20 180   M    M   4 12     26 230
30  91  73  82   M   0  17 0.00  0.0    0  7.2 21 210   M    M   2        29 210
31  87  70  79   M   0  14 0.00  0.0    0  6.7 17 220   M    M   6         M 999
================================================================================
SM 2324 1667       149 136  3.12     0.0 195.2          M      159
================================================================================
AV 75.0 53.8                               6.3 FASTST   M    M   5    MAX(MPH)
                                 MISC ---->  # 41 240               # 51  240
================================================================================
NOTES:
# LAST OF SEVERAL OCCURRENCES

COLUMN 17 PEAK WIND IN M.P.H.

PRELIMINARY LOCAL CLIMATOLOGICAL DATA (WS FORM: F-6) , PAGE 2

                                          STATION:  SPIRIT OF ST LOUIS MO
                                          MONTH:    MAY
                                          YEAR:     2011
                                          LATITUDE:   38 39 N
                                          LONGITUDE:  90 38 W

[TEMPERATURE DATA]      [PRECIPITATION DATA]       SYMBOLS USED IN COLUMN 16

AVERAGE MONTHLY: 64.4   TOTAL FOR MONTH:   3.12    1 = FOG OR MIST
DPTR FM NORMAL:     M   DPTR FM NORMAL:       M    2 = FOG REDUCING VISIBILITY
HIGHEST:    92 ON 29    GRTST 24HR  1.06 ON 24-25      TO 1/4 MILE OR LESS
LOWEST:     33 ON  4                               3 = THUNDER
                        SNOW, ICE PELLETS, HAIL    4 = ICE PELLETS
                        TOTAL MONTH:   0.0 INCH    5 = HAIL
                        GRTST 24HR     0.0         6 = FREEZING RAIN OR DRIZZLE
                        GRTST DEPTH:   0           7 = DUSTSTORM OR SANDSTORM:
                                                       VSBY 1/2 MILE OR LESS
                                                   8 = SMOKE OR HAZE
[NO. OF DAYS WITH]      [WEATHER - DAYS WITH]      9 = BLOWING SNOW
                                                   X = TORNADO
MAX 32 OR BELOW:   0    0.01 INCH OR MORE:  17
MAX 90 OR ABOVE:   3    0.10 INCH OR MORE:   8
MIN 32 OR BELOW:   0    0.50 INCH OR MORE:   1
MIN  0 OR BELOW:   0    1.00 INCH OR MORE:   1

[HDD (BASE 65) ]
TOTAL THIS MO.   149    CLEAR  (SCALE 0-3)   8
DPTR FM NORMAL     M    PTCLDY (SCALE 4-7)  17
TOTAL FM JUL 1  4893    CLOUDY (SCALE 8-10)  6
DPTR FM NORMAL     M

[CDD (BASE 65) ]
TOTAL THIS MO.   136
DPTR FM NORMAL     M    [PRESSURE DATA]
TOTAL FM JAN 1   183    HIGHEST SLP 30.45 ON  4
DPTR FM NORMAL     M    LOWEST  SLP 29.38 ON 25

[REMARKS]
#FINAL-05-11#
