000
CXUS53 KLSX 012223
CF6SUS
PRELIMINARY LOCAL CLIMATOLOGICAL DATA (WS FORM: F-6)

                                          STATION:   SPIRIT OF ST LOUIS MO
                                          MONTH:     FEBRUARY
                                          YEAR:      2011
                                          LATITUDE:   38 39 N
                                          LONGITUDE:  90 38 W

  TEMPERATURE IN F:       :PCPN:    SNOW:  WIND      :SUNSHINE: SKY     :PK WND
================================================================================
1   2   3   4   5  6A  6B    7    8   9   10  11  12  13   14  15   16   17  18
                                     12Z  AVG MX 2MIN
DY MAX MIN AVG DEP HDD CDD  WTR  SNW DPTH SPD SPD DIR MIN PSBL S-S WX    SPD DR
================================================================================

 1  31  20  26   M  39   0 0.80    M    M 13.1 25 300   M    M  10 124    33 290
 2  21  10  16   M  49   0    T    M    M 13.2 26 300   M    M   8 18     38 310
 3  22   0  11   M  54   0 0.00  0.0    M  2.0  8 250   M    M   1         9 250
 4  29   4  17   M  48   0 0.00  0.0    M  0.6  8 320   M    M   6        10 220
 5  39  23  31   M  34   0 0.12    M    M  6.0 12 190   M    M   6 1      20 200
 6  39  30  35   M  30   0 0.00  0.0    M  7.5 16 330   M    M  10 18     18 330
 7  32  23  28   M  37   0    T    T    M 11.1 21 320   M    M  10 18     25 310
 8  23  10  17   M  48   0 0.00  0.0    M  8.5 17 310   M    M   6        21 310
 9  21   9  15   M  50   0    T    M    M  5.1 10 300   M    M   7 8      14 310
10  32   2  17   M  48   0 0.00  0.0    M  8.3 17 240   M    M   2 8      23 240
11  42  19  31   M  34   0 0.00  0.0    M 11.3 20 240   M    M   3        24 240
12  53  29  41   M  24   0 0.00  0.0    M 10.9 18 220   M    M   2        25 230
13  64  40  52   M  13   0 0.00  0.0    0 12.2 23 240   M    M   1        28 250
14  51  28  40   M  25   0 0.00  0.0    0  8.1 20 310   M    M   1        25 290
15  56  28  42   M  23   0 0.00  0.0    0  7.2 16 170   M    M   4        23 180
16  74  33  54   M  11   0 0.00  0.0    0  5.0 23 210   M    M   3        35 210
17  75  57  66   M   0   1 0.00  0.0    0 12.7 28 210   M    M   3        40 220
18  64  32  48   M  17   0 0.00  0.0    0  3.5 13 360   M    M   2        17 360
19  52  30  41   M  24   0 0.01  0.0    0  5.2 13 130   M    M   8        20 100
20  73  46  60   M   5   0 0.00  0.0    0 10.9 26 210   M    M   7        36 210
21  63  31  47   M  18   0 0.42  0.0    0  9.2 22 310   M    M   9 1      26 310
22  38  25  32   M  33   0 0.00  0.0    0  7.2 14 290   M    M   3        18 300
23  45  28  37   M  28   0 0.05    M    0  6.0 16 140   M    M   7        22 130
24  41  33  37   M  28   0 0.86    M    0  9.7 23  60   M    M   9 18     30  60
25  34  32  33   M  32   0    T    M    M  5.8 20 350   M    M  10 18     28 340
26  43  32  38   M  27   0 0.00  0.0    M  3.5 10 160   M    M  10 18     14 160
27  68  34  51   M  14   0 0.27  0.0    0  7.0 55 290   M    M   9 18     68 290
28  46  27  37   M  28   0 0.18  0.0    0  8.8 21 340   M    M   4 138    29 340
================================================================================
SM 1271  715       821   1  2.71    T    219.6          M      161
================================================================================
AV 45.4 25.5                               7.8 FASTST   M    M   6    MAX(MPH)
                                 MISC ---->  # 55 290               # 68  290
================================================================================
NOTES:
# LAST OF SEVERAL OCCURRENCES

COLUMN 17 PEAK WIND IN M.P.H.

PRELIMINARY LOCAL CLIMATOLOGICAL DATA (WS FORM: F-6) , PAGE 2

                                          STATION:  SPIRIT OF ST LOUIS MO
                                          MONTH:    FEBRUARY
                                          YEAR:     2011
                                          LATITUDE:   38 39 N
                                          LONGITUDE:  90 38 W

[TEMPERATURE DATA]      [PRECIPITATION DATA]       SYMBOLS USED IN COLUMN 16

AVERAGE MONTHLY: 35.5   TOTAL FOR MONTH:   2.71    1 = FOG OR MIST
DPTR FM NORMAL:     M   DPTR FM NORMAL:       M    2 = FOG REDUCING VISIBILITY
HIGHEST:    75 ON 17    GRTST 24HR  0.86 ON 24-24      TO 1/4 MILE OR LESS
LOWEST:      0 ON  3                               3 = THUNDER
                        SNOW, ICE PELLETS, HAIL    4 = ICE PELLETS
                        TOTAL MONTH:    T          5 = HAIL
                        GRTST 24HR    T  ON  7- 7  6 = FREEZING RAIN OR DRIZZLE
                        GRTST DEPTH:   0           7 = DUSTSTORM OR SANDSTORM:
                                                       VSBY 1/2 MILE OR LESS
                                                   8 = SMOKE OR HAZE
[NO. OF DAYS WITH]      [WEATHER - DAYS WITH]      9 = BLOWING SNOW
                                                   X = TORNADO
MAX 32 OR BELOW:   8    0.01 INCH OR MORE:   8
MAX 90 OR ABOVE:   0    0.10 INCH OR MORE:   6
MIN 32 OR BELOW:  22    0.50 INCH OR MORE:   2
MIN  0 OR BELOW:   1    1.00 INCH OR MORE:   0

[HDD (BASE 65) ]
TOTAL THIS MO.   821    CLEAR  (SCALE 0-3)   9
DPTR FM NORMAL     M    PTCLDY (SCALE 4-7)  10
TOTAL FM JUL 1  3940    CLOUDY (SCALE 8-10)  9
DPTR FM NORMAL     M

[CDD (BASE 65) ]
TOTAL THIS MO.     1
DPTR FM NORMAL     M    [PRESSURE DATA]
TOTAL FM JAN 1     1    HIGHEST SLP 30.66 ON  3
DPTR FM NORMAL     M    LOWEST  SLP 29.43 ON 27

[REMARKS]
#FINAL-02-11#
