000
CXUS53 KLSX 011600
CF6SUS
PRELIMINARY LOCAL CLIMATOLOGICAL DATA (WS FORM: F-6)

                                          STATION:   SPIRIT OF ST LOUIS MO
                                          MONTH:     FEBRUARY
                                          YEAR:      2015
                                          LATITUDE:   38 39 N
                                          LONGITUDE:  90 38 W

  TEMPERATURE IN F:       :PCPN:    SNOW:  WIND      :SUNSHINE: SKY     :PK WND
================================================================================
1   2   3   4   5  6A  6B    7    8   9   10  11  12  13   14  15   16   17  18
                                     12Z  AVG MX 2MIN
DY MAX MIN AVG DEP HDD CDD  WTR  SNW DPTH SPD SPD DIR MIN PSBL S-S WX    SPD DR
================================================================================

 1  41  21  31  -1  34   0 0.53    M    0  8.8 25 330   M    M  10 1      36 310
 2  27  17  22 -10  43   0    T    M    0  8.5 24 320   M    M   6        31 330
 3  49  20  35   2  30   0 0.00  0.0    0  5.3 14 210   M    M   2        20 210
 4  39  16  28  -5  37   0    M    M    0  9.5 18 350   M    M   6 168    23 330
 5  29   4  17 -16  48   0 0.00  0.0    M  2.6 13 340   M    M   0        20 330
 6  56  15  36   3  29   0 0.00  0.0    0  4.2 16 200   M    M   2        21 210
 7  70  28  49  15  16   0 0.00  0.0    0  8.8 20 210   M    M   1        26 180
 8  67  41  54  20  11   0    T  0.0    0 11.3 18 230   M    M   3 8      25 220
 9  41  30  36   2  29   0 0.00  0.0    0  9.2 15 340   M    M  10 18     20 330
10  42  27  35   1  30   0 0.00  0.0    0  4.3 10 160   M    M   6        14 160
11  42  25  34   0  31   0 0.00  0.0    0  8.1 21 300   M    M   6        28 300
12  29  12  21 -14  44   0    T    M    M 10.1 30 330   M    M   5        37 330
13  42  19  31  -4  34   0 0.00  0.0    0  3.6 12 250   M    M   5        15 240
14  38  12  25 -10  40   0 0.00  0.0    0 11.8 28 320   M    M   5        37 320
15  20  10  15 -21  50   0 0.03    M    0  8.8 15  50   M    M   8 1      17  70
16  21   2  12 -24  53   0    M    M    M  7.0 14  40   M    M   7 18     16 330
17  34   3  19 -17  46   0    T    M    M  5.8 24 320   M    M   9 18     31 310
18  22   6  14 -22  51   0    T    M    M 13.3 26 280   M    M   2        33 280
19  18   1  10 -27  55   0 0.00  0.0    M  5.3 10 350   M    M   3        13 340
20  27  13  20 -17  45   0 0.09    M    M  7.7 16 180   M    M   9 146    23 150
21  43  26  35  -2  30   0 0.02    M    M  2.8 13 320   M    M   9 146    15 320
22  35  13  24 -14  41   0 0.00  0.0    M 11.5 18 340   M    M   7        23 330
23  19   6  13 -25  52   0 0.00  0.0    M  5.9 15 340   M    M   2        21 340
24  43   6  25 -13  40   0 0.00  0.0    0  6.9 21 230   M    M   1        28 250
25  46  18  32  -7  33   0 0.00  0.0    0  3.6 15  50   M    M   4        20  40
26  34   9  22 -17  43   0    M    M    M 12.3 20 340   M    M   7 1      25 330
27  21   2  12 -27  53   0 0.00  0.0    M  6.5 13 340   M    M   4        20 320
28  27  15  21 -19  44   0 0.22    M    M  4.6 12 100   M    M  10 18     15 140
================================================================================
SM 1022  417      1092   0  0.89     0.0 208.1          M      149
================================================================================
AV 36.5 14.9                               7.4 FASTST   M    M   5    MAX(MPH)
                                 MISC ---->  # 30 330               # 37  330
================================================================================
NOTES:
# LAST OF SEVERAL OCCURRENCES

COLUMN 17 PEAK WIND IN M.P.H.

PRELIMINARY LOCAL CLIMATOLOGICAL DATA (WS FORM: F-6) , PAGE 2

                                          STATION:  SPIRIT OF ST LOUIS MO
                                          MONTH:    FEBRUARY
                                          YEAR:     2015
                                          LATITUDE:   38 39 N
                                          LONGITUDE:  90 38 W

[TEMPERATURE DATA]      [PRECIPITATION DATA]       SYMBOLS USED IN COLUMN 16

AVERAGE MONTHLY: 25.7   TOTAL FOR MONTH:   0.89    1 = FOG OR MIST
DPTR FM NORMAL:  -9.9   DPTR FM NORMAL:   -1.11    2 = FOG REDUCING VISIBILITY
HIGHEST:    70 ON  7    GRTST 24HR  0.53 ON 31- 1      TO 1/4 MILE OR LESS
LOWEST:      1 ON 19                               3 = THUNDER
                        SNOW, ICE PELLETS, HAIL    4 = ICE PELLETS
                        TOTAL MONTH:   0.0 INCH    5 = HAIL
                        GRTST 24HR     0.0         6 = FREEZING RAIN OR DRIZZLE
                        GRTST DEPTH:   0           7 = DUSTSTORM OR SANDSTORM:
                                                       VSBY 1/2 MILE OR LESS
                                                   8 = SMOKE OR HAZE
[NO. OF DAYS WITH]      [WEATHER - DAYS WITH]      9 = BLOWING SNOW
                                                   X = TORNADO
MAX 32 OR BELOW:  11    0.01 INCH OR MORE:   5
MAX 90 OR ABOVE:   0    0.10 INCH OR MORE:   2
MIN 32 OR BELOW:  27    0.50 INCH OR MORE:   1
MIN  0 OR BELOW:   0    1.00 INCH OR MORE:   0

[HDD (BASE 65) ]
TOTAL THIS MO.  1092    CLEAR  (SCALE 0-3)   8
DPTR FM NORMAL   269    PTCLDY (SCALE 4-7)  13
TOTAL FM JUL 1  4052    CLOUDY (SCALE 8-10)  7
DPTR FM NORMAL   298

[CDD (BASE 65) ]
TOTAL THIS MO.     0
DPTR FM NORMAL     0    [PRESSURE DATA]
TOTAL FM JAN 1     0    HIGHEST SLP 30.84 ON 23
DPTR FM NORMAL     0    LOWEST  SLP 29.65 ON  1

[REMARKS]
#FINAL-02-15#
