000
CXUS53 KLSX 011600
CF6SUS
PRELIMINARY LOCAL CLIMATOLOGICAL DATA (WS FORM: F-6)

                                          STATION:   SPIRIT OF ST LOUIS MO
                                          MONTH:     APRIL
                                          YEAR:      2014
                                          LATITUDE:   38 39 N
                                          LONGITUDE:  90 38 W

  TEMPERATURE IN F:       :PCPN:    SNOW:  WIND      :SUNSHINE: SKY     :PK WND
================================================================================
1   2   3   4   5  6A  6B    7    8   9   10  11  12  13   14  15   16   17  18
                                     12Z  AVG MX 2MIN
DY MAX MIN AVG DEP HDD CDD  WTR  SNW DPTH SPD SPD DIR MIN PSBL S-S WX    SPD DR
================================================================================

 1  60  41  51   0  14   0 0.02  0.0    0  9.0 21 230   M    M   4        30 250
 2  55  45  50  -1  15   0 2.19  0.0    0  8.6 32 280   M    M  10 123    39 290
 3  66  54  60   8   5   0 2.80  0.0    0  9.1 36 260   M    M  10 1235   51 280
 4  59  41  50  -2  15   0 0.01  0.0    0 14.9 30 280   M    M   9        41 300
 5  55  38  47  -5  18   0 0.00  0.0    0  4.6 12  40   M    M   3        16  30
 6  60  35  48  -5  17   0 0.00  0.0    0  3.9 14 130   M    M   4 1      20  70
 7  52  45  49  -4  16   0 0.29  0.0    0  2.1  9 310   M    M  10 1      13 360
 8  63  43  53   0  12   0 0.00  0.0    0  9.2 24 310   M    M   4        29 320
 9  68  32  50  -4  15   0 0.00  0.0    0  7.1 15 190   M    M   1        23 250
10  82  54  68  14   0   3 0.00  0.0    0 10.7 22 230   M    M   5        32 240
11  74  47  61   7   4   0 0.00  0.0    0  3.1 10 120   M    M   5        14 130
12  82  48  65  10   0   0 0.00  0.0    0  9.5 23 170   M    M   1        32 170
13  74  58  66  11   0   1 0.70  0.0    0 10.6 25 260   M    M   7 138    37 250
14  58  32  45 -10  20   0 0.04    M    0 12.1 22 320   M    M   8 1      28 310
15  49  30  40 -16  25   0 0.00  0.0    0  6.7 18 320   M    M   1 8      25 330
16  59  37  48  -8  17   0 0.00  0.0    0  9.6 21 150   M    M   3        30 130
17  66  37  52  -4  13   0 0.00  0.0    0  4.5 13 290   M    M   3        18 360
18  70  40  55  -2  10   0 0.00  0.0    0  1.1 10  20   M    M   1 18     14 180
19  75  39  57   0   8   0 0.00  0.0    0  4.3 13 120   M    M   1        17 120
20  82  42  62   5   3   0 0.00  0.0    0  4.4 15 140   M    M   2        22 140
21  73  57  65   7   0   0 0.42  0.0    0  3.5 17 240   M    M   8 123    22 230
22  68  41  55  -3  10   0 0.00  0.0    0  6.8 18 320   M    M   1 1      22 300
23  64  37  51  -7  14   0 0.00  0.0    0  7.0 15 100   M    M   2        20 110
24   M  51   M   M   M   M    M  0.0    0   M   M   M   M    M   7 8       M  M
25  76  49  63   4   2   0 0.00  0.0    0  6.9 20 300   M    M   1        25 300
26  77  45  61   2   4   0    T  0.0    0  4.5 15 210   M    M   3        21 200
27  81  55  68   8   0   3 0.52  0.0    0  9.5 25  90   M    M   7 13     37 210
28  75  58  67   7   0   2 0.81    M    0  9.4 22 170   M    M   5 13     32 170
29  64  50  57  -3   8   0    T    M    0 12.8 24 250   M    M   8        33 260
30  57  43  50 -11  15   0    T  0.0    0 11.0 20 240   M    M   8 1      24 260
================================================================================
SM 1944 1324       280   9  7.80     0.0 216.5          M      142
================================================================================
AV 67.0 44.1                               7.5 FASTST   M    M   5    MAX(MPH)
                                 MISC ---->  # 36 260               # 51  280
================================================================================
NOTES:
# LAST OF SEVERAL OCCURRENCES

COLUMN 17 PEAK WIND IN M.P.H.

PRELIMINARY LOCAL CLIMATOLOGICAL DATA (WS FORM: F-6) , PAGE 2

                                          STATION:  SPIRIT OF ST LOUIS MO
                                          MONTH:    APRIL
                                          YEAR:     2014
                                          LATITUDE:   38 39 N
                                          LONGITUDE:  90 38 W

[TEMPERATURE DATA]      [PRECIPITATION DATA]       SYMBOLS USED IN COLUMN 16

AVERAGE MONTHLY: 55.6   TOTAL FOR MONTH:   7.80    1 = FOG OR MIST
DPTR FM NORMAL:  -0.3   DPTR FM NORMAL:    3.66    2 = FOG REDUCING VISIBILITY
HIGHEST:    82 ON 20,12 GRTST 24HR  2.81 ON  3- 4      TO 1/4 MILE OR LESS
LOWEST:     30 ON 15                               3 = THUNDER
                        SNOW, ICE PELLETS, HAIL    4 = ICE PELLETS
                        TOTAL MONTH:   0.0 INCH    5 = HAIL
                        GRTST 24HR     0.0         6 = FREEZING RAIN OR DRIZZLE
                        GRTST DEPTH:   0           7 = DUSTSTORM OR SANDSTORM:
                                                       VSBY 1/2 MILE OR LESS
                                                   8 = SMOKE OR HAZE
[NO. OF DAYS WITH]      [WEATHER - DAYS WITH]      9 = BLOWING SNOW
                                                   X = TORNADO
MAX 32 OR BELOW:   0    0.01 INCH OR MORE:  10
MAX 90 OR ABOVE:   0    0.10 INCH OR MORE:   7
MIN 32 OR BELOW:   3    0.50 INCH OR MORE:   5
MIN  0 OR BELOW:   0    1.00 INCH OR MORE:   2

[HDD (BASE 65) ]
TOTAL THIS MO.   280    CLEAR  (SCALE 0-3)  12
DPTR FM NORMAL   -23    PTCLDY (SCALE 4-7)  13
TOTAL FM JUL 1  5405    CLOUDY (SCALE 8-10)  5
DPTR FM NORMAL   729

[CDD (BASE 65) ]
TOTAL THIS MO.     9
DPTR FM NORMAL   -20    [PRESSURE DATA]
TOTAL FM JAN 1     9    HIGHEST SLP 30.33 ON 18
DPTR FM NORMAL   -25    LOWEST  SLP 29.32 ON 28

[REMARKS]
#FINAL-04-14#
