000
CXUS53 KLSX 011600
CF6SUS
PRELIMINARY LOCAL CLIMATOLOGICAL DATA (WS FORM: F-6)

                                          STATION:   SPIRIT OF ST LOUIS MO
                                          MONTH:     MAY
                                          YEAR:      2014
                                          LATITUDE:   38 39 N
                                          LONGITUDE:  90 38 W

  TEMPERATURE IN F:       :PCPN:    SNOW:  WIND      :SUNSHINE: SKY     :PK WND
================================================================================
1   2   3   4   5  6A  6B    7    8   9   10  11  12  13   14  15   16   17  18
                                     12Z  AVG MX 2MIN
DY MAX MIN AVG DEP HDD CDD  WTR  SNW DPTH SPD SPD DIR MIN PSBL S-S WX    SPD DR
================================================================================

 1  55  38  47 -14  18   0 0.00  0.0    0  9.0 20 280   M    M   7        26 280
 2  62  44  53  -8  12   0 0.00  0.0    0  8.2 16 280   M    M   8 8      22 250
 3  76  50  63   1   2   0 0.00  0.0    0  5.1 20 230   M    M   4 8      25 240
 4  80  45  63   1   2   0 0.00  0.0    0  6.6 18  80   M    M   0 8      23  60
 5  89  53  71   9   0   6 0.00  0.0    0  4.6 15  50   M    M   3        21  50
 6  88  53  71   9   0   6 0.00  0.0    0  6.3 17  90   M    M   2        25 170
 7  85  61  73  10   0   8    T  0.0    0  7.4 21 150   M    M   3        29 150
 8  86  68  77  14   0  12 0.08  0.0    0  9.9 23 230   M    M   5 3      33 250
 9  80  55  68   5   0   3 0.01  0.0    0  8.0 22 260   M    M   4        28 260
10  83  51  67   3   0   2    T  0.0    0  5.0 38 320   M    M   3 13     49 290
11  87  62  75  11   0  10 0.11  0.0    0  7.1 17 200   M    M   5 38     26 280
12  87  68  78  14   0  13 0.25  0.0    0  9.4 22 280   M    M   7 13     30 160
13  68  50  59  -5   6   0 0.18  0.0    0  7.3 16 320   M    M   8 1      21 310
14  54  47  51 -14  14   0 0.30  0.0    0  7.9 17 350   M    M   8 1      22 340
15  64  40  52 -13  13   0 0.07  0.0    0  6.5 24 320   M    M   6 13     36 300
16  59  38  49 -16  16   0 0.00  0.0    0  8.4 24 290   M    M   3        32 260
17  63  37  50 -16  15   0 0.00  0.0    0  1.0  9  30   M    M   4 1      13 130
18  68  38  53 -13  12   0 0.00  0.0    0  4.6 13  90   M    M   1 1      18 100
19  78  50  64  -2   1   0 0.00  0.0    0  7.2 21 180   M    M   4        31 160
20  89  58  74   7   0   9 0.00  0.0    0  7.7 17 210   M    M   1        24 230
21  86  68  77  10   0  12 0.02  0.0    0  5.8 17 240   M    M   4 3      22 230
22  79  61  70   3   0   5 0.00  0.0    0  4.0 15 350   M    M   5 1      18  10
23  82  57  70   3   0   5 0.00  0.0    0  3.4 12  80   M    M   5        15  80
24  78  53  66  -2   0   1    T  0.0    0  2.6 12 120   M    M   6        16  90
25  81  62  72   4   0   7 0.31  0.0    0  3.9 13  70   M    M   6 13     18  60
26  88  62  75   7   0  10 0.41  0.0    0  3.4 31 260   M    M   7 123    40 260
27  85  61  73   4   0   8 0.00  0.0    0  2.6 10 200   M    M   5 1      15 240
28  83  62  73   4   0   8 0.00  0.0    0  2.1  7 180   M    M   3 18     10 170
29  83  64  74   5   0   9    T  0.0    0  3.1 12 180   M    M   3 1      17 190
30  84  64  74   4   0   9 0.27  0.0    0  2.3 20  70   M    M   6 1238   29  80
31  87  64  76   6   0  11 0.02  0.0    0  3.0 30  70   M    M   7 1238   38  70
================================================================================
SM 2417 1684       111 154  2.03     0.0 173.4          M      143
================================================================================
AV 78.0 54.3                               5.6 FASTST   M    M   5    MAX(MPH)
                                 MISC ---->  # 38 320               # 49  290
================================================================================
NOTES:
# LAST OF SEVERAL OCCURRENCES

COLUMN 17 PEAK WIND IN M.P.H.

PRELIMINARY LOCAL CLIMATOLOGICAL DATA (WS FORM: F-6) , PAGE 2

                                          STATION:  SPIRIT OF ST LOUIS MO
                                          MONTH:    MAY
                                          YEAR:     2014
                                          LATITUDE:   38 39 N
                                          LONGITUDE:  90 38 W

[TEMPERATURE DATA]      [PRECIPITATION DATA]       SYMBOLS USED IN COLUMN 16

AVERAGE MONTHLY: 66.1   TOTAL FOR MONTH:   2.03    1 = FOG OR MIST
DPTR FM NORMAL:   0.7   DPTR FM NORMAL:   -2.53    2 = FOG REDUCING VISIBILITY
HIGHEST:    89 ON 20, 5 GRTST 24HR  0.43 ON 12-13      TO 1/4 MILE OR LESS
LOWEST:     37 ON 17                               3 = THUNDER
                        SNOW, ICE PELLETS, HAIL    4 = ICE PELLETS
                        TOTAL MONTH:   0.0 INCH    5 = HAIL
                        GRTST 24HR     0.0         6 = FREEZING RAIN OR DRIZZLE
                        GRTST DEPTH:   0           7 = DUSTSTORM OR SANDSTORM:
                                                       VSBY 1/2 MILE OR LESS
                                                   8 = SMOKE OR HAZE
[NO. OF DAYS WITH]      [WEATHER - DAYS WITH]      9 = BLOWING SNOW
                                                   X = TORNADO
MAX 32 OR BELOW:   0    0.01 INCH OR MORE:  12
MAX 90 OR ABOVE:   0    0.10 INCH OR MORE:   7
MIN 32 OR BELOW:   0    0.50 INCH OR MORE:   0
MIN  0 OR BELOW:   0    1.00 INCH OR MORE:   0

[HDD (BASE 65) ]
TOTAL THIS MO.   111    CLEAR  (SCALE 0-3)  10
DPTR FM NORMAL    20    PTCLDY (SCALE 4-7)  21
TOTAL FM JUL 1  5516    CLOUDY (SCALE 8-10)  0
DPTR FM NORMAL   749

[CDD (BASE 65) ]
TOTAL THIS MO.   154
DPTR FM NORMAL    51    [PRESSURE DATA]
TOTAL FM JAN 1   163    HIGHEST SLP 30.27 ON 18
DPTR FM NORMAL    26    LOWEST  SLP 29.63 ON  6

[REMARKS]
#FINAL-05-14#
