000
CXUS53 KLSX 011600
CF6SUS
PRELIMINARY LOCAL CLIMATOLOGICAL DATA (WS FORM: F-6)

                                          STATION:   SPIRIT OF ST LOUIS MO
                                          MONTH:     JANUARY
                                          YEAR:      2014
                                          LATITUDE:   38 39 N
                                          LONGITUDE:  90 38 W

  TEMPERATURE IN F:       :PCPN:    SNOW:  WIND      :SUNSHINE: SKY     :PK WND
================================================================================
1   2   3   4   5  6A  6B    7    8   9   10  11  12  13   14  15   16   17  18
                                     12Z  AVG MX 2MIN
DY MAX MIN AVG DEP HDD CDD  WTR  SNW DPTH SPD SPD DIR MIN PSBL S-S WX    SPD DR
================================================================================

 1  47  22  35   4  30   0    M    M    0  4.2 15 340   M    M   5 1      21 340
 2  23   1  12 -19  53   0    M    M    M 11.0 22 310   M    M   6 1      26 320
 3  30  -3  14 -17  51   0 0.00  0.0    M  6.6 15 160   M    M   0        24 170
 4  46  26  36   5  29   0    T  0.0    M  8.2 20 200   M    M   5        29 210
 5  34   2  18 -13  47   0    M    M    M 14.4 26 310   M    M   9 12689  36 320
 6   2 -11  -4 -35  69   0 0.00  0.0    M 13.3 26 310   M    M   1 8      35 310
 7  26 -11   8 -23  57   0 0.00  0.0    M  5.4 14 160   M    M   2        21 160
 8  27  18  23  -8  42   0 0.00  0.0    M  3.8 10  40   M    M   5        13  40
 9  34  20  27  -4  38   0    M    M    M  4.0  8  90   M    M  10 18     10 160
10  48  33  41  10  24   0 0.67  0.0    M  6.5 16 170   M    M  10 13     23 190
11  48  31  40   9  25   0    T  0.0    M 11.7 21 250   M    M   5 18     25 250
12  61  23  42  11  23   0 0.00  0.0    0  7.6 21 170   M    M   0        30 180
13  56  26  41  10  24   0 0.00  0.0    0  8.2 20 300   M    M   2        25 310
14  49  22  36   5  29   0    T  0.0    0 11.5 28 280   M    M   3        35 290
15  30  20  25  -6  40   0 0.00  0.0    0  9.8 21 290   M    M   5        26 290
16  47  24  36   5  29   0 0.01    M    0 12.1 31 300   M    M   9        39 300
17  24  10  17 -14  48   0    T    M    M 10.2 29 290   M    M   7 8      38 280
18  43   9  26  -5  39   0 0.03    M    0  9.6 28 300   M    M   8 1      37 290
19  53  21  37   6  28   0 0.00  0.0    0 12.6 23 240   M    M   2        31 240
20  52  25  39   8  26   0 0.00  0.0    0  6.3 21 300   M    M   4 1      29 310
21  40  10  25  -6  40   0    M    M    M 11.4 35 320   M    M   7 1      46 310
22  31  12  22  -9  43   0    T    M    M  9.6 25 340   M    M   9        31 320
23  16   0   8 -23  57   0 0.00  0.0    M  9.6 22 330   M    M   2        29 330
24  38  -1  19 -12  46   0 0.00  0.0    M 10.7 23 220   M    M   3        33 220
25  44  21  33   2  32   0    T  0.0    0 13.2 35 300   M    M   6        41 300
26  59  25  42  10  23   0    T    M    0 14.1 40 330   M    M   3        52 320
27  25   7  16 -16  49   0 0.00  0.0    0 12.9 28 320   M    M   2        38 310
28  19   2  11 -21  54   0 0.00  0.0    0  2.8 13 310   M    M   0        16 320
29  36   1  19 -13  46   0 0.00  0.0    0  6.2 18 240   M    M   0 18     24 250
30  47  25  36   4  29   0 0.00  0.0    0  9.0 28 210   M    M   5        37 220
31  38  28  33   1  32   0 0.00  0.0    0  6.9 13  80   M    M  10 18     15  40
================================================================================
SM 1173  438      1202   0  0.71     0.0 283.4          M      145
================================================================================
AV 37.8 14.1                               9.1 FASTST   M    M   5    MAX(MPH)
                                 MISC ---->  # 40 330               # 52  320
================================================================================
NOTES:
# LAST OF SEVERAL OCCURRENCES

COLUMN 17 PEAK WIND IN M.P.H.

PRELIMINARY LOCAL CLIMATOLOGICAL DATA (WS FORM: F-6) , PAGE 2

                                          STATION:  SPIRIT OF ST LOUIS MO
                                          MONTH:    JANUARY
                                          YEAR:     2014
                                          LATITUDE:   38 39 N
                                          LONGITUDE:  90 38 W

[TEMPERATURE DATA]      [PRECIPITATION DATA]       SYMBOLS USED IN COLUMN 16

AVERAGE MONTHLY: 26.0   TOTAL FOR MONTH:   0.71    1 = FOG OR MIST
DPTR FM NORMAL:  -5.1   DPTR FM NORMAL:   -1.64    2 = FOG REDUCING VISIBILITY
HIGHEST:    61 ON 12    GRTST 24HR  0.67 ON 10-10      TO 1/4 MILE OR LESS
LOWEST:    -11 ON  7, 6                            3 = THUNDER
                        SNOW, ICE PELLETS, HAIL    4 = ICE PELLETS
                        TOTAL MONTH:   0.0 INCH    5 = HAIL
                        GRTST 24HR     0.0         6 = FREEZING RAIN OR DRIZZLE
                        GRTST DEPTH:   0           7 = DUSTSTORM OR SANDSTORM:
                                                       VSBY 1/2 MILE OR LESS
                                                   8 = SMOKE OR HAZE
[NO. OF DAYS WITH]      [WEATHER - DAYS WITH]      9 = BLOWING SNOW
                                                   X = TORNADO
MAX 32 OR BELOW:  11    0.01 INCH OR MORE:   3
MAX 90 OR ABOVE:   0    0.10 INCH OR MORE:   1
MIN 32 OR BELOW:  30    0.50 INCH OR MORE:   1
MIN  0 OR BELOW:   5    1.00 INCH OR MORE:   0

[HDD (BASE 65) ]
TOTAL THIS MO.  1202    CLEAR  (SCALE 0-3)  12
DPTR FM NORMAL   153    PTCLDY (SCALE 4-7)  13
TOTAL FM JUL 1  3266    CLOUDY (SCALE 8-10)  6
DPTR FM NORMAL   335

[CDD (BASE 65) ]
TOTAL THIS MO.     0
DPTR FM NORMAL     0    [PRESSURE DATA]
TOTAL FM JAN 1     0    HIGHEST SLP 30.80 ON 23
DPTR FM NORMAL     0    LOWEST  SLP 29.54 ON 11

[REMARKS]
#FINAL-01-14#
