000
CXUS53 KLSX 011600
CF6SUS
PRELIMINARY LOCAL CLIMATOLOGICAL DATA (WS FORM: F-6)

                                          STATION:   SPIRIT OF ST LOUIS MO
                                          MONTH:     NOVEMBER
                                          YEAR:      2015
                                          LATITUDE:   38 39 N
                                          LONGITUDE:  90 38 W

  TEMPERATURE IN F:       :PCPN:    SNOW:  WIND      :SUNSHINE: SKY     :PK WND
================================================================================
1   2   3   4   5  6A  6B    7    8   9   10  11  12  13   14  15   16   17  18
                                     12Z  AVG MX 2MIN
DY MAX MIN AVG DEP HDD CDD  WTR  SNW DPTH SPD SPD DIR MIN PSBL S-S WX    SPD DR
================================================================================

 1  71  41  56   4   9   0 0.00  0.0    0  2.4 10 280   M    M   2 128    13 290
 2  70  38  54   2  11   0 0.00  0.0    0  3.0  9 140   M    M   3 1      14 140
 3  70  52  61  10   4   0 0.00  0.0    0  3.4 10 120   M    M   7 128    15 130
 4  73  50  62  11   3   0 0.00  0.0    0  2.9 12 190   M    M   9 128    17 190
 5  68  57  63  13   2   0 0.92  0.0    0  6.0 16 160   M    M   8 13     23 160
 6  68  41  55   5  10   0 0.00  0.0    0  6.8 23 310   M    M   3        31 310
 7  60  34  47  -3  18   0 0.00  0.0    0  2.2 13 340   M    M   1        17 310
 8  57  29  43  -6  22   0 0.00  0.0    0  1.2  9  50   M    M   0 1      13  10
 9  59  28  44  -5  21   0 0.00  0.0    0  0.5  8 100   M    M   0 1       9 100
10  66  29  48   0  17   0 0.00  0.0    0  2.9  9 100   M    M   0        13 100
11  68  45  57   9   8   0 0.04  0.0    0 10.9 36 240   M    M   5 1      47 250
12  61  47  54   7  11   0 0.00  0.0    0 17.6 32 260   M    M   4        46 280
13  60  32  46  -1  19   0 0.00  0.0    0  7.2 21 290   M    M   0        25 290
14  70  29  50   4  15   0 0.00  0.0    0  3.7 22 250   M    M   0        25 250
15  67  33  50   4  15   0 0.00  0.0    0  4.7 16 210   M    M   3        23 210
16  57  49  53   8  12   0 1.39  0.0    0  5.9 16 210   M    M  10 1      22 220
17  66  53  60  15   5   0 2.46  0.0    0 10.3 21 110   M    M  10 13     33 150
18  66  48  57  13   8   0 0.02  0.0    0 12.1 25 210   M    M   4 1      37 200
19  55  31  43  -1  22   0 0.00  0.0    0  8.5 21 290   M    M   1        26 290
20  54  27  41  -2  24   0 0.03  0.0    0  5.2 16 120   M    M   5 8      24 130
21  45  25  35  -8  30   0 0.38    M    0  9.3 29 320   M    M   6 1      37 310
22  44  19  32 -10  33   0 0.00  0.0    0  3.6 14 200   M    M   2        20 190
23  60  31  46   4  19   0 0.00  0.0    0  6.1 14 230   M    M   1        21 240
24  66  29  48   7  17   0 0.00  0.0    0  3.2 14 180   M    M   2        23 170
25  58  47  53  12  12   0 0.02    M    0  7.1 16 180   M    M   7        25 180
26  70  57  64  24   1   0    T  0.0    0 11.3 21 200   M    M   8        30 210
27  66  39  53  13  12   0 1.20  0.0    0  7.3 15  20   M    M  10 1      21  20
28  39  37  38  -2  27   0 0.01  0.0    0  7.6 15  20   M    M  10 1      18  40
29  41  38  40   1  25   0 0.09  0.0    0  6.2 13  40   M    M  10 1      16  50
30  46  39  43   4  22   0 0.05  0.0    0  3.1  9  60   M    M  10 1      10 280
================================================================================
SM 1821 1154       454   0  6.61     0.0 182.2          M      141
================================================================================
AV 60.7 38.5                               6.1 FASTST   M    M   5    MAX(MPH)
                                 MISC ---->  # 36 240               # 47  250
================================================================================
NOTES:
# LAST OF SEVERAL OCCURRENCES

COLUMN 17 PEAK WIND IN M.P.H.

PRELIMINARY LOCAL CLIMATOLOGICAL DATA (WS FORM: F-6) , PAGE 2

                                          STATION:  SPIRIT OF ST LOUIS MO
                                          MONTH:    NOVEMBER
                                          YEAR:     2015
                                          LATITUDE:   38 39 N
                                          LONGITUDE:  90 38 W

[TEMPERATURE DATA]      [PRECIPITATION DATA]       SYMBOLS USED IN COLUMN 16

AVERAGE MONTHLY: 49.6   TOTAL FOR MONTH:   6.61    1 = FOG OR MIST
DPTR FM NORMAL:   4.1   DPTR FM NORMAL:    2.80    2 = FOG REDUCING VISIBILITY
HIGHEST:    73 ON  4    GRTST 24HR  2.48 ON 16-17      TO 1/4 MILE OR LESS
LOWEST:     19 ON 22                               3 = THUNDER
                        SNOW, ICE PELLETS, HAIL    4 = ICE PELLETS
                        TOTAL MONTH:   0.0 INCH    5 = HAIL
                        GRTST 24HR     0.0         6 = FREEZING RAIN OR DRIZZLE
                        GRTST DEPTH:   0           7 = DUSTSTORM OR SANDSTORM:
                                                       VSBY 1/2 MILE OR LESS
                                                   8 = SMOKE OR HAZE
[NO. OF DAYS WITH]      [WEATHER - DAYS WITH]      9 = BLOWING SNOW
                                                   X = TORNADO
MAX 32 OR BELOW:   0    0.01 INCH OR MORE:  12
MAX 90 OR ABOVE:   0    0.10 INCH OR MORE:   5
MIN 32 OR BELOW:  11    0.50 INCH OR MORE:   4
MIN  0 OR BELOW:   0    1.00 INCH OR MORE:   3

[HDD (BASE 65) ]
TOTAL THIS MO.   454    CLEAR  (SCALE 0-3)  13
DPTR FM NORMAL  -135    PTCLDY (SCALE 4-7)  10
TOTAL FM JUL 1   703    CLOUDY (SCALE 8-10)  7
DPTR FM NORMAL  -215

[CDD (BASE 65) ]
TOTAL THIS MO.     0
DPTR FM NORMAL    -2    [PRESSURE DATA]
TOTAL FM JAN 1  1429    HIGHEST SLP 30.48 ON  8
DPTR FM NORMAL    68    LOWEST  SLP 29.44 ON 18

[REMARKS]
#FINAL-11-15#
