000
CXUS53 KLSX 011600
CF6SUS
PRELIMINARY LOCAL CLIMATOLOGICAL DATA (WS FORM: F-6)

                                          STATION:   SPIRIT OF ST LOUIS MO
                                          MONTH:     JANUARY
                                          YEAR:      2011
                                          LATITUDE:   38 39 N
                                          LONGITUDE:  90 38 W

  TEMPERATURE IN F:       :PCPN:    SNOW:  WIND      :SUNSHINE: SKY     :PK WND
================================================================================
1   2   3   4   5  6A  6B    7    8   9   10  11  12  13   14  15   16   17  18
                                     12Z  AVG MX 2MIN
DY MAX MIN AVG DEP HDD CDD  WTR  SNW DPTH SPD SPD DIR MIN PSBL S-S WX    SPD DR
================================================================================

 1  37  19  28   M  37   0 0.00  0.0    0 11.0 23 260   M    M   2        30 250
 2  34  14  24   M  41   0 0.00  0.0    0  5.4 13 250   M    M   0        18 260
 3  49  23  36   M  29   0 0.00  0.0    0  5.9 13 200   M    M   1        17 170
 4  38  19  29   M  36   0 0.00  0.0    0  4.9 15 260   M    M   0        21 260
 5  44  20  32   M  33   0 0.00  0.0    0  2.2 13 190   M    M   3        16 230
 6  35  21  28   M  37   0 0.00  0.0    0  5.1 15 290   M    M   4 18     17 300
 7  37  26  32   M  33   0    T    M    M 10.1 31 310   M    M  10 18     41 320
 8  25  10  18   M  47   0    T    M    M  9.5 28 290   M    M   4        39 280
 9  29   9  19   M  46   0 0.00  0.0    M  4.9 13 110   M    M   5        16 110
10  30  26  28   M  37   0 0.09    M    0  6.3 15  90   M    M  10 18     20  80
11  27  15  21   M  44   0 0.05    M    M 12.2 26 250   M    M  10 189    31 250
12  20   7  14   M  51   0    T    M    M  9.6 20 280   M    M   6 8      24 280
13  29   3  16   M  49   0 0.00  0.0    M  3.9  9 120   M    M   6        12 160
14  38  19  29   M  36   0 0.00  0.0    M  4.5 13 250   M    M   5        17 240
15  40  24  32   M  33   0 0.00  0.0    M  8.6 16 330   M    M   5        21 320
16  30  22  26   M  39   0 0.00  0.0    M  4.8 10 360   M    M   9 8      13  20
17  43  25  34   M  31   0    T  0.0    M  5.4 15 180   M    M   7 18     22 200
18  41  26  34   M  31   0 0.04    M    0  9.5 17 310   M    M  10 18     22 320
19  31  23  27   M  38   0 0.15    M    0  7.1 13 320   M    M  10 1      17 290
20  25   8  17   M  48   0 0.17    M    M  7.7 13 340   M    M   6 1      15 280
21  20  -9   6   M  59   0 0.00  0.0    M  3.2  9 290   M    M   6        12 300
22  34  15  25   M  40   0 0.00  0.0    M  1.5  9  20   M    M   8        10  20
23  34  22  28   M  37   0 0.01    M    M  8.3 16  70   M    M  10 18     18  70
24  37  15  26   M  39   0    T    M    M  3.7 13 260   M    M   6 168    15 260
25  36  13  25   M  40   0 0.00  0.0    M  1.2 10 330   M    M   6 18     13 320
26  34  10  22   M  43   0 0.00  0.0    M  3.4  9 320   M    M   5 1      12 320
27  41  11  26   M  39   0 0.00  0.0    M  2.8 12 240   M    M   5 128    14 230
28  45  17  31   M  34   0 0.00  0.0    M  1.8  7 140   M    M   1 18      9 140
29  47  24  36   M  29   0 0.00  0.0    M  4.4  9  50   M    M   2 1       M  M
30  40  25  33   M  32   0 0.00  0.0    M  5.2 13  10   M    M   3 18     16  40
31  31  27  29   M  36   0 0.42    M    M  8.7 17  80   M    M   9 16     21  70
================================================================================
SM 1081  529      1204   0  0.93     0.0 182.8          M      174
================================================================================
AV 34.9 17.1                               5.9 FASTST   M    M   6    MAX(MPH)
                                 MISC ---->  # 31 310               # 41  320
================================================================================
NOTES:
# LAST OF SEVERAL OCCURRENCES

COLUMN 17 PEAK WIND IN M.P.H.

PRELIMINARY LOCAL CLIMATOLOGICAL DATA (WS FORM: F-6) , PAGE 2

                                          STATION:  SPIRIT OF ST LOUIS MO
                                          MONTH:    JANUARY
                                          YEAR:     2011
                                          LATITUDE:   38 39 N
                                          LONGITUDE:  90 38 W

[TEMPERATURE DATA]      [PRECIPITATION DATA]       SYMBOLS USED IN COLUMN 16

AVERAGE MONTHLY: 26.0   TOTAL FOR MONTH:   0.93    1 = FOG OR MIST
DPTR FM NORMAL:     M   DPTR FM NORMAL:       M    2 = FOG REDUCING VISIBILITY
HIGHEST:    49 ON  3    GRTST 24HR  0.42 ON 30-31      TO 1/4 MILE OR LESS
LOWEST:     -9 ON 21                               3 = THUNDER
                        SNOW, ICE PELLETS, HAIL    4 = ICE PELLETS
                        TOTAL MONTH:   0.0 INCH    5 = HAIL
                        GRTST 24HR     0.0         6 = FREEZING RAIN OR DRIZZLE
                        GRTST DEPTH:   0           7 = DUSTSTORM OR SANDSTORM:
                                                       VSBY 1/2 MILE OR LESS
                                                   8 = SMOKE OR HAZE
[NO. OF DAYS WITH]      [WEATHER - DAYS WITH]      9 = BLOWING SNOW
                                                   X = TORNADO
MAX 32 OR BELOW:  11    0.01 INCH OR MORE:   7
MAX 90 OR ABOVE:   0    0.10 INCH OR MORE:   3
MIN 32 OR BELOW:  31    0.50 INCH OR MORE:   0
MIN  0 OR BELOW:   1    1.00 INCH OR MORE:   0

[HDD (BASE 65) ]
TOTAL THIS MO.  1204    CLEAR  (SCALE 0-3)   6
DPTR FM NORMAL     M    PTCLDY (SCALE 4-7)  17
TOTAL FM JUL 1  3119    CLOUDY (SCALE 8-10)  8
DPTR FM NORMAL     M

[CDD (BASE 65) ]
TOTAL THIS MO.     0
DPTR FM NORMAL     M    [PRESSURE DATA]
TOTAL FM JAN 1     0    HIGHEST SLP 30.69 ON 12
DPTR FM NORMAL     M    LOWEST  SLP 29.51 ON  7

[REMARKS]
#FINAL-01-11#
