000
CXUS53 KLSX 011600
CF6SUS
PRELIMINARY LOCAL CLIMATOLOGICAL DATA (WS FORM: F-6)

                                          STATION:   SPIRIT OF ST LOUIS MO
                                          MONTH:     DECEMBER
                                          YEAR:      2010
                                          LATITUDE:   38 39 N
                                          LONGITUDE:  90 38 W

  TEMPERATURE IN F:       :PCPN:    SNOW:  WIND      :SUNSHINE: SKY     :PK WND
================================================================================
1   2   3   4   5  6A  6B    7    8   9   10  11  12  13   14  15   16   17  18
                                     12Z  AVG MX 2MIN
DY MAX MIN AVG DEP HDD CDD  WTR  SNW DPTH SPD SPD DIR MIN PSBL S-S WX    SPD DR
================================================================================

 1  37  22  30   M  35   0 0.00  0.0    0  9.2 22 280   M    M   4        28 280
 2  49  22  36   M  29   0 0.00  0.0    0  1.5 10 170   M    M   4        14 170
 3  38  23  31   M  34   0 0.00  0.0    0  4.6 12 110   M    M   3 18     15 120
 4  37  28  33   M  32   0 0.00  0.0    0 12.3 25 320   M    M   7 18     33 320
 5  30  19  25   M  40   0 0.00  0.0    0 10.8 18 300   M    M   6        22 300
 6  32  16  24   M  41   0 0.00  0.0    0  8.5 21 290   M    M   2        26 300
 7  29  14  22   M  43   0 0.00  0.0    0  4.0 12 330   M    M   1 18     16 340
 8  35  12  24   M  41   0 0.00  0.0    0  1.9  8 310   M    M   0 1      12 330
 9  41  16  29   M  36   0 0.00  0.0    0  5.1 15 170   M    M   5        23 170
10  56  23  40   M  25   0 0.00  0.0    0  2.6 12 230   M    M   3 18     14 220
11  46  19  33   M  32   0 0.29    M    0 12.2 30 280   M    M   9 1      38 280
12  24  12  18   M  47   0 0.03    M    0 20.4 28 310   M    M   9 19     43 300
13  18   3  11   M  54   0 0.00  0.0    0  7.8 18 300   M    M   1        24 300
14  22  -1  11   M  54   0 0.00  0.0    0  2.9  8 140   M    M   7        13 120
15  30  22  26   M  39   0 0.01  0.0    M  7.9 16 100   M    M  10 16     22 110
16  30  28  29   M  36   0 0.00  0.0    M  8.8 17 310   M    M  10 1      22 310
17  32  16  24   M  41   0 0.00  0.0    M  5.3 14 310   M    M   3 18     17 290
18  36  16  26   M  39   0 0.00  0.0    M  2.8 10 250   M    M   4 18     13 280
19  39  21  30   M  35   0    T    M    M  1.3  7  80   M    M   9 1       9 110
20  46  31  39   M  26   0 0.00  0.0    0  6.7 16 130   M    M   8        24 160
21  44  36  40   M  25   0 0.00  0.0    0  3.4 16 330   M    M  10 18     22 340
22  35  24  30   M  35   0 0.00  0.0    0  9.1 16 310   M    M   8        21 310
23  36  20  28   M  37   0 0.00  0.0    0  4.0 10  90   M    M   7 18     13  90
24  35  31  33   M  32   0 0.19    M    0  4.4  8 100   M    M  10 12     13 140
25  31  25  28   M  37   0 0.01    M    M 10.6 18 330   M    M  10 18     23 330
26  29  13  21   M  44   0    T    T    M  8.8 17 320   M    M   6 1      22 320
27  27  12  20   M  45   0    T    T    M  3.4 10 330   M    M   6 1      13 160
28  39  10  25   M  40   0 0.00  0.0    M  2.3 13 250   M    M   4 1      16 250
29  46  24  35   M  30   0 0.03  0.0    M  3.8 12 140   M    M   8 1      17 140
30  59  44  52   M  13   0 0.00  0.0    0  9.5 23 190   M    M  10 1      38 210
31  65  37  51   M  14   0 0.31    M    0 10.8 28 200   M    M   9 13     41 190
================================================================================
SM 1153  638      1111   0  0.87    T    206.7          M      193
================================================================================
AV 37.2 20.6                               6.7 FASTST   M    M   6    MAX(MPH)
                                 MISC ---->  # 30 280                 43    M
================================================================================
NOTES:
# LAST OF SEVERAL OCCURRENCES

COLUMN 17 PEAK WIND IN M.P.H.

PRELIMINARY LOCAL CLIMATOLOGICAL DATA (WS FORM: F-6) , PAGE 2

                                          STATION:  SPIRIT OF ST LOUIS MO
                                          MONTH:    DECEMBER
                                          YEAR:     2010
                                          LATITUDE:   38 39 N
                                          LONGITUDE:  90 38 W

[TEMPERATURE DATA]      [PRECIPITATION DATA]       SYMBOLS USED IN COLUMN 16

AVERAGE MONTHLY: 28.9   TOTAL FOR MONTH:   0.87    1 = FOG OR MIST
DPTR FM NORMAL:     M   DPTR FM NORMAL:       M    2 = FOG REDUCING VISIBILITY
HIGHEST:    65 ON 31    GRTST 24HR  0.31 ON 31-31      TO 1/4 MILE OR LESS
LOWEST:     -1 ON 14                               3 = THUNDER
                        SNOW, ICE PELLETS, HAIL    4 = ICE PELLETS
                        TOTAL MONTH:    T          5 = HAIL
                        GRTST 24HR    T  ON 27-27  6 = FREEZING RAIN OR DRIZZLE
                        GRTST DEPTH:   0           7 = DUSTSTORM OR SANDSTORM:
                                                       VSBY 1/2 MILE OR LESS
                                                   8 = SMOKE OR HAZE
[NO. OF DAYS WITH]      [WEATHER - DAYS WITH]      9 = BLOWING SNOW
                                                   X = TORNADO
MAX 32 OR BELOW:  12    0.01 INCH OR MORE:   7
MAX 90 OR ABOVE:   0    0.10 INCH OR MORE:   3
MIN 32 OR BELOW:  28    0.50 INCH OR MORE:   0
MIN  0 OR BELOW:   1    1.00 INCH OR MORE:   0

[HDD (BASE 65) ]
TOTAL THIS MO.  1111    CLEAR  (SCALE 0-3)   6
DPTR FM NORMAL     M    PTCLDY (SCALE 4-7)  14
TOTAL FM JUL 1  1915    CLOUDY (SCALE 8-10) 11
DPTR FM NORMAL     M

[CDD (BASE 65) ]
TOTAL THIS MO.     0
DPTR FM NORMAL     M    [PRESSURE DATA]
TOTAL FM JAN 1  1691    HIGHEST SLP 30.55 ON 23
DPTR FM NORMAL     M    LOWEST  SLP 29.56 ON 11

[REMARKS]
#FINAL-12-10#
